000
CXUS53 KAPX 010631
CF6APN
PRELIMINARY LOCAL CLIMATOLOGICAL DATA (WS FORM: F-6)
STATION: ALPENA MI
MONTH: JUNE
YEAR: 2020
LATITUDE: 45 4 N
LONGITUDE: 83 34 W
TEMPERATURE IN F: :PCPN: SNOW: WIND :SUNSHINE: SKY :PK WND
================================================================================
1 2 3 4 5 6A 6B 7 8 9 10 11 12 13 14 15 16 17 18
12Z AVG MX 2MIN
DY MAX MIN AVG DEP HDD CDD WTR SNW DPTH SPD SPD DIR MIN PSBL S-S WX SPD DR
================================================================================
1 78 37 58 0 7 0 0.06 0.0 0 6.7 15 220 M M 3 25 220
2 92 55 74 16 0 9 0.07 0.0 0 5.9 22 360 M M 3 1 29 300
3 84 59 72 14 0 7 0.00 0.0 0 6.5 18 330 M M 2 1 27 320
4 76 54 65 6 0 0 0.00 0.0 0 5.4 14 130 M M 1 18 100
5 80 49 65 6 0 0 0.16 0.0 0 2.8 12 330 M M 3 1 14 120
6 72 51 62 3 3 0 0.00 0.0 0 9.7 21 350 M M 2 29 10
7 62 41 52 -8 13 0 0.00 0.0 0 4.0 12 100 M M 1 17 110
8 75 46 61 1 4 0 0.00 0.0 0 5.3 14 100 M M 3 17 100
9 88 52 70 10 0 5 0.00 0.0 0 7.2 17 130 M M 0 24 140
10 90 61 76 16 0 11 0.70 0.0 0 14.3 24 240 M M 5 13 41 220
11 74 48 61 0 4 0 0.06 0.0 0 12.0 24 350 M M 6 1 38 260
12 65 44 55 -6 10 0 0.00 0.0 0 10.4 18 360 M M 4 27 350
13 66 40 53 -9 12 0 0.00 0.0 0 5.2 15 120 M M 0 34 110
14 68 38 53 -9 12 0 0.00 0.0 0 4.4 16 120 M M 0 25 110
15 70 36 53 -9 12 0 0.00 0.0 0 5.3 16 120 M M 0 23 150
16 81 39 60 -2 5 0 0.00 0.0 0 5.3 17 120 M M 0 26 90
17 84 47 66 3 0 1 0.00 0.0 0 4.8 17 120 M M M 23 130
18 85 48 67 4 0 2 0.00 0.0 0 4.3 15 110 M M 0 20 110
19 88 52 70 7 0 5 0.00 0.0 0 3.5 15 100 M M 0 20 90
20 88 56 72 8 0 7 T 0.0 0 3.5 15 310 M M 3 1 26 320
21 81 57 69 5 0 4 0.02 0.0 0 6.9 15 10 M M 6 13 19 20
22 81 51 66 2 0 1 0.12 0.0 0 4.3 14 110 M M 4 12 20 110
23 79 57 68 4 0 3 1.15 0.0 0 8.1 23 320 M M 7 123 38 320
24 70 53 62 -3 3 0 0.03 0.0 0 9.3 20 270 M M 4 1 34 290
25 82 50 66 1 0 1 0.00 0.0 0 5.5 17 270 M M 2 27 320
26 86 53 70 5 0 5 0.00 0.0 0 5.3 15 230 M M 1 22 220
27 85 64 75 10 0 10 0.00 0.0 0 7.6 18 320 M M 5 27 290
28 85 59 72 6 0 7 0.00 0.0 0 3.7 12 110 M M 1 16 160
29 87 55 71 5 0 6 0.00 0.0 0 3.6 14 100 M M 0 19 100
30 86 53 70 4 0 5 0.00 0.0 0 3.9 12 120 M M 0 1 16 100
================================================================================
SM 2388 1505 85 89 2.37 0.0 184.7 M 66
================================================================================
AV 79.6 50.2 6.2 FASTST M M 2 MAX(MPH)
MISC ----> # 24 240 # 41 220
================================================================================
NOTES:
# LAST OF SEVERAL OCCURRENCES
COLUMN 17 PEAK WIND IN M.P.H.
PRELIMINARY LOCAL CLIMATOLOGICAL DATA (WS FORM: F-6) , PAGE 2
STATION: ALPENA MI
MONTH: JUNE
YEAR: 2020
LATITUDE: 45 4 N
LONGITUDE: 83 34 W
[TEMPERATURE DATA] [PRECIPITATION DATA] SYMBOLS USED IN COLUMN 16
AVERAGE MONTHLY: 64.9 TOTAL FOR MONTH: 2.37 1 = FOG OR MIST
DPTR FM NORMAL: 2.8 DPTR FM NORMAL: -0.25 2 = FOG REDUCING VISIBILITY
HIGHEST: 92 ON 2 GRTST 24HR 1.15 ON 23-23 TO 1/4 MILE OR LESS
LOWEST: 36 ON 15 3 = THUNDER
SNOW, ICE PELLETS, HAIL 4 = ICE PELLETS
TOTAL MONTH: 0.0 INCH 5 = HAIL
GRTST 24HR 0.0 6 = FREEZING RAIN OR DRIZZLE
GRTST DEPTH: 0 7 = DUSTSTORM OR SANDSTORM:
VSBY 1/2 MILE OR LESS
8 = SMOKE OR HAZE
[NO. OF DAYS WITH] [WEATHER - DAYS WITH] 9 = BLOWING SNOW
X = TORNADO
MAX 32 OR BELOW: 0 0.01 INCH OR MORE: 9
MAX 90 OR ABOVE: 2 0.10 INCH OR MORE: 4
MIN 32 OR BELOW: 0 0.50 INCH OR MORE: 2
MIN 0 OR BELOW: 0 1.00 INCH OR MORE: 1
[HDD (BASE 65) ]
TOTAL THIS MO. 85 CLEAR (SCALE 0-3) 19
DPTR FM NORMAL -58 PTCLDY (SCALE 4-7) 10
TOTAL FM JUL 1 7583 CLOUDY (SCALE 8-10) 0
DPTR FM NORMAL -517
[CDD (BASE 65) ]
TOTAL THIS MO. 89
DPTR FM NORMAL 33 [PRESSURE DATA]
TOTAL FM JAN 1 112 HIGHEST SLP M ON M
DPTR FM NORMAL 43 LOWEST SLP 29.35 ON 10
[REMARKS]
#FINAL-06-20#
#FINAL-06-20#