000
CXUS53 KAPX 010730
CF6APN
PRELIMINARY LOCAL CLIMATOLOGICAL DATA (WS FORM: F-6)
STATION: ALPENA MI
MONTH: JULY
YEAR: 2023
LATITUDE: 45 4 N
LONGITUDE: 83 34 W
TEMPERATURE IN F: :PCPN: SNOW: WIND :SUNSHINE: SKY :PK WND
================================================================================
1 2 3 4 5 6A 6B 7 8 9 10 11 12 13 14 15 16 17 18
12Z AVG MX 2MIN
DY MAX MIN AVG DEP HDD CDD WTR SNW DPTH SPD SPD DIR MIN PSBL S-S WX SPD DR
================================================================================
1 83 56 70 3 0 5 0.02 0.0 0 3.4 20 30 M M 4 1238 29 340
2 83 59 71 4 0 6 0.00 0.0 0 4.6 10 120 M M 2 12 15 10
3 87 59 73 6 0 8 0.00 0.0 0 3.3 12 100 M M 1 1 16 100
4 88 63 76 9 0 11 0.00 0.0 0 4.3 16 120 M M 1 22 120
5 90 62 76 9 0 11 0.48 0.0 0 6.1 28 360 M M 4 138 36 350
6 79 58 69 1 0 4 0.13 0.0 0 7.3 17 340 M M 7 1 24 330
7 79 51 65 -3 0 0 0.00 0.0 0 5.8 17 350 M M 1 24 340
8 67 53 60 -8 5 0 0.30 0.0 0 2.2 10 170 M M 5 12 11 160
9 77 49 63 -5 2 0 0.00 0.0 0 4.0 14 130 M M 4 12 20 130
10 89 52 71 3 0 6 T 0.0 0 7.4 20 220 M M 0 30 220
11 78 57 68 0 0 3 0.04 0.0 0 6.9 16 330 M M 3 13 28 340
12 73 53 63 -5 2 0 T 0.0 0 3.3 10 110 M M 3 14 330
13 79 54 67 -1 0 2 T 0.0 0 4.9 13 130 M M 4 18 330
14 78 51 65 -3 0 0 T 0.0 0 5.2 17 170 M M 3 13 24 170
15 79 60 70 2 0 5 T 0.0 0 3.8 17 130 M M 4 13 23 110
16 79 54 67 -1 0 2 0.08 0.0 0 3.3 21 140 M M 4 13 26 140
17 76 56 66 -3 0 1 0.10 0.0 0 6.8 18 250 M M 5 1 27 240
18 74 50 62 -7 3 0 0.64 0.0 0 3.0 14 100 M M 5 1 18 100
19 76 54 65 -4 0 0 T 0.0 0 4.2 14 110 M M 6 1 20 90
20 76 62 69 0 0 4 0.08 0.0 M 5.6 15 110 M M 7 13 25 260
21 82 56 69 0 0 4 0.00 0.0 0 7.6 20 360 M M 3 30 350
22 79 55 67 -2 0 2 0.00 0.0 0 4.4 12 90 M M 2 15 90
23 83 53 68 -1 0 3 T 0.0 0 3.3 15 230 M M 2 3 23 230
24 82 54 68 -1 0 3 0.23 0.0 0 3.3 16 130 M M 2 123 21 120
25 81 55 68 -1 0 3 0.00 0.0 0 3.3 13 100 M M 3 1 16 100
26 85 61 73 4 0 8 3.49 0.0 0 6.1 17 330 M M 5 138 23 240
27 88 65 77 8 0 12 0.00 0.0 0 4.3 13 170 M M 5 128 18 280
28 89 67 78 9 0 13 T 0.0 0 5.9 16 350 M M 2 22 350
29 79 60 70 1 0 5 T 0.0 0 7.1 17 350 M M 6 22 350
30 78 53 66 -2 0 1 0.02 0.0 0 5.6 16 250 M M 3 3 23 310
31 77 55 66 -2 0 1 0.00 0.0 0 M M M M M 2 M M
================================================================================
SM 2493 1747 12 123 5.61 0.0 146.3 M 108
================================================================================
AV 80.4 56.4 4.9 FASTST M M 3 MAX(MPH)
MISC ----> 28 360 36 350
================================================================================
NOTES:
# LAST OF SEVERAL OCCURRENCES
COLUMN 17 PEAK WIND IN M.P.H.
PRELIMINARY LOCAL CLIMATOLOGICAL DATA (WS FORM: F-6) , PAGE 2
STATION: ALPENA MI
MONTH: JULY
YEAR: 2023
LATITUDE: 45 4 N
LONGITUDE: 83 34 W
[TEMPERATURE DATA] [PRECIPITATION DATA] SYMBOLS USED IN COLUMN 16
AVERAGE MONTHLY: 68.4 TOTAL FOR MONTH: 5.61 1 = FOG OR MIST
DPTR FM NORMAL: 0.2 DPTR FM NORMAL: 2.41 2 = FOG REDUCING VISIBILITY
HIGHEST: 90 ON 5 GRTST 24HR 3.49 ON 26-26 TO 1/4 MILE OR LESS
LOWEST: 49 ON 9 3 = THUNDER
SNOW, ICE PELLETS, HAIL 4 = ICE PELLETS
TOTAL MONTH: 0.0 INCH 5 = HAIL
GRTST 24HR 0.0 6 = FREEZING RAIN OR DRIZZLE
GRTST DEPTH: 0 7 = DUSTSTORM OR SANDSTORM:
VSBY 1/2 MILE OR LESS
8 = SMOKE OR HAZE
[NO. OF DAYS WITH] [WEATHER - DAYS WITH] 9 = BLOWING SNOW
X = TORNADO
MAX 32 OR BELOW: 0 0.01 INCH OR MORE: 12
MAX 90 OR ABOVE: 1 0.10 INCH OR MORE: 7
MIN 32 OR BELOW: 0 0.50 INCH OR MORE: 2
MIN 0 OR BELOW: 0 1.00 INCH OR MORE: 1
[HDD (BASE 65) ]
TOTAL THIS MO. 12 CLEAR (SCALE 0-3) 15
DPTR FM NORMAL -22 PTCLDY (SCALE 4-7) 16
TOTAL FM JUL 1 12 CLOUDY (SCALE 8-10) 0
DPTR FM NORMAL -25
[CDD (BASE 65) ]
TOTAL THIS MO. 123
DPTR FM NORMAL -10 [PRESSURE DATA]
TOTAL FM JAN 1 181 HIGHEST SLP 30.16 ON 31
DPTR FM NORMAL -32 LOWEST SLP 29.72 ON 16
[REMARKS]
#FINAL-07-23#