000
CXUS54 KEWX 251010
CF6AQO
PRELIMINARY LOCAL CLIMATOLOGICAL DATA (WS FORM: F-6)
STATION: LLANO MUNICIPAL AIRPORT
MONTH: APRIL
YEAR: 2024
LATITUDE: 30 47 N
LONGITUDE: 98 40 W
TEMPERATURE IN F: :PCPN: SNOW: WIND :SUNSHINE: SKY :PK WND
================================================================================
1 2 3 4 5 6A 6B 7 8 9 10 11 12 13 14 15 16 17 18
12Z AVG MX 2MIN
DY MAX MIN AVG DEP HDD CDD WTR SNW DPTH SPD SPD DIR MIN PSBL S-S WX SPD DR
================================================================================
1 84 66 75 M 0 10 0.00 M M 8.4 17 300 M M 6 38 36 160
2 66 46 56 M 9 0 0.00 M M 9.8 20 340 M M 4 8 27 330
3 81 39 60 M 5 0 0.00 M M 6.3 13 310 M M 3 24 330
4 86 39 63 M 2 0 0.00 M M 1.8 7 99 M M 3 14 99
5 86 45 66 M 0 1 0.00 M M 7.9 17 200 M M 2 8 28 180
6 79 55 67 M 0 2 0.00 M M 9.5 16 190 M M 7 29 170
7 81 55 68 M 0 3 0.00 M M 4.6 10 340 M M 4 1 20 340
8 81 50 66 M 0 1 0.00 M M 4.3 9 150 M M 7 18 17 99
9 79 63 71 M 0 6 0.00 M M 8.4 18 350 M M 8 1238 26 350
10 68 50 59 M 6 0 0.00 M M 12.4 25 300 M M 8 29 300
11 79 45 62 M 3 0 0.00 M M 4.2 12 360 M M 3 18 360
12 84 45 65 M 0 0 0.00 M M 6.0 15 150 M M 3 22 150
13 84 54 69 M 0 4 0.00 M M 8.3 15 190 M M 4 1 26 170
14 88 64 76 M 0 11 0.00 M M 7.9 13 140 M M 6 8 21 160
15 86 70 78 M 0 13 0.00 M M 9.9 17 130 M M 7 25 130
16 88 68 78 M 0 13 0.00 M M 5.2 9 140 M M 6 18 21 170
17 88 70 79 M 0 14 0.00 M M 5.5 14 120 M M 7 18 20 120
18 91 66 79 M 0 14 0.00 M M 6.4 14 10 M M 6 138 20 140
19 72 63 68 M 0 3 0.00 M M 7.8 12 360 M M 10 17 20
20 66 54 60 M 5 0 0.00 M M 8.1 16 10 M M 6 13 25 10
21 68 50 59 M 6 0 0.00 M M 8.7 14 40 M M 0 1 20 30
22 73 45 59 M 6 0 0.00 M M 3.9 10 150 M M 0 17 120
23 81 55 68 M 0 3 0.00 M M 7.3 16 210 M M 0 23 200
24 82 66 74 M 0 9 0.00 M M 6.4 10 120 M M 0 18 18 120
================================================================================
SM 1921 1323 42 107 0.00 M 169.1 M 110
================================================================================
AV 80.0 55.1 7.0 FASTST M M 5 MAX(MPH)
MISC ----> 25 300 36 160
================================================================================
NOTES:
# LAST OF SEVERAL OCCURRENCES
COLUMN 17 PEAK WIND IN M.P.H.
PRELIMINARY LOCAL CLIMATOLOGICAL DATA (WS FORM: F-6) , PAGE 2
STATION: LLANO MUNICIPAL AIRPORT
MONTH: APRIL
YEAR: 2024
LATITUDE: 30 47 N
LONGITUDE: 98 40 W
[TEMPERATURE DATA] [PRECIPITATION DATA] SYMBOLS USED IN COLUMN 16
AVERAGE MONTHLY: 67.6 TOTAL FOR MONTH: 0.00 1 = FOG OR MIST
DPTR FM NORMAL: 0.0 DPTR FM NORMAL: 0.00 2 = FOG REDUCING VISIBILITY
HIGHEST: 91 ON 18 GRTST 24HR 0.00 ON 1- 1 TO 1/4 MILE OR LESS
LOWEST: 39 ON 4, 3 3 = THUNDER
SNOW, ICE PELLETS, HAIL 4 = ICE PELLETS
TOTAL MONTH: M 5 = HAIL
GRTST 24HR M ON M 6 = FREEZING RAIN OR DRIZZLE
GRTST DEPTH: M ON M 7 = DUSTSTORM OR SANDSTORM:
VSBY 1/2 MILE OR LESS
8 = SMOKE OR HAZE
[NO. OF DAYS WITH] [WEATHER - DAYS WITH] 9 = BLOWING SNOW
X = TORNADO
MAX 32 OR BELOW: 0 0.01 INCH OR MORE: 0
MAX 90 OR ABOVE: 1 0.10 INCH OR MORE: 0
MIN 32 OR BELOW: 0 0.50 INCH OR MORE: 0
MIN 0 OR BELOW: 0 1.00 INCH OR MORE: 0
[HDD (BASE 65) ]
TOTAL THIS MO. 42 CLEAR (SCALE 0-3) 9
DPTR FM NORMAL M PTCLDY (SCALE 4-7) 13
TOTAL FM JUL 1 1773 CLOUDY (SCALE 8-10) 2
DPTR FM NORMAL M
[CDD (BASE 65) ]
TOTAL THIS MO. 107
DPTR FM NORMAL M [PRESSURE DATA]
TOTAL FM JAN 1 172 HIGHEST SLP M ON M
DPTR FM NORMAL M LOWEST SLP M ON M
[REMARKS]