000
CXUS54 KEWX 011010
CF6AQO
PRELIMINARY LOCAL CLIMATOLOGICAL DATA (WS FORM: F-6)
STATION: LLANO MUNICIPAL AIRPORT
MONTH: APRIL
YEAR: 2023
LATITUDE: 30 47 N
LONGITUDE: 98 40 W
TEMPERATURE IN F: :PCPN: SNOW: WIND :SUNSHINE: SKY :PK WND
================================================================================
1 2 3 4 5 6A 6B 7 8 9 10 11 12 13 14 15 16 17 18
12Z AVG MX 2MIN
DY MAX MIN AVG DEP HDD CDD WTR SNW DPTH SPD SPD DIR MIN PSBL S-S WX SPD DR
================================================================================
1 82 39 61 M 4 0 0.00 M M 4.8 10 40 M M 3 16 80
2 88 57 73 M 0 8 0.00 M M 5.6 16 200 M M 6 22 200
3 97 57 77 M 0 12 0.00 M M 7.0 17 180 M M 4 12 25 180
4 90 70 80 M 0 15 0.00 M M 8.2 15 180 M M 4 25 180
5 77 55 66 M 0 1 0.00 M M 9.5 17 10 M M 6 13 29 330
6 54 48 51 M 14 0 0.00 M M 8.6 13 30 M M 9 20 30
7 55 48 52 M 13 0 0.00 M M 4.8 9 30 M M 10 138 39 110
8 68 50 59 M 6 0 0.00 M M 3.0 10 20 M M 8 1 M M
9 75 54 65 M 0 0 0.00 M M 3.3 9 100 M M 9 1 17 0
10 73 55 64 M 1 0 0.00 M M 2.5 8 100 M M 8 1 15 100
11 77 50 64 M 1 0 0.00 M M 3.4 10 120 M M 5 12 16 50
12 79 45 62 M 3 0 0.00 M M 3.2 9 110 M M 3 15 99
13 82 59 71 M 0 6 0.00 M M 6.4 12 160 M M 2 23 140
14 86 61 74 M 0 9 0.00 M M 7.3 13 190 M M 5 21 160
15 90 57 74 M 0 9 0.00 M M 9.1 20 330 M M 1 24 330
16 75 46 61 M 4 0 0.00 M M 6.1 15 30 M M 3 23 40
17 82 43 63 M 2 0 0.00 M M 5.8 13 140 M M 4 25 160
18 81 61 71 M 0 6 0.00 M M 9.3 14 150 M M 9 8 31 170
19 82 70 76 M 0 11 0.00 M M 9.7 14 160 M M 10 8 21 160
20 91 64 78 M 0 13 0.00 M M 7.8 17 340 M M 9 8 24 350
21 81 57 69 M 0 4 0.00 M M 5.1 14 350 M M 5 8 21 350
22 81 46 64 M 1 0 0.00 M M 7.6 16 140 M M 8 3 28 140
23 57 50 54 M 11 0 0.00 M M 10.6 16 40 M M 10 23 40
24 72 50 61 M 4 0 0.00 M M 7.0 13 130 M M 8 18 120
25 73 61 67 M 0 2 0.00 M M 7.0 12 160 M M 9 1 18 130
26 90 63 77 M 0 12 0.00 M M 9.2 18 210 M M 7 26 200
27 81 55 68 M 0 3 0.00 M M 9.1 20 320 M M 2 27 320
28 95 50 73 M 0 8 0.00 M M 11.2 28 340 M M 4 39 330
29 77 45 61 M 4 0 0.00 M M 11.6 24 340 M M 2 31 340
30 93 43 68 M 0 3 0.00 M M 5.6 14 180 M M 1 8 22 220
================================================================================
SM 2384 1609 68 122 0.00 M 209.2 M 174
================================================================================
AV 79.5 53.6 7.0 FASTST M M 6 MAX(MPH)
MISC ----> 28 340 # 39 110
================================================================================
NOTES:
# LAST OF SEVERAL OCCURRENCES
COLUMN 17 PEAK WIND IN M.P.H.
PRELIMINARY LOCAL CLIMATOLOGICAL DATA (WS FORM: F-6) , PAGE 2
STATION: LLANO MUNICIPAL AIRPORT
MONTH: APRIL
YEAR: 2023
LATITUDE: 30 47 N
LONGITUDE: 98 40 W
[TEMPERATURE DATA] [PRECIPITATION DATA] SYMBOLS USED IN COLUMN 16
AVERAGE MONTHLY: 66.6 TOTAL FOR MONTH: 0.00 1 = FOG OR MIST
DPTR FM NORMAL: 0.0 DPTR FM NORMAL: M 2 = FOG REDUCING VISIBILITY
HIGHEST: 97 ON 3 GRTST 24HR 0.00 ON 1- 1 TO 1/4 MILE OR LESS
LOWEST: 39 ON 1 3 = THUNDER
SNOW, ICE PELLETS, HAIL 4 = ICE PELLETS
TOTAL MONTH: M 5 = HAIL
GRTST 24HR M ON M 6 = FREEZING RAIN OR DRIZZLE
GRTST DEPTH: M ON M 7 = DUSTSTORM OR SANDSTORM:
VSBY 1/2 MILE OR LESS
8 = SMOKE OR HAZE
[NO. OF DAYS WITH] [WEATHER - DAYS WITH] 9 = BLOWING SNOW
X = TORNADO
MAX 32 OR BELOW: 0 0.01 INCH OR MORE: 0
MAX 90 OR ABOVE: 7 0.10 INCH OR MORE: 0
MIN 32 OR BELOW: 0 0.50 INCH OR MORE: 0
MIN 0 OR BELOW: 0 1.00 INCH OR MORE: 0
[HDD (BASE 65) ]
TOTAL THIS MO. 68 CLEAR (SCALE 0-3) 5
DPTR FM NORMAL M PTCLDY (SCALE 4-7) 16
TOTAL FM JUL 1 1485 CLOUDY (SCALE 8-10) 9
DPTR FM NORMAL M
[CDD (BASE 65) ]
TOTAL THIS MO. 122
DPTR FM NORMAL M [PRESSURE DATA]
TOTAL FM JAN 1 195 HIGHEST SLP M ON M
DPTR FM NORMAL M LOWEST SLP M ON M
[REMARKS]
#FINAL-04-23#