000
CXUS54 KLCH 011514
CF6ARA
PRELIMINARY LOCAL CLIMATOLOGICAL DATA (WS FORM: F-6)
STATION: NEW IBERIA
MONTH: AUGUST
YEAR: 2022
LATITUDE: 30 1 N
LONGITUDE: 91 53 W
TEMPERATURE IN F: :PCPN: SNOW: WIND :SUNSHINE: SKY :PK WND
================================================================================
1 2 3 4 5 6A 6B 7 8 9 10 11 12 13 14 15 16 17 18
12Z AVG MX 2MIN
DY MAX MIN AVG DEP HDD CDD WTR SNW DPTH SPD SPD DIR MIN PSBL S-S WX SPD DR
================================================================================
1 92 75 84 0 0 19 0.14 M M 5.8 18 210 M M 2 3 24 220
2 87 76 82 -2 0 17 0.15 M M 3.9 23 180 M M 3 13 33 170
3 81 73 77 -7 0 12 1.47 M M 5.4 16 220 M M 3 123 24 340
4 90 73 82 -2 0 17 0.02 M M 3.5 13 350 M M 2 13 17 360
5 89 75 82 -2 0 17 0.02 0.0 0 7.4 24 140 M M 3 3 31 140
6 90 75 83 -1 0 18 T 0.0 0 5.9 14 160 M M 1 3 20 170
7 94 75 85 1 0 20 0.13 M M 5.6 28 80 M M 3 3 37 80
8 93 74 84 0 0 19 0.00 M M 3.9 16 140 M M 1 3 23 180
9 92 73 83 -1 0 18 0.32 M M 3.4 30 170 M M 2 13 44 170
10 91 75 83 -1 0 18 0.32 M M 2.8 22 140 M M 2 13 30 140
11 87 74 81 -3 0 16 1.03 M M 4.2 16 80 M M 4 13 22 70
12 89 74 82 -2 0 17 0.07 M M 7.0 14 130 M M 4 13 20 130
13 88 75 82 -2 0 17 T M M 6.7 21 190 M M 5 1 31 180
14 91 74 83 -1 0 18 0.00 M M 3.3 10 190 M M 1 16 190
15 94 74 84 1 0 19 0.00 M M 2.8 12 200 M M 0 1 15 200
16 94 75 85 2 0 20 T M M 3.3 12 200 M M 1 1 16 190
17 95 75 85 2 0 20 0.00 M M 4.3 13 200 M M 1 8 20 270
18 92 74 83 0 0 18 0.26 0.0 M 3.9 18 330 M M 2 13 27 340
19 89 74 82 -1 0 17 1.98 0.0 M 3.3 24 150 M M 4 138 32 150
20 85 74 80 -3 0 15 0.61 M M 4.2 17 200 M M 3 13 24 200
21 91 76 84 1 0 19 0.00 M M 6.3 16 190 M M 1 24 190
22 88 76 82 -1 0 17 0.21 M M 5.6 14 180 M M 1 138 19 210
23 86 74 80 -3 0 15 0.65 M M 5.8 20 210 M M 5 138 29 210
24 83 73 78 -5 0 13 0.76 M M 5.2 22 200 M M 5 1 31 210
25 90 75 83 0 0 18 0.28 M M 5.3 18 170 M M 5 13 24 150
26 84 76 80 -3 0 15 0.10 M M 4.8 13 190 M M 5 13 19 190
27 87 74 81 -2 0 16 0.06 M M 3.8 14 200 M M 3 13 19 200
28 90 75 83 1 0 18 0.10 M M 5.8 18 110 M M 2 13 23 110
29 90 75 83 1 0 18 T M M 4.0 12 150 M M 1 3 16 150
30 94 75 85 3 0 20 T M M 2.4 21 80 M M 1 13 27 80
31 94 74 84 2 0 19 0.00 0.0 0 5.1 13 40 M M 0 3 16 50
================================================================================
SM 2780 2310 0 540 8.68 0.0 144.7 M 76
================================================================================
AV 89.7 74.5 4.7 FASTST M M 2 MAX(MPH)
MISC ----> 30 170 44 170
================================================================================
NOTES:
# LAST OF SEVERAL OCCURRENCES
COLUMN 17 PEAK WIND IN M.P.H.
PRELIMINARY LOCAL CLIMATOLOGICAL DATA (WS FORM: F-6) , PAGE 2
STATION: NEW IBERIA
MONTH: AUGUST
YEAR: 2022
LATITUDE: 30 1 N
LONGITUDE: 91 53 W
[TEMPERATURE DATA] [PRECIPITATION DATA] SYMBOLS USED IN COLUMN 16
AVERAGE MONTHLY: 82.1 TOTAL FOR MONTH: 8.68 1 = FOG OR MIST
DPTR FM NORMAL: -1.1 DPTR FM NORMAL: 2.31 2 = FOG REDUCING VISIBILITY
HIGHEST: 95 ON 17 GRTST 24HR 2.24 ON 18-19 TO 1/4 MILE OR LESS
LOWEST: 73 ON 24, 9 3 = THUNDER
SNOW, ICE PELLETS, HAIL 4 = ICE PELLETS
TOTAL MONTH: 0.0 INCH 5 = HAIL
GRTST 24HR 0.0 6 = FREEZING RAIN OR DRIZZLE
GRTST DEPTH: 0 7 = DUSTSTORM OR SANDSTORM:
VSBY 1/2 MILE OR LESS
8 = SMOKE OR HAZE
[NO. OF DAYS WITH] [WEATHER - DAYS WITH] 9 = BLOWING SNOW
X = TORNADO
MAX 32 OR BELOW: 0 0.01 INCH OR MORE: 20
MAX 90 OR ABOVE: 18 0.10 INCH OR MORE: 16
MIN 32 OR BELOW: 0 0.50 INCH OR MORE: 6
MIN 0 OR BELOW: 0 1.00 INCH OR MORE: 3
[HDD (BASE 65) ]
TOTAL THIS MO. 0 CLEAR (SCALE 0-3) 22
DPTR FM NORMAL 0 PTCLDY (SCALE 4-7) 9
TOTAL FM JUL 1 0 CLOUDY (SCALE 8-10) 0
DPTR FM NORMAL 0
[CDD (BASE 65) ]
TOTAL THIS MO. 540
DPTR FM NORMAL -24 [PRESSURE DATA]
TOTAL FM JAN 1 2365 HIGHEST SLP 30.16 ON 7
DPTR FM NORMAL 151 LOWEST SLP 29.85 ON 23
[REMARKS]
#FINAL-08-22#