000
CXUS54 KLCH 010842
CF6ARA
PRELIMINARY LOCAL CLIMATOLOGICAL DATA (WS FORM: F-6)
STATION: NEW IBERIA
MONTH: MAY
YEAR: 2020
LATITUDE: 30 1 N
LONGITUDE: 91 53 W
TEMPERATURE IN F: :PCPN: SNOW: WIND :SUNSHINE: SKY :PK WND
================================================================================
1 2 3 4 5 6A 6B 7 8 9 10 11 12 13 14 15 16 17 18
12Z AVG MX 2MIN
DY MAX MIN AVG DEP HDD CDD WTR SNW DPTH SPD SPD DIR MIN PSBL S-S WX SPD DR
================================================================================
1 80 56 68 -4 0 3 0.00 0.0 0 4.5 13 200 M M 0 18 190
2 81 59 70 -3 0 5 0.00 0.0 0 7.4 15 160 M M 1 20 180
3 83 64 74 1 0 9 0.00 0.0 0 8.6 17 200 M M 3 24 190
4 84 65 75 2 0 10 0.00 0.0 0 6.9 15 200 M M 4 12 23 180
5 89 68 79 5 0 14 0.03 0.0 0 7.1 20 120 M M 4 3 27 110
6 84 65 75 1 0 10 0.00 0.0 0 10.5 18 40 M M 1 26 20
7 81 59 70 -4 0 5 0.00 0.0 0 9.0 16 170 M M 0 22 190
8 85 63 74 0 0 9 1.27 0.0 0 13.2 24 200 M M 6 13 36 210
9 68 60 64 -11 1 0 0.00 0.0 0 12.1 22 50 M M 8 31 40
10 79 59 69 -6 0 4 0.00 0.0 0 9.0 15 30 M M 3 20 40
11 83 55 69 -6 0 4 0.00 0.0 0 5.7 15 50 M M 0 21 70
12 82 61 72 -4 0 7 0.00 0.0 0 8.6 18 150 M M 1 25 150
13 84 67 76 0 0 11 0.01 0.0 0 11.2 22 150 M M 6 1 30 180
14 79 69 74 -2 0 9 1.06 0.0 0 10.7 20 170 M M 8 13 28 170
15 80 69 75 -1 0 10 0.01 0.0 0 8.8 20 150 M M 6 25 150
16 80 70 75 -1 0 10 0.07 0.0 0 11.3 23 150 M M 6 1 31 150
17 82 67 75 -2 0 10 0.28 0.0 0 8.5 22 270 M M 6 1 29 270
18 84 65 75 -2 0 10 0.00 0.0 0 8.4 17 320 M M 0 26 320
19 90 68 79 2 0 14 0.00 0.0 0 7.2 20 230 M M 1 12 27 240
20 84 72 78 1 0 13 0.00 0.0 0 6.2 15 240 M M 4 22 230
21 89 71 80 2 0 15 0.00 0.0 0 5.8 17 190 M M 3 12 23 190
22 89 73 81 3 0 16 0.00 0.0 0 9.4 18 180 M M 2 26 170
23 90 73 82 4 0 17 0.00 0.0 0 9.3 17 170 M M 3 23 160
24 90 72 81 3 0 16 T 0.0 0 8.8 20 170 M M 2 3 28 190
25 88 73 81 3 0 16 T 0.0 0 11.0 26 110 M M 2 36 120
26 84 70 77 -1 0 12 0.13 0.0 0 5.5 21 310 M M 6 13 31 300
27 87 65 76 -3 0 11 0.01 0.0 0 5.5 22 260 M M 3 3 31 250
28 90 63 77 -2 0 12 0.01 0.0 0 4.1 15 240 M M 1 3 19 210
29 89 68 79 0 0 14 0.00 0.0 0 6.2 13 40 M M 1 1 18 60
30 91 70 81 2 0 16 0.01 0.0 0 6.0 14 160 M M 6 19 160
31 90 74 82 3 0 17 0.00 0.0 0 7.1 15 40 M M 3 24 80
================================================================================
SM 2619 2053 1 329 2.89 0.0 253.6 M 100
================================================================================
AV 84.5 66.2 8.2 FASTST M M 3 MAX(MPH)
MISC ----> # 26 110 # 36 210
================================================================================
NOTES:
# LAST OF SEVERAL OCCURRENCES
COLUMN 17 PEAK WIND IN M.P.H.
PRELIMINARY LOCAL CLIMATOLOGICAL DATA (WS FORM: F-6) , PAGE 2
STATION: NEW IBERIA
MONTH: MAY
YEAR: 2020
LATITUDE: 30 1 N
LONGITUDE: 91 53 W
[TEMPERATURE DATA] [PRECIPITATION DATA] SYMBOLS USED IN COLUMN 16
AVERAGE MONTHLY: 75.4 TOTAL FOR MONTH: 2.89 1 = FOG OR MIST
DPTR FM NORMAL: -0.9 DPTR FM NORMAL: -2.09 2 = FOG REDUCING VISIBILITY
HIGHEST: 91 ON 30 GRTST 24HR 1.27 ON 8- 8 TO 1/4 MILE OR LESS
LOWEST: 55 ON 11 3 = THUNDER
SNOW, ICE PELLETS, HAIL 4 = ICE PELLETS
TOTAL MONTH: 0.0 INCH 5 = HAIL
GRTST 24HR 0.0 6 = FREEZING RAIN OR DRIZZLE
GRTST DEPTH: 0 7 = DUSTSTORM OR SANDSTORM:
VSBY 1/2 MILE OR LESS
8 = SMOKE OR HAZE
[NO. OF DAYS WITH] [WEATHER - DAYS WITH] 9 = BLOWING SNOW
X = TORNADO
MAX 32 OR BELOW: 0 0.01 INCH OR MORE: 11
MAX 90 OR ABOVE: 6 0.10 INCH OR MORE: 4
MIN 32 OR BELOW: 0 0.50 INCH OR MORE: 2
MIN 0 OR BELOW: 0 1.00 INCH OR MORE: 2
[HDD (BASE 65) ]
TOTAL THIS MO. 1 CLEAR (SCALE 0-3) 17
DPTR FM NORMAL 0 PTCLDY (SCALE 4-7) 14
TOTAL FM JUL 1 1092 CLOUDY (SCALE 8-10) 0
DPTR FM NORMAL -317
[CDD (BASE 65) ]
TOTAL THIS MO. 329
DPTR FM NORMAL -21 [PRESSURE DATA]
TOTAL FM JAN 1 770 HIGHEST SLP 30.24 ON 11
DPTR FM NORMAL 200 LOWEST SLP 29.76 ON 16
[REMARKS]
#FINAL-05-20#