000
CXUS51 KBUF 010805
CF6ART
PRELIMINARY LOCAL CLIMATOLOGICAL DATA (WS FORM: F-6)
STATION: WATERTOWN NY
MONTH: AUGUST
YEAR: 2021
LATITUDE: 43 59 N
LONGITUDE: 76 2 W
TEMPERATURE IN F: :PCPN: SNOW: WIND :SUNSHINE: SKY :PK WND
================================================================================
1 2 3 4 5 6A 6B 7 8 9 10 11 12 13 14 15 16 17 18
12Z AVG MX 2MIN
DY MAX MIN AVG DEP HDD CDD WTR SNW DPTH SPD SPD DIR MIN PSBL S-S WX SPD DR
================================================================================
1 66 57 62 -7 3 0 2.36 M M 4.3 12 350 M M 10 13 14 10
2 74 53 64 -5 1 0 0.00 M M 5.7 15 260 M M 3 1 20 330
3 76 55 66 -3 0 1 0.00 M M 5.5 15 220 M M 1 19 230
4 80 53 67 -2 0 2 0.00 M M 2.8 9 300 M M 1 14 300
5 80 55 68 -1 0 3 0.00 M M 3.3 12 260 M M 0 1 14 260
6 82 54 68 -1 0 3 0.00 M M 4.8 17 270 M M 0 18 21 270
7 82 63 73 4 0 8 0.00 M M 5.0 17 270 M M 2 19 270
8 84 61 73 4 0 8 0.00 M M 2.9 12 270 M M 2 1 15 280
9 87 69 78 10 0 13 0.00 M M 5.1 13 220 M M 2 19 180
10 86 73 80 12 0 15 0.84 M M 6.5 24 230 M M 3 138 32 230
11 85 74 80 12 0 15 0.03 M M 6.9 18 230 M M 5 13 23 230
12 84 71 78 10 0 13 T M M 8.2 18 220 M M 3 27 230
13 85 71 78 10 0 13 T M M 6.6 18 220 M M 4 3 24 230
14 77 55 66 -2 0 1 0.03 M M 5.8 20 260 M M 2 3 25 270
15 75 50 63 -5 2 0 0.00 M M 4.2 13 60 M M 1 16 50
16 79 48 64 -4 1 0 0.00 M M 2.8 9 220 M M 2 13 250
17 79 68 74 6 0 9 0.84 M M 2.5 8 210 M M 8 1 11 200
18 78 67 73 6 0 8 0.15 M M 2.9 10 40 M M 5 13 40
19 80 66 73 6 0 8 0.61 M M 6.9 15 30 M M 7 12 19 40
20 83 65 74 7 0 9 0.00 M M 3.0 10 230 M M 3 12 13 270
21 84 66 75 8 0 10 1.12 M M 2.4 15 200 M M 2 1 19 210
22 85 66 76 9 0 11 0.00 M M 2.8 13 290 M M 3 1 16 300
23 84 69 77 10 0 12 T M M 4.5 14 260 M M 5 1 17 260
24 80 67 74 8 0 9 0.00 M M 5.5 16 260 M M 4 18 22 260
25 87 63 75 9 0 10 0.00 M M 3.7 12 260 M M 0 14 220
26 85 73 79 13 0 14 0.00 M M 6.5 14 270 M M 3 16 270
27 78 61 70 4 0 5 0.00 M M 10.4 20 40 M M 1 8 26 40
28 80 59 70 4 0 5 0.46 M M 3.5 15 290 M M 6 13 20 280
29 83 69 76 11 0 11 0.09 M M 6.1 14 220 M M 5 13 20 190
30 81 68 75 10 0 10 T M M 10.0 17 230 M M 5 24 260
31 76 60 68 3 0 3 0.00 M M 6.6 15 230 M M 1 22 260
================================================================================
SM 2505 1949 7 229 6.53 M 157.7 M 99
================================================================================
AV 80.8 62.9 5.1 FASTST M M 3 MAX(MPH)
MISC ----> 24 230 32 230
================================================================================
NOTES:
# LAST OF SEVERAL OCCURRENCES
COLUMN 17 PEAK WIND IN M.P.H.
PRELIMINARY LOCAL CLIMATOLOGICAL DATA (WS FORM: F-6) , PAGE 2
STATION: WATERTOWN NY
MONTH: AUGUST
YEAR: 2021
LATITUDE: 43 59 N
LONGITUDE: 76 2 W
[TEMPERATURE DATA] [PRECIPITATION DATA] SYMBOLS USED IN COLUMN 16
AVERAGE MONTHLY: 71.8 TOTAL FOR MONTH: 6.53 1 = FOG OR MIST
DPTR FM NORMAL: 4.3 DPTR FM NORMAL: 3.33 2 = FOG REDUCING VISIBILITY
HIGHEST: 87 ON 25, 9 GRTST 24HR 2.37 ON 31- 1 TO 1/4 MILE OR LESS
LOWEST: 48 ON 16 3 = THUNDER
SNOW, ICE PELLETS, HAIL 4 = ICE PELLETS
TOTAL MONTH: M 5 = HAIL
GRTST 24HR M ON M 6 = FREEZING RAIN OR DRIZZLE
GRTST DEPTH: M ON M 7 = DUSTSTORM OR SANDSTORM:
VSBY 1/2 MILE OR LESS
8 = SMOKE OR HAZE
[NO. OF DAYS WITH] [WEATHER - DAYS WITH] 9 = BLOWING SNOW
X = TORNADO
MAX 32 OR BELOW: 0 0.01 INCH OR MORE: 10
MAX 90 OR ABOVE: 0 0.10 INCH OR MORE: 7
MIN 32 OR BELOW: 0 0.50 INCH OR MORE: 5
MIN 0 OR BELOW: 0 1.00 INCH OR MORE: 2
[HDD (BASE 65) ]
TOTAL THIS MO. 7 CLEAR (SCALE 0-3) 18
DPTR FM NORMAL -33 PTCLDY (SCALE 4-7) 11
TOTAL FM JUL 1 35 CLOUDY (SCALE 8-10) 2
DPTR FM NORMAL -29
[CDD (BASE 65) ]
TOTAL THIS MO. 229
DPTR FM NORMAL 113 [PRESSURE DATA]
TOTAL FM JAN 1 517 HIGHEST SLP 30.30 ON 15
DPTR FM NORMAL 176 LOWEST SLP 29.75 ON 31
[REMARKS]
#FINAL-08-21#