000
CXUS56 KPQR 011201
CF6AST
PRELIMINARY LOCAL CLIMATOLOGICAL DATA (WS FORM: F-6)
STATION: ASTORIA OR
MONTH: FEBRUARY
YEAR: 2024
LATITUDE: 46 9 N
LONGITUDE: 123 53 W
TEMPERATURE IN F: :PCPN: SNOW: WIND :SUNSHINE: SKY :PK WND
================================================================================
1 2 3 4 5 6A 6B 7 8 9 10 11 12 13 14 15 16 17 18
12Z AVG MX 2MIN
DY MAX MIN AVG DEP HDD CDD WTR SNW DPTH SPD SPD DIR MIN PSBL S-S WX SPD DR
================================================================================
1 60 44 52 8 13 0 0.02 M M 6.0 21 190 M M 8 30 170
2 55 38 47 3 18 0 0.04 M M 6.4 16 220 M M 5 23 180
3 53 35 44 0 21 0 0.00 M M 4.5 9 320 M M 3 12 330
4 54 32 43 -1 22 0 0.00 M M 8.5 18 60 M M 1 1 24 70
5 48 40 44 0 21 0 0.12 M M 4.8 15 60 M M 10 12 19 60
6 52 38 45 1 20 0 0.10 M M 3.7 12 270 M M 9 12 14 280
7 50 37 44 0 21 0 0.03 M M 3.5 12 310 M M 6 1 14 320
8 50 38 44 0 21 0 0.07 M M 4.0 15 300 M M 9 1 18 300
9 48 42 45 1 20 0 0.08 M M 4.1 9 80 M M 10 1 13 50
10 52 37 45 1 20 0 T M M 4.7 10 80 M M 6 1 13 10
11 52 43 48 4 17 0 0.29 M M 11.0 22 230 M M 10 1 31 230
12 51 36 44 0 21 0 0.16 M M 6.8 20 270 M M 9 128 27 290
13 53 35 44 0 21 0 0.00 M M 4.7 13 40 M M 5 12 14 40
14 47 32 40 -4 25 0 0.95 M M 8.5 25 120 M M 5 1 36 120
15 51 41 46 2 19 0 0.05 M M 6.9 16 240 M M 7 1 23 230
16 49 41 45 1 20 0 0.00 M M 9.0 23 110 M M 5 31 90
17 46 40 43 -1 22 0 0.53 M M 8.1 22 110 M M 10 1 30 90
18 50 42 46 2 19 0 0.29 M M 6.5 13 70 M M 7 1 15 70
19 56 46 51 7 14 0 0.02 M M 7.8 15 70 M M 7 17 70
20 56 46 51 7 14 0 0.12 M M 5.3 10 20 M M 10 1 17 130
21 53 47 50 6 15 0 0.39 M M 9.8 22 210 M M 9 18 31 210
22 57 38 48 4 17 0 0.03 M M 3.3 12 30 M M 4 1 14 30
23 59 37 48 4 17 0 0.00 M M 5.2 14 340 M M 0 1 17 330
24 54 39 47 3 18 0 0.04 M M 4.8 10 260 M M 9 18 13 300
25 50 43 47 3 18 0 1.02 M M 11.8 22 260 M M 10 1 30 250
26 46 36 41 -4 24 0 0.19 M M 11.1 33 310 M M 8 18 40 320
27 50 37 44 -1 21 0 1.21 M M 6.6 15 280 M M 9 1 20 340
28 53 44 49 4 16 0 1.84 M M M M M M M 10 1 M M
29 45 39 42 -3 23 0 0.72 M M M M M M M 9 1 M M
================================================================================
SM 1500 1143 558 0 8.31 M 177.4 M 210
================================================================================
AV 51.7 39.4 6.6 FASTST M M 7 MAX(MPH)
MISC ----> 33 310 40 320
================================================================================
NOTES:
# LAST OF SEVERAL OCCURRENCES
COLUMN 17 PEAK WIND IN M.P.H.
PRELIMINARY LOCAL CLIMATOLOGICAL DATA (WS FORM: F-6) , PAGE 2
STATION: ASTORIA OR
MONTH: FEBRUARY
YEAR: 2024
LATITUDE: 46 9 N
LONGITUDE: 123 53 W
[TEMPERATURE DATA] [PRECIPITATION DATA] SYMBOLS USED IN COLUMN 16
AVERAGE MONTHLY: 45.6 TOTAL FOR MONTH: 8.31 1 = FOG OR MIST
DPTR FM NORMAL: 1.4 DPTR FM NORMAL: 1.13 2 = FOG REDUCING VISIBILITY
HIGHEST: 60 ON 1 GRTST 24HR 2.16 ON 27-28 TO 1/4 MILE OR LESS
LOWEST: 32 ON 14, 4 3 = THUNDER
SNOW, ICE PELLETS, HAIL 4 = ICE PELLETS
TOTAL MONTH: M 5 = HAIL
GRTST 24HR M ON M 6 = FREEZING RAIN OR DRIZZLE
GRTST DEPTH: M ON M 7 = DUSTSTORM OR SANDSTORM:
VSBY 1/2 MILE OR LESS
8 = SMOKE OR HAZE
[NO. OF DAYS WITH] [WEATHER - DAYS WITH] 9 = BLOWING SNOW
X = TORNADO
MAX 32 OR BELOW: 0 0.01 INCH OR MORE: 23
MAX 90 OR ABOVE: 0 0.10 INCH OR MORE: 14
MIN 32 OR BELOW: 2 0.50 INCH OR MORE: 6
MIN 0 OR BELOW: 0 1.00 INCH OR MORE: 3
[HDD (BASE 65) ]
TOTAL THIS MO. 558 CLEAR (SCALE 0-3) 3
DPTR FM NORMAL -26 PTCLDY (SCALE 4-7) 11
TOTAL FM JUL 1 2798 CLOUDY (SCALE 8-10) 15
DPTR FM NORMAL -530
[CDD (BASE 65) ]
TOTAL THIS MO. 0
DPTR FM NORMAL 0 [PRESSURE DATA]
TOTAL FM JAN 1 0 HIGHEST SLP 30.32 ON 23
DPTR FM NORMAL 0 LOWEST SLP 29.40 ON 28
[REMARKS]
#FINAL-02-24#