000
CXUS56 KPQR 011155
CF6AST
PRELIMINARY LOCAL CLIMATOLOGICAL DATA (WS FORM: F-6)
STATION: ASTORIA OR
MONTH: MAY
YEAR: 2022
LATITUDE: 46 9 N
LONGITUDE: 123 53 W
TEMPERATURE IN F: :PCPN: SNOW: WIND :SUNSHINE: SKY :PK WND
================================================================================
1 2 3 4 5 6A 6B 7 8 9 10 11 12 13 14 15 16 17 18
12Z AVG MX 2MIN
DY MAX MIN AVG DEP HDD CDD WTR SNW DPTH SPD SPD DIR MIN PSBL S-S WX SPD DR
================================================================================
1 58 43 51 0 14 0 T M M 5.6 12 220 M M 7 16 180
2 56 46 51 0 14 0 0.32 M M 9.2 20 310 M M 9 18 24 310
3 56 44 50 -1 15 0 0.01 M M 5.6 14 280 M M 7 1 18 280
4 60 44 52 1 13 0 0.00 M M 4.6 13 260 M M 2 15 270
5 54 45 50 -2 15 0 0.69 M M 6.8 28 200 M M 10 18 36 210
6 56 44 50 -2 15 0 0.94 M M 7.8 24 200 M M 10 1 32 190
7 53 41 47 -5 18 0 0.28 M M 11.5 23 270 M M 9 18 33 260
8 54 39 47 -5 18 0 0.08 M M 7.8 21 320 M M 3 1 25 320
9 54 39 47 -5 18 0 0.07 M M 6.7 16 240 M M 6 1 22 260
10 56 37 47 -5 18 0 0.01 M M 5.4 16 280 M M 3 21 250
11 56 38 47 -6 18 0 0.14 M M 8.9 23 220 M M 7 1 31 230
12 54 40 47 -6 18 0 1.02 M M 10.3 22 250 M M 8 18 29 170
13 55 39 47 -6 18 0 0.21 M M 5.6 12 240 M M 7 1 13 240
14 54 49 52 -1 13 0 0.15 M M 10.1 20 210 M M 10 1 28 220
15 59 52 56 3 9 0 0.37 M M 8.5 21 210 M M 10 1 31 200
16 58 43 51 -3 14 0 0.04 M M 6.4 16 210 M M 6 1 26 190
17 58 40 49 -5 16 0 T M M 5.8 14 260 M M 4 19 240
18 57 47 52 -2 13 0 0.27 M M 13.1 26 210 M M 9 1 37 200
19 56 45 51 -3 14 0 0.12 M M 11.1 20 320 M M 8 13 25 290
20 58 46 52 -2 13 0 0.00 M M 7.8 15 310 M M 7 19 320
21 61 46 54 0 11 0 0.00 M M 8.1 21 310 M M 5 25 320
22 61 50 56 2 9 0 0.00 M M 5.5 12 270 M M 7 15 250
23 60 49 55 1 10 0 T M M 6.2 13 280 M M 10 17 340
24 61 51 56 1 9 0 0.02 M M 3.9 13 230 M M 10 1 17 200
25 58 48 53 -2 12 0 0.06 M M 5.9 13 220 M M 8 1 17 230
26 65 46 56 1 9 0 0.14 M M 6.4 16 220 M M 8 1 22 220
27 57 50 54 -1 11 0 0.13 M M 7.8 17 210 M M 10 1 22 200
28 55 50 53 -2 12 0 0.98 M M 11.5 25 330 M M 10 1 33 330
29 56 49 53 -2 12 0 0.06 M M 11.1 18 260 M M 10 18 27 290
30 60 48 54 -1 11 0 0.13 M M 7.2 14 310 M M 8 1 17 320
31 67 43 55 -1 10 0 0.00 M M 5.8 17 300 M M 2 1 22 310
================================================================================
SM 1783 1391 420 0 6.24 M 238.0 M 230
================================================================================
AV 57.5 44.9 7.7 FASTST M M 7 MAX(MPH)
MISC ----> 28 200 37 200
================================================================================
NOTES:
# LAST OF SEVERAL OCCURRENCES
COLUMN 17 PEAK WIND IN M.P.H.
PRELIMINARY LOCAL CLIMATOLOGICAL DATA (WS FORM: F-6) , PAGE 2
STATION: ASTORIA OR
MONTH: MAY
YEAR: 2022
LATITUDE: 46 9 N
LONGITUDE: 123 53 W
[TEMPERATURE DATA] [PRECIPITATION DATA] SYMBOLS USED IN COLUMN 16
AVERAGE MONTHLY: 51.2 TOTAL FOR MONTH: 6.24 1 = FOG OR MIST
DPTR FM NORMAL: -2.2 DPTR FM NORMAL: 2.84 2 = FOG REDUCING VISIBILITY
HIGHEST: 67 ON 31 GRTST 24HR 1.08 ON 11-12 TO 1/4 MILE OR LESS
LOWEST: 37 ON 10 3 = THUNDER
SNOW, ICE PELLETS, HAIL 4 = ICE PELLETS
TOTAL MONTH: M 5 = HAIL
GRTST 24HR M ON M 6 = FREEZING RAIN OR DRIZZLE
GRTST DEPTH: M ON M 7 = DUSTSTORM OR SANDSTORM:
VSBY 1/2 MILE OR LESS
8 = SMOKE OR HAZE
[NO. OF DAYS WITH] [WEATHER - DAYS WITH] 9 = BLOWING SNOW
X = TORNADO
MAX 32 OR BELOW: 0 0.01 INCH OR MORE: 23
MAX 90 OR ABOVE: 0 0.10 INCH OR MORE: 15
MIN 32 OR BELOW: 0 0.50 INCH OR MORE: 4
MIN 0 OR BELOW: 0 1.00 INCH OR MORE: 1
[HDD (BASE 65) ]
TOTAL THIS MO. 420 CLEAR (SCALE 0-3) 4
DPTR FM NORMAL 59 PTCLDY (SCALE 4-7) 13
TOTAL FM JUL 1 4748 CLOUDY (SCALE 8-10) 14
DPTR FM NORMAL 20
[CDD (BASE 65) ]
TOTAL THIS MO. 0
DPTR FM NORMAL -2 [PRESSURE DATA]
TOTAL FM JAN 1 0 HIGHEST SLP 30.34 ON 3
DPTR FM NORMAL -2 LOWEST SLP 29.59 ON 28
[REMARKS]
#FINAL-05-22#