000
CXUS56 KPQR 011155
CF6AST
PRELIMINARY LOCAL CLIMATOLOGICAL DATA (WS FORM: F-6)
STATION: ASTORIA OR
MONTH: APRIL
YEAR: 2022
LATITUDE: 46 9 N
LONGITUDE: 123 53 W
TEMPERATURE IN F: :PCPN: SNOW: WIND :SUNSHINE: SKY :PK WND
================================================================================
1 2 3 4 5 6A 6B 7 8 9 10 11 12 13 14 15 16 17 18
12Z AVG MX 2MIN
DY MAX MIN AVG DEP HDD CDD WTR SNW DPTH SPD SPD DIR MIN PSBL S-S WX SPD DR
================================================================================
1 52 38 45 -2 20 0 0.06 M M 4.9 13 210 M M 9 18 17 220
2 54 41 48 1 17 0 0.06 M M 6.0 17 250 M M 4 1 20 220
3 54 42 48 1 17 0 0.90 M M 15.7 33 200 M M 9 1 51 180
4 53 41 47 0 18 0 0.47 M M 17.1 33 300 M M 9 138 51 290
5 53 36 45 -3 20 0 0.01 M M 9.1 24 290 M M 4 3 30 290
6 64 33 49 1 16 0 0.00 M M 8.4 16 50 M M 0 20 70
7 71 44 58 10 7 0 0.04 M M 6.7 15 240 M M 0 1 19 220
8 53 44 49 1 16 0 0.15 M M 12.2 24 300 M M 8 18 31 290
9 50 41 46 -2 19 0 0.43 M M M M M M M 8 18 M M
10 47 35 41 -7 24 0 0.41 M M M M M M M 9 18 M M
11 52 36 44 -4 21 0 0.24 M M 15.1 25 300 M M 8 1 33 310
12 48 35 42 -6 23 0 0.14 M M 8.2 23 250 M M 8 18 33 240
13 48 36 42 -6 23 0 0.23 M M 7.4 18 250 M M 8 1 25 250
14 48 37 43 -5 22 0 0.15 M M 6.6 17 230 M M 7 1 24 230
15 50 34 42 -6 23 0 0.02 M M 5.3 22 110 M M 6 27 120
16 53 33 43 -6 22 0 0.01 M M 6.2 17 290 M M 4 12 23 300
17 57 35 46 -3 19 0 T M M 6.4 15 240 M M 4 22 200
18 49 40 45 -4 20 0 1.53 M M 8.6 18 300 M M 10 1 25 210
19 51 39 45 -4 20 0 0.02 M M 5.5 20 180 M M 6 1 24 160
20 53 42 48 -1 17 0 0.23 M M 9.5 26 190 M M 7 1 36 180
21 54 44 49 0 16 0 0.28 M M 9.0 24 180 M M 9 1 32 190
22 58 42 50 1 15 0 0.00 M M 4.7 14 260 M M 5 1 18 290
23 59 41 50 0 15 0 0.00 M M 5.0 12 350 M M 4 15 270
24 56 37 47 -3 18 0 0.08 M M 8.6 23 240 M M 6 1 30 230
25 56 45 51 1 14 0 0.07 M M 7.0 16 190 M M 7 1 23 210
26 54 42 48 -2 17 0 0.30 M M 7.0 20 260 M M 7 1 26 250
27 55 41 48 -2 17 0 0.01 M M 6.7 16 240 M M 6 19 270
28 53 39 46 -4 19 0 0.06 M M 5.3 17 240 M M 8 1 23 240
29 58 45 52 1 13 0 0.71 M M 6.2 17 190 M M 10 1 24 180
30 56 43 50 -1 15 0 0.14 M M 6.7 15 240 M M 7 18 20 230
================================================================================
SM 1619 1181 543 0 6.75 M 225.1 M 197
================================================================================
AV 54.0 39.4 8.0 FASTST M M 7 MAX(MPH)
MISC ----> # 33 200 # 51 180
================================================================================
NOTES:
# LAST OF SEVERAL OCCURRENCES
COLUMN 17 PEAK WIND IN M.P.H.
PRELIMINARY LOCAL CLIMATOLOGICAL DATA (WS FORM: F-6) , PAGE 2
STATION: ASTORIA OR
MONTH: APRIL
YEAR: 2022
LATITUDE: 46 9 N
LONGITUDE: 123 53 W
[TEMPERATURE DATA] [PRECIPITATION DATA] SYMBOLS USED IN COLUMN 16
AVERAGE MONTHLY: 46.7 TOTAL FOR MONTH: 6.75 1 = FOG OR MIST
DPTR FM NORMAL: -2.0 DPTR FM NORMAL: 0.95 2 = FOG REDUCING VISIBILITY
HIGHEST: 71 ON 7 GRTST 24HR 1.53 ON 18-18 TO 1/4 MILE OR LESS
LOWEST: 33 ON 16, 6 3 = THUNDER
SNOW, ICE PELLETS, HAIL 4 = ICE PELLETS
TOTAL MONTH: M 5 = HAIL
GRTST 24HR M ON M 6 = FREEZING RAIN OR DRIZZLE
GRTST DEPTH: M ON M 7 = DUSTSTORM OR SANDSTORM:
VSBY 1/2 MILE OR LESS
8 = SMOKE OR HAZE
[NO. OF DAYS WITH] [WEATHER - DAYS WITH] 9 = BLOWING SNOW
X = TORNADO
MAX 32 OR BELOW: 0 0.01 INCH OR MORE: 26
MAX 90 OR ABOVE: 0 0.10 INCH OR MORE: 15
MIN 32 OR BELOW: 0 0.50 INCH OR MORE: 3
MIN 0 OR BELOW: 0 1.00 INCH OR MORE: 1
[HDD (BASE 65) ]
TOTAL THIS MO. 543 CLEAR (SCALE 0-3) 2
DPTR FM NORMAL 54 PTCLDY (SCALE 4-7) 18
TOTAL FM JUL 1 4328 CLOUDY (SCALE 8-10) 10
DPTR FM NORMAL -38
[CDD (BASE 65) ]
TOTAL THIS MO. 0
DPTR FM NORMAL 0 [PRESSURE DATA]
TOTAL FM JAN 1 0 HIGHEST SLP 30.48 ON 6
DPTR FM NORMAL 0 LOWEST SLP 29.50 ON 11
[REMARKS]
#FINAL-04-22#