000
CXUS56 KPQR 011155
CF6AST
PRELIMINARY LOCAL CLIMATOLOGICAL DATA (WS FORM: F-6)
STATION: ASTORIA OR
MONTH: MAY
YEAR: 2021
LATITUDE: 46 9 N
LONGITUDE: 123 53 W
TEMPERATURE IN F: :PCPN: SNOW: WIND :SUNSHINE: SKY :PK WND
================================================================================
1 2 3 4 5 6A 6B 7 8 9 10 11 12 13 14 15 16 17 18
12Z AVG MX 2MIN
DY MAX MIN AVG DEP HDD CDD WTR SNW DPTH SPD SPD DIR MIN PSBL S-S WX SPD DR
================================================================================
1 58 45 52 1 13 0 T M M 6.4 15 290 M M 8 18 20 250
2 60 44 52 1 13 0 0.00 M M 5.0 15 270 M M 4 19 290
3 54 44 49 -2 16 0 0.25 M M 5.7 16 210 M M 10 18 22 200
4 59 44 52 1 13 0 T M M 9.6 21 320 M M 6 1 25 320
5 74 40 57 5 8 0 0.00 M M 5.8 15 260 M M 1 1 18 260
6 58 46 52 0 13 0 0.05 M M 9.5 23 210 M M 5 1 31 190
7 56 42 49 -3 16 0 0.02 M M 9.2 18 300 M M 6 25 290
8 53 40 47 -5 18 0 0.06 M M 5.7 15 220 M M 9 18 21 220
9 58 49 54 2 11 0 0.01 M M 6.2 16 310 M M 8 1 20 320
10 58 49 54 2 11 0 0.00 M M 10.8 22 320 M M 6 8 26 310
11 65 40 53 0 12 0 0.00 M M 8.6 22 310 M M 1 25 310
12 63 50 57 4 8 0 0.00 M M 11.4 23 310 M M 5 28 320
13 63 49 56 3 9 0 0.00 M M 9.8 21 300 M M 7 1 25 300
14 57 48 53 0 12 0 0.00 M M 11.0 21 320 M M 9 1 25 310
15 59 49 54 1 11 0 0.00 M M 9.4 15 280 M M 8 20 310
16 58 49 54 0 11 0 0.00 M M 8.3 17 290 M M 10 1 22 280
17 57 47 52 -2 13 0 0.09 M M 9.8 22 210 M M 9 18 31 210
18 57 44 51 -3 14 0 0.02 M M 7.5 16 270 M M 4 22 270
19 56 41 49 -5 16 0 0.02 M M 11.6 22 320 M M 3 27 330
20 57 47 52 -2 13 0 T M M 8.3 17 270 M M 9 20 280
21 55 50 53 -1 12 0 0.00 M M 7.2 13 330 M M 10 17 320
22 58 49 54 0 11 0 0.00 M M 7.6 14 260 M M 8 21 290
23 57 51 54 0 11 0 0.01 M M 8.0 17 250 M M 10 1 21 230
24 61 51 56 1 9 0 0.26 M M 8.3 22 200 M M 10 18 32 210
25 59 50 55 0 10 0 0.03 M M 5.8 15 280 M M 10 18 18 250
26 60 50 55 0 10 0 0.00 M M 4.9 13 220 M M 6 21 250
27 58 51 55 0 10 0 0.31 M M 14.0 25 210 M M 10 1 34 190
28 61 45 53 -2 12 0 0.03 M M 9.8 21 320 M M 5 1 26 330
29 70 39 55 0 10 0 0.00 M M 7.7 24 310 M M 0 12 32 320
30 73 45 59 4 6 0 0.00 M M 5.5 13 310 M M 1 15 300
31 75 48 62 6 3 0 0.00 M M 7.0 15 320 M M 0 22 310
================================================================================
SM 1867 1436 355 0 1.16 M 255.4 M 198
================================================================================
AV 60.2 46.3 8.2 FASTST M M 6 MAX(MPH)
MISC ----> 25 210 34 190
================================================================================
NOTES:
# LAST OF SEVERAL OCCURRENCES
COLUMN 17 PEAK WIND IN M.P.H.
PRELIMINARY LOCAL CLIMATOLOGICAL DATA (WS FORM: F-6) , PAGE 2
STATION: ASTORIA OR
MONTH: MAY
YEAR: 2021
LATITUDE: 46 9 N
LONGITUDE: 123 53 W
[TEMPERATURE DATA] [PRECIPITATION DATA] SYMBOLS USED IN COLUMN 16
AVERAGE MONTHLY: 53.3 TOTAL FOR MONTH: 1.16 1 = FOG OR MIST
DPTR FM NORMAL: -0.1 DPTR FM NORMAL: -2.24 2 = FOG REDUCING VISIBILITY
HIGHEST: 75 ON 31 GRTST 24HR 0.31 ON 27-27 TO 1/4 MILE OR LESS
LOWEST: 39 ON 29 3 = THUNDER
SNOW, ICE PELLETS, HAIL 4 = ICE PELLETS
TOTAL MONTH: M 5 = HAIL
GRTST 24HR M ON M 6 = FREEZING RAIN OR DRIZZLE
GRTST DEPTH: M ON M 7 = DUSTSTORM OR SANDSTORM:
VSBY 1/2 MILE OR LESS
8 = SMOKE OR HAZE
[NO. OF DAYS WITH] [WEATHER - DAYS WITH] 9 = BLOWING SNOW
X = TORNADO
MAX 32 OR BELOW: 0 0.01 INCH OR MORE: 13
MAX 90 OR ABOVE: 0 0.10 INCH OR MORE: 3
MIN 32 OR BELOW: 0 0.50 INCH OR MORE: 0
MIN 0 OR BELOW: 0 1.00 INCH OR MORE: 0
[HDD (BASE 65) ]
TOTAL THIS MO. 355 CLEAR (SCALE 0-3) 5
DPTR FM NORMAL -6 PTCLDY (SCALE 4-7) 13
TOTAL FM JUL 1 4685 CLOUDY (SCALE 8-10) 13
DPTR FM NORMAL -43
[CDD (BASE 65) ]
TOTAL THIS MO. 0
DPTR FM NORMAL -2 [PRESSURE DATA]
TOTAL FM JAN 1 0 HIGHEST SLP 30.40 ON 8
DPTR FM NORMAL -2 LOWEST SLP 29.84 ON 5
[REMARKS]
#FINAL-05-21#