000
CXUS56 KPQR 011210
CF6AST
PRELIMINARY LOCAL CLIMATOLOGICAL DATA (WS FORM: F-6)
STATION: ASTORIA OR
MONTH: JANUARY
YEAR: 2021
LATITUDE: 46 9 N
LONGITUDE: 123 53 W
TEMPERATURE IN F: :PCPN: SNOW: WIND :SUNSHINE: SKY :PK WND
================================================================================
1 2 3 4 5 6A 6B 7 8 9 10 11 12 13 14 15 16 17 18
12Z AVG MX 2MIN
DY MAX MIN AVG DEP HDD CDD WTR SNW DPTH SPD SPD DIR MIN PSBL S-S WX SPD DR
================================================================================
1 56 47 52 9 13 0 0.35 M M 11.2 30 200 M M 10 1 43 210
2 52 42 47 4 18 0 3.20 M M 19.2 36 210 M M 10 1 52 220
3 54 42 48 5 17 0 0.54 M M 10.1 28 180 M M 9 18 40 180
4 54 45 50 7 15 0 0.89 M M 9.9 30 190 M M 9 1 56 190
5 52 40 46 3 19 0 0.77 M M 10.1 29 190 M M 8 1 40 180
6 49 38 44 1 21 0 0.74 M M 4.6 14 70 M M 6 12 17 70
7 52 39 46 3 19 0 0.03 M M 7.5 21 120 M M 5 12 29 130
8 51 33 42 -1 23 0 0.54 M M 5.2 16 310 M M 8 18 18 320
9 50 32 41 -3 24 0 0.28 M M 8.2 16 120 M M 3 1 22 120
10 52 42 47 3 18 0 0.28 M M 3.4 13 190 M M 8 1 19 190
11 54 44 49 5 16 0 2.36 M M 9.2 36 190 M M 9 1 53 210
12 55 48 52 8 13 0 2.24 M M 22.4 36 190 M M 10 1 55 210
13 52 42 47 3 18 0 0.02 M M 7.5 23 270 M M 4 1 32 250
14 57 40 49 5 16 0 0.20 M M 7.7 18 200 M M 5 1 30 210
15 53 37 45 1 20 0 0.18 M M 3.0 16 210 M M 7 12 24 190
16 49 40 45 1 20 0 T M M 4.7 12 70 M M 6 1 13 90
17 52 37 45 1 20 0 0.14 M M 6.0 13 350 M M 10 18 18 340
18 50 30 40 -4 25 0 0.00 M M 5.3 14 70 M M 3 12 18 80
19 53 31 42 -2 23 0 0.00 M M 2.2 12 90 M M 0 1 15 80
20 46 30 38 -6 27 0 0.01 M M 1.7 10 110 M M 6 11 110
21 49 42 46 2 19 0 T M M 5.7 13 60 M M 7 1 16 60
22 47 31 39 -5 26 0 0.00 M M 6.1 12 40 M M 5 15 20
23 44 26 35 -9 30 0 0.01 M M 2.3 8 240 M M 6 1 10 260
24 42 37 40 -4 25 0 0.80 M M 6.8 20 280 M M 10 1 26 300
25 41 31 36 -8 29 0 0.18 M M 4.0 10 150 M M 8 1 12 150
26 39 30 35 -9 30 0 0.12 M M 11.7 30 120 M M 8 1 42 120
27 43 33 38 -6 27 0 0.07 M M 5.6 14 120 M M 8 1 17 120
28 49 31 40 -4 25 0 0.01 M M 4.5 10 130 M M 7 1 13 120
29 45 27 36 -8 29 0 0.36 M M 4.9 15 190 M M 8 12 22 190
30 48 40 44 0 21 0 0.27 M M 6.6 17 200 M M 10 1 27 200
31 50 43 47 3 18 0 1.36 M M 5.1 24 180 M M 10 1 33 190
================================================================================
SM 1540 1150 664 0 15.95 M 222.4 M 223
================================================================================
AV 49.7 37.1 7.2 FASTST M M 7 MAX(MPH)
MISC ----> # 36 210 56 190
================================================================================
NOTES:
# LAST OF SEVERAL OCCURRENCES
COLUMN 17 PEAK WIND IN M.P.H.
PRELIMINARY LOCAL CLIMATOLOGICAL DATA (WS FORM: F-6) , PAGE 2
STATION: ASTORIA OR
MONTH: JANUARY
YEAR: 2021
LATITUDE: 46 9 N
LONGITUDE: 123 53 W
[TEMPERATURE DATA] [PRECIPITATION DATA] SYMBOLS USED IN COLUMN 16
AVERAGE MONTHLY: 43.4 TOTAL FOR MONTH: 15.95 1 = FOG OR MIST
DPTR FM NORMAL: -0.4 DPTR FM NORMAL: 5.75 2 = FOG REDUCING VISIBILITY
HIGHEST: 57 ON 14 GRTST 24HR 3.20 ON 2- 2 TO 1/4 MILE OR LESS
LOWEST: 26 ON 23 3 = THUNDER
SNOW, ICE PELLETS, HAIL 4 = ICE PELLETS
TOTAL MONTH: M 5 = HAIL
GRTST 24HR M ON M 6 = FREEZING RAIN OR DRIZZLE
GRTST DEPTH: M ON M 7 = DUSTSTORM OR SANDSTORM:
VSBY 1/2 MILE OR LESS
8 = SMOKE OR HAZE
[NO. OF DAYS WITH] [WEATHER - DAYS WITH] 9 = BLOWING SNOW
X = TORNADO
MAX 32 OR BELOW: 0 0.01 INCH OR MORE: 26
MAX 90 OR ABOVE: 0 0.10 INCH OR MORE: 20
MIN 32 OR BELOW: 10 0.50 INCH OR MORE: 10
MIN 0 OR BELOW: 0 1.00 INCH OR MORE: 4
[HDD (BASE 65) ]
TOTAL THIS MO. 664 CLEAR (SCALE 0-3) 2
DPTR FM NORMAL 5 PTCLDY (SCALE 4-7) 17
TOTAL FM JUL 1 2577 CLOUDY (SCALE 8-10) 12
DPTR FM NORMAL -189
[CDD (BASE 65) ]
TOTAL THIS MO. 0
DPTR FM NORMAL 0 [PRESSURE DATA]
TOTAL FM JAN 1 0 HIGHEST SLP 30.57 ON 17
DPTR FM NORMAL 0 LOWEST SLP 29.30 ON 26
[REMARKS]
#FINAL-01-21#