186
CXUS56 KPQR 011200
CF6AST
PRELIMINARY LOCAL CLIMATOLOGICAL DATA (WS FORM: F-6)
STATION: ASTORIA OR
MONTH: AUGUST
YEAR: 2020
LATITUDE: 46 9 N
LONGITUDE: 123 53 W
TEMPERATURE IN F: :PCPN: SNOW: WIND :SUNSHINE: SKY :PK WND
================================================================================
1 2 3 4 5 6A 6B 7 8 9 10 11 12 13 14 15 16 17 18
12Z AVG MX 2MIN
DY MAX MIN AVG DEP HDD CDD WTR SNW DPTH SPD SPD DIR MIN PSBL S-S WX SPD DR
================================================================================
1 70 56 63 2 2 0 0.00 M M 4.6 12 300 M M 6 1 15 290
2 68 51 60 -1 5 0 0.01 M M 4.7 14 260 M M 5 1 17 270
3 72 57 65 4 0 0 0.02 M M 5.3 10 280 M M 5 18 15 300
4 71 57 64 3 1 0 0.00 M M 7.6 20 310 M M 6 18 24 320
5 69 53 61 0 4 0 0.00 M M 6.6 14 270 M M 7 1 18 300
6 67 56 62 1 3 0 0.13 M M 7.8 18 330 M M 7 1 22 330
7 69 51 60 -1 5 0 0.00 M M 5.5 13 290 M M 3 1 18 270
8 69 58 64 3 1 0 0.03 M M 11.5 23 320 M M 5 1 28 320
9 71 52 62 1 3 0 0.00 M M 8.6 23 310 M M 1 29 310
10 68 52 60 -1 5 0 0.00 M M 11.4 22 310 M M 3 26 310
11 66 53 60 -1 5 0 0.00 M M 8.5 16 310 M M 8 18 20 320
12 67 51 59 -2 6 0 T M M 7.1 15 340 M M 5 20 350
13 67 44 56 -5 9 0 0.00 M M 8.1 17 300 M M 1 20 310
14 72 47 60 -1 5 0 0.00 M M 8.0 20 310 M M 0 26 310
15 86 50 68 7 0 3 0.00 M M 4.9 16 250 M M 0 1 18 230
16 80 54 67 6 0 2 0.00 M M 7.3 25 220 M M 1 1 35 220
17 72 55 64 3 1 0 0.00 M M 6.4 15 220 M M 6 1 22 220
18 71 55 63 2 2 0 0.00 M M 5.5 13 310 M M 6 18 16 340
19 68 52 60 -1 5 0 T M M 5.7 15 240 M M 7 128 20 230
20 71 59 65 4 0 0 0.06 M M 7.2 21 210 M M 9 1 30 220
21 66 59 63 2 2 0 0.20 M M 8.4 21 200 M M 7 1 30 210
22 71 53 62 1 3 0 0.01 M M 8.5 23 320 M M 2 12 28 310
23 71 49 60 -1 5 0 0.00 M M 9.2 20 330 M M 1 12 25 330
24 68 52 60 -1 5 0 0.00 M M 10.1 20 310 M M 5 23 340
25 69 57 63 2 2 0 0.00 M M 11.1 18 310 M M 3 25 290
26 68 50 59 -2 6 0 0.00 M M 12.2 22 330 M M 2 1 26 320
27 69 53 61 0 4 0 0.00 M M 10.9 18 310 M M 2 22 300
28 72 54 63 2 2 0 0.00 M M 10.6 23 330 M M 5 27 330
29 66 53 60 0 5 0 0.00 M M 11.5 21 320 M M 5 26 320
30 68 49 59 -1 6 0 0.01 M M 5.8 16 320 M M 6 1 20 300
31 67 54 61 1 4 0 0.03 M M 9.2 14 310 M M 4 1 17 320
================================================================================
SM 2169 1646 106 5 0.50 M 249.8 M 133
================================================================================
AV 70.0 53.1 8.1 FASTST M M 4 MAX(MPH)
MISC ----> # 25 220 # 35 220
================================================================================
NOTES:
# LAST OF SEVERAL OCCURRENCES
COLUMN 17 PEAK WIND IN M.P.H.
PRELIMINARY LOCAL CLIMATOLOGICAL DATA (WS FORM: F-6) , PAGE 2
STATION: ASTORIA OR
MONTH: AUGUST
YEAR: 2020
LATITUDE: 46 9 N
LONGITUDE: 123 53 W
[TEMPERATURE DATA] [PRECIPITATION DATA] SYMBOLS USED IN COLUMN 16
AVERAGE MONTHLY: 61.5 TOTAL FOR MONTH: 0.50 1 = FOG OR MIST
DPTR FM NORMAL: 0.6 DPTR FM NORMAL: -0.66 2 = FOG REDUCING VISIBILITY
HIGHEST: 86 ON 15 GRTST 24HR 0.20 ON 21-21 TO 1/4 MILE OR LESS
LOWEST: 44 ON 13 3 = THUNDER
SNOW, ICE PELLETS, HAIL 4 = ICE PELLETS
TOTAL MONTH: M 5 = HAIL
GRTST 24HR M ON M 6 = FREEZING RAIN OR DRIZZLE
GRTST DEPTH: M ON M 7 = DUSTSTORM OR SANDSTORM:
VSBY 1/2 MILE OR LESS
8 = SMOKE OR HAZE
[NO. OF DAYS WITH] [WEATHER - DAYS WITH] 9 = BLOWING SNOW
X = TORNADO
MAX 32 OR BELOW: 0 0.01 INCH OR MORE: 9
MAX 90 OR ABOVE: 0 0.10 INCH OR MORE: 2
MIN 32 OR BELOW: 0 0.50 INCH OR MORE: 0
MIN 0 OR BELOW: 0 1.00 INCH OR MORE: 0
[HDD (BASE 65) ]
TOTAL THIS MO. 106 CLEAR (SCALE 0-3) 11
DPTR FM NORMAL -25 PTCLDY (SCALE 4-7) 19
TOTAL FM JUL 1 253 CLOUDY (SCALE 8-10) 1
DPTR FM NORMAL -28
[CDD (BASE 65) ]
TOTAL THIS MO. 5
DPTR FM NORMAL 1 [PRESSURE DATA]
TOTAL FM JAN 1 10 HIGHEST SLP 30.28 ON 9
DPTR FM NORMAL 3 LOWEST SLP 29.77 ON 21
[REMARKS]
#FINAL-08-20#