000
CXUS52 KFFC 011110
CF6ATL
PRELIMINARY LOCAL CLIMATOLOGICAL DATA (WS FORM: F-6)
STATION: ATLANTA
MONTH: JANUARY
YEAR: 2022
LATITUDE: 33 39 N
LONGITUDE: 84 26 W
TEMPERATURE IN F: :PCPN: SNOW: WIND :SUNSHINE: SKY :PK WND
================================================================================
1 2 3 4 5 6A 6B 7 8 9 10 11 12 13 14 15 16 17 18
12Z AVG MX 2MIN
DY MAX MIN AVG DEP HDD CDD WTR SNW DPTH SPD SPD DIR MIN PSBL S-S WX SPD DR
================================================================================
1 78 68 73 28 0 8 0.06 0.0 M 11.8 23 210 M M 8 1 40 200
2 73 51 62 17 3 0 1.33 0.0 0 9.3 30 310 M M 9 13 39 200
3 51 31 41 -4 24 0 0.18 T 0 17.8 36 290 M M 6 18 51 290
4 51 30 41 -4 24 0 0.00 0.0 M 7.7 15 130 M M 2 8 20 120
5 59 42 51 6 14 0 0.00 0.0 0 5.5 16 260 M M 5 21 260
6 63 37 50 5 15 0 0.05 0.0 0 10.4 24 320 M M 6 18 35 180
7 41 28 35 -10 30 0 0.00 0.0 0 10.0 21 310 M M 5 28 330
8 52 30 41 -4 24 0 0.00 0.0 0 9.5 17 90 M M 3 22 90
9 65 43 54 10 11 0 0.49 0.0 M 8.3 22 300 M M 10 13 30 310
10 53 35 44 0 21 0 0.00 0.0 0 14.5 24 350 M M 3 32 350
11 51 30 41 -3 24 0 0.00 0.0 0 6.2 22 350 M M 0 32 350
12 56 32 44 0 21 0 0.00 0.0 0 3.2 8 180 M M 3 11 200
13 62 38 50 6 15 0 T 0.0 0 9.0 21 300 M M 6 28 300
14 56 39 48 4 17 0 0.00 0.0 0 8.6 18 330 M M 5 24 330
15 47 40 44 0 21 0 0.17 0.0 0 10.5 24 80 M M 9 1 31 80
16 40 34 37 -7 28 0 0.75 0.3 M 16.7 36 80 M M 10 14 53 80
17 37 33 35 -9 30 0 0.00 0.0 0 14.9 28 280 M M 10 38 260
18 56 30 43 -1 22 0 0.00 0.0 0 5.6 20 340 M M 4 26 360
19 62 35 49 4 16 0 0.00 0.0 0 5.6 14 190 M M 7 21 220
20 53 32 43 -2 22 0 0.31 0.0 0 11.9 21 330 M M 10 1 28 320
21 38 31 35 -10 30 0 0.01 M M 8.9 15 330 M M 10 16 20 330
22 45 30 38 -7 27 0 T T 0 5.7 12 340 M M 6 1 17 350
23 54 26 40 -5 25 0 0.00 0.0 0 8.3 16 270 M M 1 24 280
24 60 33 47 2 18 0 0.00 0.0 M 7.6 14 280 M M 4 20 250
25 60 43 52 7 13 0 0.00 0.0 0 7.0 18 330 M M 8 22 330
26 52 30 41 -4 24 0 0.00 0.0 M 10.5 20 320 M M 2 25 320
27 54 33 44 -1 21 0 0.00 0.0 0 7.2 16 90 M M 3 22 80
28 52 31 42 -3 23 0 0.02 0.2 0 9.6 28 320 M M 8 1 37 320
29 38 26 32 -13 33 0 T T M 13.1 29 340 M M 2 18 39 330
30 58 26 42 -4 23 0 0.00 0.0 M 8.3 20 270 M M 0 31 240
31 59 36 48 2 17 0 0.00 0.0 0 5.1 12 280 M M 5 17 320
================================================================================
SM 1676 1083 636 8 3.37 0.5 288.3 M 170
================================================================================
AV 54.1 34.9 9.3 FASTST M M 5 MAX(MPH)
MISC ----> # 36 290 53 80
================================================================================
NOTES:
# LAST OF SEVERAL OCCURRENCES
COLUMN 17 PEAK WIND IN M.P.H.
PRELIMINARY LOCAL CLIMATOLOGICAL DATA (WS FORM: F-6) , PAGE 2
STATION: ATLANTA
MONTH: JANUARY
YEAR: 2022
LATITUDE: 33 39 N
LONGITUDE: 84 26 W
[TEMPERATURE DATA] [PRECIPITATION DATA] SYMBOLS USED IN COLUMN 16
AVERAGE MONTHLY: 44.5 TOTAL FOR MONTH: 3.37 1 = FOG OR MIST
DPTR FM NORMAL: -0.3 DPTR FM NORMAL: -1.22 2 = FOG REDUCING VISIBILITY
HIGHEST: 78 ON 1 GRTST 24HR 1.33 ON 2- 2 TO 1/4 MILE OR LESS
LOWEST: 26 ON 30,29 3 = THUNDER
SNOW, ICE PELLETS, HAIL 4 = ICE PELLETS
TOTAL MONTH: 0.5 INCH 5 = HAIL
GRTST 24HR 0.3 ON 16-16 6 = FREEZING RAIN OR DRIZZLE
GRTST DEPTH: 0 7 = DUSTSTORM OR SANDSTORM:
VSBY 1/2 MILE OR LESS
8 = SMOKE OR HAZE
[NO. OF DAYS WITH] [WEATHER - DAYS WITH] 9 = BLOWING SNOW
X = TORNADO
MAX 32 OR BELOW: 0 0.01 INCH OR MORE: 10
MAX 90 OR ABOVE: 0 0.10 INCH OR MORE: 6
MIN 32 OR BELOW: 15 0.50 INCH OR MORE: 2
MIN 0 OR BELOW: 0 1.00 INCH OR MORE: 1
[HDD (BASE 65) ]
TOTAL THIS MO. 636 CLEAR (SCALE 0-3) 10
DPTR FM NORMAL 9 PTCLDY (SCALE 4-7) 14
TOTAL FM JUL 1 1342 CLOUDY (SCALE 8-10) 7
DPTR FM NORMAL -270
[CDD (BASE 65) ]
TOTAL THIS MO. 8
DPTR FM NORMAL 7 [PRESSURE DATA]
TOTAL FM JAN 1 8 HIGHEST SLP 30.55 ON 8
DPTR FM NORMAL 7 LOWEST SLP 29.51 ON 16
[REMARKS]
#FINAL-01-22#