000
CXUS52 KFFC 011110
CF6ATL
PRELIMINARY LOCAL CLIMATOLOGICAL DATA (WS FORM: F-6)
STATION: ATLANTA
MONTH: MARCH
YEAR: 2020
LATITUDE: 33 39 N
LONGITUDE: 84 26 W
TEMPERATURE IN F: :PCPN: SNOW: WIND :SUNSHINE: SKY :PK WND
================================================================================
1 2 3 4 5 6A 6B 7 8 9 10 11 12 13 14 15 16 17 18
12Z AVG MX 2MIN
DY MAX MIN AVG DEP HDD CDD WTR SNW DPTH SPD SPD DIR MIN PSBL S-S WX SPD DR
================================================================================
1 64 34 49 -1 16 0 0.00 0.0 0 4.8 13 190 M M 5 17 200
2 57 47 52 1 13 0 0.95 0.0 0 6.4 14 180 M M 9 1 16 170
3 69 57 63 12 2 0 0.49 0.0 0 8.5 21 240 M M 9 13 28 220
4 62 53 58 7 7 0 1.02 0.0 0 5.7 13 330 M M 10 13 16 330
5 53 50 52 0 13 0 1.57 0.0 0 11.1 23 80 M M 10 13 28 80
6 58 41 50 -2 15 0 0.00 0.0 0 16.0 30 300 M M 2 38 310
7 59 33 46 -6 19 0 0.00 0.0 0 7.6 20 340 M M 1 27 360
8 62 38 50 -2 15 0 0.00 0.0 0 6.1 15 170 M M 5 21 170
9 67 43 55 2 10 0 0.00 0.0 0 7.2 18 180 M M 7 8 25 180
10 66 55 61 8 4 0 0.05 0.0 0 6.8 18 240 M M 9 24 240
11 72 55 64 11 1 0 0.23 0.0 0 6.6 18 310 M M 8 1 25 290
12 76 60 68 15 0 3 0.04 0.0 0 6.0 15 220 M M 9 1 22 230
13 71 62 67 13 0 2 T 0.0 0 7.9 15 230 M M 9 22 250
14 81 57 69 15 0 4 0.00 0.0 0 6.4 14 60 M M 7 19 200
15 71 57 64 10 1 0 0.03 0.0 0 8.5 16 320 M M 8 21 350
16 58 52 55 1 10 0 T 0.0 0 9.3 20 70 M M 10 1 22 70
17 68 51 60 5 5 0 T 0.0 0 4.1 12 80 M M 9 18 13 90
18 78 56 67 12 0 2 T 0.0 0 6.3 13 150 M M 7 18 20 30
19 81 59 70 15 0 5 0.00 0.0 0 7.1 18 190 M M 9 12 27 180
20 83 62 73 18 0 8 0.01 0.0 0 9.3 26 320 M M 7 33 320
21 74 52 63 7 2 0 0.09 0.0 0 9.3 18 340 M M 7 1 22 310
22 63 47 55 -1 10 0 0.03 0.0 0 10.1 18 90 M M 9 1 23 100
23 64 51 58 2 7 0 1.45 0.0 0 6.7 15 80 M M 8 12 18 100
24 78 60 69 13 0 4 0.57 0.0 0 7.2 21 220 M M 9 123 29 210
25 73 58 66 9 0 1 0.58 0.0 0 9.5 17 340 M M 3 13 23 340
26 80 52 66 9 0 1 0.00 0.0 0 5.8 13 170 M M 4 17 170
27 85 60 73 16 0 8 0.00 0.0 0 6.6 16 210 M M 6 21 200
28 84 66 75 18 0 10 0.00 0.0 0 9.7 20 240 M M 8 27 230
29 79 66 73 15 0 8 T 0.0 0 10.4 23 310 M M 8 27 200
30 75 60 68 10 0 3 0.00 0.0 0 9.5 17 330 M M 8 24 350
31 64 49 57 -1 8 0 0.34 0.0 0 11.1 24 330 M M 10 13 46 300
================================================================================
SM 2175 1643 158 59 7.45 0.0 247.6 M 230
================================================================================
AV 70.2 53.0 8.0 FASTST M M 7 MAX(MPH)
MISC ----> # 30 300 # 46 300
================================================================================
NOTES:
# LAST OF SEVERAL OCCURRENCES
COLUMN 17 PEAK WIND IN M.P.H.
PRELIMINARY LOCAL CLIMATOLOGICAL DATA (WS FORM: F-6) , PAGE 2
STATION: ATLANTA
MONTH: MARCH
YEAR: 2020
LATITUDE: 33 39 N
LONGITUDE: 84 26 W
[TEMPERATURE DATA] [PRECIPITATION DATA] SYMBOLS USED IN COLUMN 16
AVERAGE MONTHLY: 61.6 TOTAL FOR MONTH: 7.45 1 = FOG OR MIST
DPTR FM NORMAL: 7.3 DPTR FM NORMAL: 2.64 2 = FOG REDUCING VISIBILITY
HIGHEST: 85 ON 27 GRTST 24HR 1.57 ON 5- 5 TO 1/4 MILE OR LESS
LOWEST: 33 ON 7 3 = THUNDER
SNOW, ICE PELLETS, HAIL 4 = ICE PELLETS
TOTAL MONTH: 0.0 INCH 5 = HAIL
GRTST 24HR 0.0 6 = FREEZING RAIN OR DRIZZLE
GRTST DEPTH: 0 7 = DUSTSTORM OR SANDSTORM:
VSBY 1/2 MILE OR LESS
8 = SMOKE OR HAZE
[NO. OF DAYS WITH] [WEATHER - DAYS WITH] 9 = BLOWING SNOW
X = TORNADO
MAX 32 OR BELOW: 0 0.01 INCH OR MORE: 15
MAX 90 OR ABOVE: 0 0.10 INCH OR MORE: 9
MIN 32 OR BELOW: 0 0.50 INCH OR MORE: 6
MIN 0 OR BELOW: 0 1.00 INCH OR MORE: 3
[HDD (BASE 65) ]
TOTAL THIS MO. 158 CLEAR (SCALE 0-3) 3
DPTR FM NORMAL -184 PTCLDY (SCALE 4-7) 14
TOTAL FM JUL 1 1918 CLOUDY (SCALE 8-10) 14
DPTR FM NORMAL -679
[CDD (BASE 65) ]
TOTAL THIS MO. 59
DPTR FM NORMAL 47 [PRESSURE DATA]
TOTAL FM JAN 1 59 HIGHEST SLP 30.60 ON 8
DPTR FM NORMAL 46 LOWEST SLP 29.62 ON 31
[REMARKS]
#FINAL-03-20#