000
CXUS54 KMAF 011110
CF6ATS
PRELIMINARY LOCAL CLIMATOLOGICAL DATA (WS FORM: F-6)
STATION: ARTESIA
MONTH: AUGUST
YEAR: 2021
LATITUDE: 32 54 N
LONGITUDE: 104 30 W
TEMPERATURE IN F: :PCPN: SNOW: WIND :SUNSHINE: SKY :PK WND
================================================================================
1 2 3 4 5 6A 6B 7 8 9 10 11 12 13 14 15 16 17 18
12Z AVG MX 2MIN
DY MAX MIN AVG DEP HDD CDD WTR SNW DPTH SPD SPD DIR MIN PSBL S-S WX SPD DR
================================================================================
1 88 72 80 M 0 15 0.12 M M 11.9 21 360 M M 4 29 80
2 81 68 75 M 0 10 0.00 M M 7.3 13 360 M M 5 18 30
3 84 66 75 M 0 10 0.00 M M 6.8 14 160 M M 1 22 160
4 86 66 76 M 0 11 0.00 M M 5.8 12 140 M M 3 17 140
5 90 64 77 M 0 12 0.00 M M 5.4 10 240 M M 0 12 0
6 93 64 79 M 0 14 0.00 M M 9.0 16 140 M M 0 24 140
7 97 68 83 M 0 18 0.00 M M 10.4 22 290 M M 0 37 290
8 97 66 82 M 0 17 0.00 M M 7.6 15 260 M M 0 21 350
9 100 66 83 M 0 18 0.00 M M 7.8 22 280 M M 0 22 180
10 97 70 84 M 0 19 0.00 M M 9.4 20 230 M M 1 31 230
11 93 73 83 M 0 18 0.00 M M 10.2 23 240 M M 1 35 240
12 88 68 78 M 0 13 0.66 M M 10.5 23 230 M M 2 13 33 230
13 79 66 73 M 0 8 0.93 M M 3.9 9 220 M M 6 3 12 99
14 75 66 71 M 0 6 0.09 M M 4.8 13 100 M M 6 12 170
15 81 68 75 M 0 10 0.00 M M 6.2 15 150 M M 4 17 160
16 84 64 74 M 0 9 0.00 M M 7.0 18 210 M M 1 1 21 210
17 84 64 74 M 0 9 0.00 M M 6.7 13 60 M M 2 25 60
18 90 66 78 M 0 13 0.00 M M 9.1 17 210 M M 2 12 25 210
19 93 68 81 M 0 16 0.00 M M 9.3 18 220 M M 0 25 220
20 95 68 82 M 0 17 0.00 M M 7.1 14 170 M M 0 26 220
21 91 66 79 M 0 14 0.00 M M 6.1 20 140 M M 0 29 140
22 90 68 79 M 0 14 0.00 M M 7.2 15 150 M M 0 23 170
23 93 66 80 M 0 15 0.00 M M 7.3 13 140 M M 0 16 160
24 95 68 82 M 0 17 0.00 M M 5.1 9 220 M M 0 13 210
25 95 66 81 M 0 16 0.00 M M 7.5 14 160 M M 0 22 160
26 90 64 77 M 0 12 0.00 M M 6.3 14 180 M M 1 18 180
27 91 64 78 M 0 13 0.00 M M 7.5 15 150 M M 0 23 180
28 93 66 80 M 0 15 0.00 M M 7.3 14 170 M M 0 21 170
29 91 66 79 M 0 14 0.00 M M 6.8 14 130 M M 2 24 130
30 90 66 78 M 0 13 0.00 M M 5.5 13 10 M M 1 12 0
31 93 68 81 M 0 16 0.00 M M 4.8 8 280 M M 0 14 100
================================================================================
SM 2787 2069 0 422 1.80 M 227.8 M 42
================================================================================
AV 89.9 66.7 7.3 FASTST M M 1 MAX(MPH)
MISC ----> # 23 240 37 290
================================================================================
NOTES:
# LAST OF SEVERAL OCCURRENCES
COLUMN 17 PEAK WIND IN M.P.H.
PRELIMINARY LOCAL CLIMATOLOGICAL DATA (WS FORM: F-6) , PAGE 2
STATION: ARTESIA
MONTH: AUGUST
YEAR: 2021
LATITUDE: 32 54 N
LONGITUDE: 104 30 W
[TEMPERATURE DATA] [PRECIPITATION DATA] SYMBOLS USED IN COLUMN 16
AVERAGE MONTHLY: 78.3 TOTAL FOR MONTH: 1.80 1 = FOG OR MIST
DPTR FM NORMAL: 0.0 DPTR FM NORMAL: M 2 = FOG REDUCING VISIBILITY
HIGHEST: 100 ON 9 GRTST 24HR 0.93 ON 13-13 TO 1/4 MILE OR LESS
LOWEST: 64 ON 27,26 3 = THUNDER
SNOW, ICE PELLETS, HAIL 4 = ICE PELLETS
TOTAL MONTH: M 5 = HAIL
GRTST 24HR M ON M 6 = FREEZING RAIN OR DRIZZLE
GRTST DEPTH: M ON M 7 = DUSTSTORM OR SANDSTORM:
VSBY 1/2 MILE OR LESS
8 = SMOKE OR HAZE
[NO. OF DAYS WITH] [WEATHER - DAYS WITH] 9 = BLOWING SNOW
X = TORNADO
MAX 32 OR BELOW: 0 0.01 INCH OR MORE: 4
MAX 90 OR ABOVE: 21 0.10 INCH OR MORE: 3
MIN 32 OR BELOW: 0 0.50 INCH OR MORE: 2
MIN 0 OR BELOW: 0 1.00 INCH OR MORE: 0
[HDD (BASE 65) ]
TOTAL THIS MO. 0 CLEAR (SCALE 0-3) 26
DPTR FM NORMAL M PTCLDY (SCALE 4-7) 5
TOTAL FM JUL 1 0 CLOUDY (SCALE 8-10) 0
DPTR FM NORMAL M
[CDD (BASE 65) ]
TOTAL THIS MO. 422
DPTR FM NORMAL M [PRESSURE DATA]
TOTAL FM JAN 1 1626 HIGHEST SLP M ON M
DPTR FM NORMAL M LOWEST SLP M ON M
[REMARKS]
#FINAL-08-21#