000
CXUS54 KEWX 151524
CF6ATT
PRELIMINARY LOCAL CLIMATOLOGICAL DATA (WS FORM: F-6)
STATION: AUSTIN CAMP MABRY
MONTH: DECEMBER
YEAR: 2021
LATITUDE: 30 17 N
LONGITUDE: 97 42 W
TEMPERATURE IN F: :PCPN: SNOW: WIND :SUNSHINE: SKY :PK WND
================================================================================
1 2 3 4 5 6A 6B 7 8 9 10 11 12 13 14 15 16 17 18
12Z AVG MX 2MIN
DY MAX MIN AVG DEP HDD CDD WTR SNW DPTH SPD SPD DIR MIN PSBL S-S WX SPD DR
================================================================================
1 76 50 63 7 2 0 0.00 0.0 0 1.5 9 220 M M 0 12 16 220
2 81 52 67 11 0 2 0.00 0.0 0 1.3 8 160 M M 1 12 19 160
3 75 62 69 13 0 4 0.03 0.0 0 3.1 9 150 M M 5 1 17 140
4 78 64 71 15 0 6 0.00 0.0 0 2.6 9 150 M M 7 1 17 150
5 80 67 74 18 0 9 T 0.0 0 5.0 12 190 M M 9 23 190
6 73 47 60 5 5 0 T 0.0 0 6.4 15 360 M M 6 32 350
7 69 40 55 0 10 0 0.00 0.0 0 2.2 8 160 M M 0 17 140
8 79 45 62 7 3 0 0.00 0.0 0 1.9 9 120 M M 0 8 17 190
9 79 62 71 16 0 6 0.00 0.0 0 4.2 14 210 M M 6 18 26 220
10 85 71 78 24 0 13 0.01 0.0 0 4.3 13 200 M M 6 18 25 200
11 72 40 56 2 9 0 0.00 0.0 0 7.2 20 360 M M 4 38 350
12 62 33 48 -6 17 0 0.00 0.0 0 1.5 8 130 M M 0 11 110
13 65 44 55 1 10 0 0.00 0.0 0 1.6 6 110 M M 6 1 M M
14 77 58 68 14 0 3 0.01 0.0 0 1.3 12 200 M M 9 12 24 190
15 81 69 75 21 0 10 T 0.0 0 7.2 14 150 M M 9 30 180
16 79 71 75 22 0 10 T 0.0 0 4.4 12 160 M M 9 23 190
17 79 71 75 22 0 10 T 0.0 0 6.7 12 140 M M 9 27 160
18 72 46 59 6 6 0 1.63 0.0 0 7.5 18 10 M M 8 13 34 280
19 56 40 48 -5 17 0 0.01 0.0 0 4.6 10 360 M M 5 21 10
20 60 43 52 -1 13 0 0.00 0.0 0 0.8 7 80 M M 4 11 60
21 68 38 53 0 12 0 0.00 0.0 0 1.7 8 170 M M 0 1 16 140
22 75 49 62 10 3 0 0.00 0.0 0 4.1 13 150 M M 0 21 150
23 71 55 63 11 2 0 0.00 0.0 0 3.9 13 200 M M 5 1 22 140
24 78 61 70 18 0 5 0.00 0.0 0 6.4 14 200 M M 5 28 210
25 79 62 71 19 0 6 0.00 0.0 0 3.6 12 200 M M 5 1 26 190
26 76 60 68 16 0 3 0.00 0.0 0 4.0 13 200 M M 6 18 24 190
27 79 67 73 21 0 8 0.00 0.0 0 6.1 12 200 M M 7 25 200
28 75 62 69 17 0 4 T 0.0 0 3.4 10 200 M M 7 18 23 190
29 82 59 71 19 0 6 0.00 0.0 0 1.4 8 280 M M 5 128 15 310
30 82 57 70 18 0 5 0.00 0.0 0 2.3 10 150 M M 1 1 17 140
31 83 66 75 23 0 10 0.00 0.0 0 5.2 13 140 M M 8 18 25 160
================================================================================
SM 2326 1711 109 120 1.69 0.0 117.4 M 152
================================================================================
AV 75.0 55.2 3.8 FASTST M M 5 MAX(MPH)
MISC ----> 20 360 38 350
================================================================================
NOTES:
# LAST OF SEVERAL OCCURRENCES
COLUMN 17 PEAK WIND IN M.P.H.
PRELIMINARY LOCAL CLIMATOLOGICAL DATA (WS FORM: F-6) , PAGE 2
STATION: AUSTIN CAMP MABRY
MONTH: DECEMBER
YEAR: 2021
LATITUDE: 30 17 N
LONGITUDE: 97 42 W
[TEMPERATURE DATA] [PRECIPITATION DATA] SYMBOLS USED IN COLUMN 16
AVERAGE MONTHLY: 65.1 TOTAL FOR MONTH: 1.69 1 = FOG OR MIST
DPTR FM NORMAL: 11.5 DPTR FM NORMAL: -1.03 2 = FOG REDUCING VISIBILITY
HIGHEST: 85 ON 10 GRTST 24HR 1.63 ON 18-18 TO 1/4 MILE OR LESS
LOWEST: 33 ON 12 3 = THUNDER
SNOW, ICE PELLETS, HAIL 4 = ICE PELLETS
TOTAL MONTH: 0.0 INCH 5 = HAIL
GRTST 24HR 0.0 6 = FREEZING RAIN OR DRIZZLE
GRTST DEPTH: 0 7 = DUSTSTORM OR SANDSTORM:
VSBY 1/2 MILE OR LESS
8 = SMOKE OR HAZE
[NO. OF DAYS WITH] [WEATHER - DAYS WITH] 9 = BLOWING SNOW
X = TORNADO
MAX 32 OR BELOW: 0 0.01 INCH OR MORE: 5
MAX 90 OR ABOVE: 0 0.10 INCH OR MORE: 1
MIN 32 OR BELOW: 0 0.50 INCH OR MORE: 1
MIN 0 OR BELOW: 0 1.00 INCH OR MORE: 1
[HDD (BASE 65) ]
TOTAL THIS MO. 109 CLEAR (SCALE 0-3) 8
DPTR FM NORMAL -259 PTCLDY (SCALE 4-7) 16
TOTAL FM JUL 1 252 CLOUDY (SCALE 8-10) 7
DPTR FM NORMAL -332
[CDD (BASE 65) ]
TOTAL THIS MO. 120
DPTR FM NORMAL 104 [PRESSURE DATA]
TOTAL FM JAN 1 3435 HIGHEST SLP 30.39 ON 19
DPTR FM NORMAL 145 LOWEST SLP 29.63 ON 31
[REMARKS]
#FINAL-12-21#