000
CXUS53 KGID 011238
CF6AUH
PRELIMINARY LOCAL CLIMATOLOGICAL DATA (WS FORM: F-6)
STATION: AURORA
MONTH: JUNE
YEAR: 2020
LATITUDE: 40 54 N
LONGITUDE: 97 59 W
TEMPERATURE IN F: :PCPN: SNOW: WIND :SUNSHINE: SKY :PK WND
================================================================================
1 2 3 4 5 6A 6B 7 8 9 10 11 12 13 14 15 16 17 18
12Z AVG MX 2MIN
DY MAX MIN AVG DEP HDD CDD WTR SNW DPTH SPD SPD DIR MIN PSBL S-S WX SPD DR
================================================================================
1 94 67 81 14 0 16 0.00 M M 19.0 25 200 M M 0 33 190
2 96 68 82 15 0 17 0.00 M M 13.8 21 210 M M 0 25 210
3 93 64 79 12 0 14 0.47 M M 9.3 31 10 M M 2 3 41 10
4 93 63 78 10 0 13 T M M 7.4 18 40 M M 0 3 28 40
5 92 65 79 11 0 14 T M M 8.8 14 130 M M 0 20 120
6 96 74 85 17 0 20 0.00 M M 13.6 23 170 M M 0 29 170
7 94 77 86 17 0 21 0.00 M M 23.0 33 170 M M 0 41 160
8 93 75 84 15 0 19 0.00 M M 20.2 27 150 M M 1 37 170
9 76 59 68 -1 0 3 0.08 M M 21.0 40 360 M M 8 3 52 350
10 77 55 66 -4 0 1 T M M 19.5 30 330 M M 3 39 350
11 88 54 71 1 0 6 0.00 M M 5.9 10 10 M M 0 M M
12 91 62 77 7 0 12 0.00 M M 8.2 13 110 M M 0 18 110
13 94 63 79 8 0 14 0.00 M M 14.4 24 140 M M 0 36 140
14 96 71 84 13 0 19 0.00 M M 18.1 22 140 M M 0 32 190
15 94 72 83 12 0 18 0.00 M M 17.6 25 170 M M 0 31 190
16 93 71 82 10 0 17 0.00 M M 18.0 25 170 M M 1 35 180
17 95 72 84 12 0 19 0.00 M M 18.8 27 170 M M 0 36 170
18 85 65 75 3 0 10 0.00 M M 14.3 22 350 M M 5 3 27 160
19 73 62 68 -4 0 3 0.03 M M 6.4 12 90 M M 10 17 90
20 85 62 74 1 0 9 T M M 5.1 9 220 M M 6 13 M M
21 85 64 75 2 0 10 T M M 10.2 18 200 M M 2 3 28 200
22 85 62 74 1 0 9 0.11 M M 8.5 24 20 M M 3 3 33 20
23 82 57 70 -3 0 5 0.00 M M 6.3 13 20 M M 4 1 18 10
24 85 55 70 -4 0 5 0.00 M M 3.7 9 130 M M 0 M M
25 94 65 80 6 0 15 0.00 M M 12.3 17 170 M M 1 27 170
26 90 68 79 5 0 14 0.01 M M 4.6 10 230 M M 2 M M
27 86 67 77 3 0 12 0.02 M M 6.8 12 190 M M 3 3 16 210
28 89 67 78 4 0 13 0.61 M M 11.7 17 170 M M 3 3 28 140
29 90 76 83 9 0 18 0.00 M M 14.7 21 150 M M 4 28 150
30 90 69 80 5 0 15 0.52 M M 12.2 18 140 M M 6 3 24 160
================================================================================
SM 2674 1971 0 381 1.85 M 373.4 M 64
================================================================================
AV 89.1 65.7 12.4 FASTST M M 2 MAX(MPH)
MISC ----> # 40 360 # M M
================================================================================
NOTES:
# LAST OF SEVERAL OCCURRENCES
COLUMN 17 PEAK WIND IN M.P.H.
PRELIMINARY LOCAL CLIMATOLOGICAL DATA (WS FORM: F-6) , PAGE 2
STATION: AURORA
MONTH: JUNE
YEAR: 2020
LATITUDE: 40 54 N
LONGITUDE: 97 59 W
[TEMPERATURE DATA] [PRECIPITATION DATA] SYMBOLS USED IN COLUMN 16
AVERAGE MONTHLY: 77.4 TOTAL FOR MONTH: 1.85 1 = FOG OR MIST
DPTR FM NORMAL: 6.3 DPTR FM NORMAL: -2.99 2 = FOG REDUCING VISIBILITY
HIGHEST: 96 ON 14, 6 GRTST 24HR 0.61 ON 28-28 TO 1/4 MILE OR LESS
LOWEST: 54 ON 11 3 = THUNDER
SNOW, ICE PELLETS, HAIL 4 = ICE PELLETS
TOTAL MONTH: M 5 = HAIL
GRTST 24HR M ON M 6 = FREEZING RAIN OR DRIZZLE
GRTST DEPTH: M ON M 7 = DUSTSTORM OR SANDSTORM:
VSBY 1/2 MILE OR LESS
8 = SMOKE OR HAZE
[NO. OF DAYS WITH] [WEATHER - DAYS WITH] 9 = BLOWING SNOW
X = TORNADO
MAX 32 OR BELOW: 0 0.01 INCH OR MORE: 8
MAX 90 OR ABOVE: 18 0.10 INCH OR MORE: 4
MIN 32 OR BELOW: 0 0.50 INCH OR MORE: 2
MIN 0 OR BELOW: 0 1.00 INCH OR MORE: 0
[HDD (BASE 65) ]
TOTAL THIS MO. 0 CLEAR (SCALE 0-3) 21
DPTR FM NORMAL -25 PTCLDY (SCALE 4-7) 8
TOTAL FM JUL 1 5686 CLOUDY (SCALE 8-10) 1
DPTR FM NORMAL -560
[CDD (BASE 65) ]
TOTAL THIS MO. 381
DPTR FM NORMAL 173 [PRESSURE DATA]
TOTAL FM JAN 1 417 HIGHEST SLP M ON M
DPTR FM NORMAL 142 LOWEST SLP M ON M
[REMARKS]
#FINAL-06-20#