000
CXUS54 KEWX 232012
CF6AUS
PRELIMINARY LOCAL CLIMATOLOGICAL DATA (WS FORM: F-6)
STATION: AUSTIN BERGSTROM
MONTH: MAY
YEAR: 2022
LATITUDE: 30 13 N
LONGITUDE: 97 40 W
TEMPERATURE IN F: :PCPN: SNOW: WIND :SUNSHINE: SKY :PK WND
================================================================================
1 2 3 4 5 6A 6B 7 8 9 10 11 12 13 14 15 16 17 18
12Z AVG MX 2MIN
DY MAX MIN AVG DEP HDD CDD WTR SNW DPTH SPD SPD DIR MIN PSBL S-S WX SPD DR
================================================================================
1 87 71 79 7 0 14 0.04 0.0 0 8.8 18 130 M M 9 13 24 160
2 84 67 76 4 0 11 T 0.0 0 13.2 24 170 M M 8 35 170
3 90 74 82 10 0 17 T 0.0 0 9.9 18 140 M M 7 24 150
4 89 72 81 9 0 16 0.05 0.0 0 12.7 25 150 M M 8 3 34 160
5 87 63 75 2 0 10 0.16 0.0 0 10.0 43 130 M M 7 3 57 130
6 93 57 75 2 0 10 0.00 0.0 0 6.8 16 180 M M 3 1 25 170
7 95 72 84 11 0 19 0.00 0.0 0 12.0 22 170 M M 2 1 32 150
8 96 73 85 11 0 20 0.00 0.0 0 14.1 22 150 M M 4 31 150
9 95 74 85 11 0 20 0.00 0.0 0 14.5 24 140 M M 6 34 190
10 92 74 83 9 0 18 0.00 0.0 0 12.2 22 140 M M 7 27 150
11 92 69 81 6 0 16 0.00 0.0 0 10.1 21 140 M M 6 27 140
12 92 65 79 4 0 14 0.00 0.0 0 9.8 20 180 M M 4 1 29 180
13 90 59 75 0 0 10 0.00 0.0 0 8.6 17 150 M M 5 24 180
14 94 68 81 5 0 16 0.00 0.0 0 8.3 18 200 M M 5 27 190
15 94 67 81 5 0 16 0.00 0.0 0 9.3 17 180 M M 2 24 180
16 96 71 84 8 0 19 0.00 0.0 0 7.9 20 50 M M 6 24 50
17 96 70 83 7 0 18 0.00 0.0 0 12.4 21 170 M M 5 31 180
18 97 69 83 6 0 18 0.00 0.0 0 13.2 23 140 M M 5 31 150
19 96 71 84 7 0 19 0.00 0.0 0 15.4 24 150 M M 4 33 170
20 95 75 85 8 0 20 T 0.0 0 15.0 25 180 M M 8 18 35 150
21 99 70 85 7 0 20 0.17 0.0 0 11.5 24 340 M M 7 13 38 220
22 82 63 73 -5 0 8 0.02 0.0 0 12.5 26 30 M M 7 3 36 30
23 88 66 77 -1 0 12 T 0.0 0 7.5 20 140 M M 8 1 24 130
24 87 61 74 -4 0 9 0.81 0.0 0 11.2 38 340 M M 8 13 61 330
25 83 58 71 -8 0 6 0.23 0.0 0 7.0 21 330 M M 4 38 31 330
26 95 55 75 -4 0 10 0.00 0.0 0 4.7 15 200 M M 1 22 230
27 97 64 81 2 0 16 0.00 0.0 0 3.7 10 80 M M 1 15 60
28 95 65 80 1 0 15 0.00 0.0 0 10.7 21 150 M M 3 1 27 160
29 95 73 84 4 0 19 0.00 0.0 0 16.3 26 150 M M 5 39 150
30 95 75 85 5 0 20 0.00 0.0 0 15.7 28 180 M M 6 38 190
31 96 75 86 6 0 21 0.00 0.0 0 13.4 22 130 M M 4 30 160
================================================================================
SM 2862 2106 0 477 1.48 0.0 338.4 M 165
================================================================================
AV 92.3 67.9 10.9 FASTST M M 5 MAX(MPH)
MISC ----> 43 130 61 330
================================================================================
NOTES:
# LAST OF SEVERAL OCCURRENCES
COLUMN 17 PEAK WIND IN M.P.H.
PRELIMINARY LOCAL CLIMATOLOGICAL DATA (WS FORM: F-6) , PAGE 2
STATION: AUSTIN BERGSTROM
MONTH: MAY
YEAR: 2022
LATITUDE: 30 13 N
LONGITUDE: 97 40 W
[TEMPERATURE DATA] [PRECIPITATION DATA] SYMBOLS USED IN COLUMN 16
AVERAGE MONTHLY: 80.1 TOTAL FOR MONTH: 1.48 1 = FOG OR MIST
DPTR FM NORMAL: 4.1 DPTR FM NORMAL: -3.52 2 = FOG REDUCING VISIBILITY
HIGHEST: 99 ON 21 GRTST 24HR 1.04 ON 24-25 TO 1/4 MILE OR LESS
LOWEST: 55 ON 26 3 = THUNDER
SNOW, ICE PELLETS, HAIL 4 = ICE PELLETS
TOTAL MONTH: 0.0 INCH 5 = HAIL
GRTST 24HR 0.0 6 = FREEZING RAIN OR DRIZZLE
GRTST DEPTH: 0 7 = DUSTSTORM OR SANDSTORM:
VSBY 1/2 MILE OR LESS
8 = SMOKE OR HAZE
[NO. OF DAYS WITH] [WEATHER - DAYS WITH] 9 = BLOWING SNOW
X = TORNADO
MAX 32 OR BELOW: 0 0.01 INCH OR MORE: 7
MAX 90 OR ABOVE: 23 0.10 INCH OR MORE: 4
MIN 32 OR BELOW: 0 0.50 INCH OR MORE: 1
MIN 0 OR BELOW: 0 1.00 INCH OR MORE: 0
[HDD (BASE 65) ]
TOTAL THIS MO. 0 CLEAR (SCALE 0-3) 6
DPTR FM NORMAL -4 PTCLDY (SCALE 4-7) 21
TOTAL FM JUL 1 1710 CLOUDY (SCALE 8-10) 4
DPTR FM NORMAL -4
[CDD (BASE 65) ]
TOTAL THIS MO. 477
DPTR FM NORMAL 132 [PRESSURE DATA]
TOTAL FM JAN 1 738 HIGHEST SLP 30.18 ON 22
DPTR FM NORMAL 159 LOWEST SLP 29.54 ON 20
[REMARKS]
#FINAL-05-22#