000
CXUS53 KGRB 050134
CF6AUW
PRELIMINARY LOCAL CLIMATOLOGICAL DATA (WS FORM: F-6)
STATION: WAUSAU WI
MONTH: MAY
YEAR: 2020
LATITUDE: 44 55 N
LONGITUDE: 89 37 W
TEMPERATURE IN F: :PCPN: SNOW: WIND :SUNSHINE: SKY :PK WND
================================================================================
1 2 3 4 5 6A 6B 7 8 9 10 11 12 13 14 15 16 17 18
12Z AVG MX 2MIN
DY MAX MIN AVG DEP HDD CDD WTR SNW DPTH SPD SPD DIR MIN PSBL S-S WX SPD DR
================================================================================
1 65 32 49 -2 16 0 0.02 0.0 0 6.6 14 140 M M 3 M M
2 72 49 61 10 4 0 0.00 0.0 0 14.3 26 280 M M 1 37 290
3 63 39 51 -1 14 0 0.00 0.0 0 12.6 30 310 M M 0 41 300
4 57 33 45 -7 20 0 0.00 0.0 0 8.2 15 100 M M 1 21 140
5 56 34 45 -7 20 0 0.00 0.0 0 7.2 14 120 M M 1 22 130
6 66 37 52 0 13 0 0.00 0.0 0 7.0 21 250 M M 5 34 240
7 56 35 46 -7 19 0 0.00 0.0 0 8.8 18 320 M M 0 26 330
8 40 28 34 -19 31 0 0.00 0.0 0 9.4 22 350 M M 5 34 350
9 52 31 42 -12 23 0 0.04 0.0 0 10.5 23 280 M M 5 1 30 290
10 40 33 37 -17 28 0 0.18 T 0 8.1 17 350 M M 10 1 27 360
11 52 30 41 -13 24 0 T T 0 7.2 20 310 M M 3 1 27 330
12 55 29 42 -12 23 0 0.00 0.0 0 4.5 13 310 M M 0 18 340
13 60 29 45 -10 20 0 T 0.0 0 12.5 22 110 M M 5 32 160
14 61 46 54 -1 11 0 0.11 0.0 0 5.9 18 160 M M 7 1 24 160
15 68 49 59 4 6 0 0.00 0.0 0 8.2 16 120 M M 2 25 320
16 68 42 55 -1 10 0 0.00 0.0 0 8.6 15 110 M M 1 21 80
17 52 48 50 -6 15 0 0.61 0.0 0 16.7 29 70 M M 9 1 45 80
18 53 49 51 -5 14 0 0.32 0.0 0 14.4 25 80 M M 10 1 39 90
19 71 48 60 3 5 0 0.00 0.0 0 11.5 25 70 M M 8 39 70
20 76 50 63 6 2 0 0.00 0.0 0 8.6 21 110 M M 1 28 110
21 74 49 62 5 3 0 0.00 0.0 0 8.7 17 160 M M 3 25 110
22 67 58 63 6 2 0 0.00 0.0 0 4.6 9 140 M M 10 13 150
23 74 57 66 8 0 1 0.30 0.0 0 8.1 16 110 M M 8 1 24 100
24 78 59 69 11 0 4 0.00 0.0 0 3.8 10 190 M M 5 1 17 210
25 83 61 72 14 0 7 0.33 0.0 0 6.6 20 220 M M 1 13 27 230
26 82 62 72 13 0 7 0.23 0.0 0 7.4 23 180 M M 2 13 30 180
27 80 66 73 14 0 8 T 0.0 0 6.2 17 200 M M 3 25 190
28 69 57 63 4 2 0 0.88 0.0 0 3.4 14 360 M M 6 1 24 10
29 61 50 56 -4 9 0 T 0.0 0 9.2 18 320 M M 5 27 310
30 64 43 54 -6 11 0 T 0.0 0 8.0 17 330 M M 4 27 360
31 68 41 55 -5 10 0 0.00 0.0 0 5.8 14 270 M M 0 19 260
================================================================================
SM 1983 1374 355 27 3.02 T 262.6 M 124
================================================================================
AV 64.0 44.3 8.5 FASTST M M 4 MAX(MPH)
MISC ----> # 30 310 # 45 80
================================================================================
NOTES:
# LAST OF SEVERAL OCCURRENCES
COLUMN 17 PEAK WIND IN M.P.H.
PRELIMINARY LOCAL CLIMATOLOGICAL DATA (WS FORM: F-6) , PAGE 2
STATION: WAUSAU WI
MONTH: MAY
YEAR: 2020
LATITUDE: 44 55 N
LONGITUDE: 89 37 W
[TEMPERATURE DATA] [PRECIPITATION DATA] SYMBOLS USED IN COLUMN 16
AVERAGE MONTHLY: 54.2 TOTAL FOR MONTH: 3.02 1 = FOG OR MIST
DPTR FM NORMAL: -1.5 DPTR FM NORMAL: -0.46 2 = FOG REDUCING VISIBILITY
HIGHEST: 83 ON 25 GRTST 24HR 0.88 ON 28-28 TO 1/4 MILE OR LESS
LOWEST: 28 ON 8 3 = THUNDER
SNOW, ICE PELLETS, HAIL 4 = ICE PELLETS
TOTAL MONTH: T 5 = HAIL
GRTST 24HR T ON 11-11 6 = FREEZING RAIN OR DRIZZLE
GRTST DEPTH: 0 7 = DUSTSTORM OR SANDSTORM:
VSBY 1/2 MILE OR LESS
8 = SMOKE OR HAZE
[NO. OF DAYS WITH] [WEATHER - DAYS WITH] 9 = BLOWING SNOW
X = TORNADO
MAX 32 OR BELOW: 0 0.01 INCH OR MORE: 10
MAX 90 OR ABOVE: 0 0.10 INCH OR MORE: 8
MIN 32 OR BELOW: 6 0.50 INCH OR MORE: 2
MIN 0 OR BELOW: 0 1.00 INCH OR MORE: 0
[HDD (BASE 65) ]
TOTAL THIS MO. 355 CLEAR (SCALE 0-3) 14
DPTR FM NORMAL 47 PTCLDY (SCALE 4-7) 12
TOTAL FM JUL 1 8045 CLOUDY (SCALE 8-10) 5
DPTR FM NORMAL -115
[CDD (BASE 65) ]
TOTAL THIS MO. 27
DPTR FM NORMAL 10 [PRESSURE DATA]
TOTAL FM JAN 1 27 HIGHEST SLP 30.37 ON 31
DPTR FM NORMAL 8 LOWEST SLP 29.71 ON 2
[REMARKS]
#FINAL-05-20#