000
CXUS53 KGRB 021349
CLSAUW
CLIMATE REPORT
NATIONAL WEATHER SERVICE GREEN BAY
749 AM CST SAT DEC 02 2023
...................................
...THE WAUSAU WI FALL CLIMATE SUMMARY FROM 9/1/2023 TO 11/30/2023...
CLIMATE NORMAL PERIOD: 1991 TO 2020
CLIMATE RECORD PERIOD: 1896 TO 2023
WEATHER OBSERVED NORMAL DEPART LAST YEAR`S
VALUE DATE(S) VALUE FROM VALUE DATE(S)
NORMAL
................................................................
TEMPERATURE (F)
RECORD
HIGH 99 09/10/1931
LOW -15 11/25/1950
HIGHEST 99R 09/03 84 15 87 09/01
09/07
LOWEST 4 11/28 6 -2 6 11/20
AVG. MAXIMUM 58.2 55.3 2.9 58.6
AVG. MINIMUM 40.2 36.9 3.3 38.5
MEAN 49.2 46.1 3.1 48.5
DAYS MAX >= 90 3 0.1 2.9 0
DAYS MAX <= 32 5 7.2 -2.2 7
DAYS MIN <= 32 29 32.9 -3.9 29
DAYS MIN <= 0 0 0.2 -0.2 0
PRECIPITATION (INCHES)
RECORD
MAXIMUM 19.70 1900
MINIMUM 1.40 1976
TOTALS 9.74 8.75 0.99 6.77
DAILY AVG. 0.11 0.10 0.01 0.08
DAYS >= .01 26 32.0 -6.0 MM
DAYS >= .10 13 17.4 -4.4 MM
DAYS >= .50 5 5.2 -0.2 MM
DAYS >= 1.00 2 1.9 0.1 MM
SNOWFALL (INCHES)
RECORDS
TOTAL 22.6 1991
24 HR TOTAL 2.8
TOTALS 4.2 7.4 -3.2 8.7
SINCE 7/1 4.2 7.4 -3.2 8.7
DAYS >= TRACE 5 6.4 -1.4 12
DAYS >= 1.0 2 2.1 -0.1 5
GREATEST
SNOW DEPTH 2 10/31 4 11/20
11/21
11/22
24 HR TOTAL MM
DEGREE DAYS
HEATING TOTAL 1512 1755 -243 1542
SINCE 7/1 1545 1817 -272 1593
COOLING TOTAL 94 37 57 63
SINCE 1/1 603 422 181 665
FREEZE DATES
RECORD
EARLIEST 08/30/1915
LATEST 06/12/1903
EARLIEST 10/16
LATEST 05/03
................................................................
WIND (MPH)
AVERAGE WIND SPEED 7.1
RESULTANT WIND SPEED/DIRECTION 1/080
HIGHEST WIND SPEED/DIRECTION 31/200 DATE 11/16
HIGHEST GUST SPEED/DIRECTION 45/210 DATE 11/16
SKY COVER
POSSIBLE SUNSHINE (PERCENT) MM
AVERAGE SKY COVER 0.44
NUMBER OF DAYS FAIR 23
NUMBER OF DAYS PC 18
NUMBER OF DAYS CLOUDY 23
AVERAGE RH (PERCENT) 70
WEATHER CONDITIONS. NUMBER OF DAYS WITH
THUNDERSTORM 6 MIXED PRECIP 0
HEAVY RAIN 6 RAIN 11
LIGHT RAIN 35 FREEZING RAIN 0
LT FREEZING RAIN 0 HAIL 0
HEAVY SNOW 0 SNOW 1
LIGHT SNOW 4 SLEET 0
FOG 32 FOG W/VIS <= 1/4 MILE 1
HAZE 10
- INDICATES NEGATIVE NUMBERS.
R INDICATES RECORD WAS SET OR TIED.
MM INDICATES DATA IS MISSING.
T INDICATES TRACE AMOUNT.
$$