000
CXUS52 KGSP 010817
CF6AVL
PRELIMINARY LOCAL CLIMATOLOGICAL DATA (WS FORM: F-6)
STATION: ASHEVILLE NC
MONTH: AUGUST
YEAR: 2023
LATITUDE: 35 25 N
LONGITUDE: 82 33 W
TEMPERATURE IN F: :PCPN: SNOW: WIND :SUNSHINE: SKY :PK WND
================================================================================
1 2 3 4 5 6A 6B 7 8 9 10 11 12 13 14 15 16 17 18
12Z AVG MX 2MIN
DY MAX MIN AVG DEP HDD CDD WTR SNW DPTH SPD SPD DIR MIN PSBL S-S WX SPD DR
================================================================================
1 85 63 74 -1 0 9 T 0.0 0 3.1 9 160 M M 4 14 140
2 79 68 74 -1 0 9 T 0.0 0 4.2 14 200 M M 8 18 200
3 75 68 72 -3 0 7 0.36 0.0 0 4.3 12 170 M M 10 1 14 160
4 84 66 75 0 0 10 0.00 0.0 0 7.4 20 340 M M 4 8 24 340
5 87 62 75 0 0 10 0.00 0.0 0 3.9 12 170 M M 1 14 160
6 86 68 77 2 0 12 T 0.0 0 3.8 17 180 M M 2 3 22 190
7 92 68 80 5 0 15 0.10 0.0 0 3.5 24 320 M M 4 13 33 320
8 80 63 72 -3 0 7 0.00 0.0 0 6.2 20 330 M M 4 24 340
9 83 61 72 -3 0 7 0.01 0.0 0 4.2 14 330 M M 2 18 320
10 84 66 75 0 0 10 0.45 0.0 0 5.4 16 320 M M 5 13 22 340
11 80 61 71 -4 0 6 0.05 0.0 0 1.4 10 340 M M 4 13 13 360
12 88 66 77 3 0 12 0.23 0.0 0 3.6 25 160 M M 5 1238 38 180
13 88 65 77 3 0 12 0.00 0.0 0 7.1 13 330 M M 3 1 23 330
14 90 68 79 5 0 14 T 0.0 0 3.2 24 340 M M 3 3 35 330
15 87 68 78 4 0 13 0.23 0.0 0 6.7 20 330 M M 2 13 25 320
16 85 63 74 0 0 9 0.00 0.0 0 6.1 15 330 M M 3 22 330
17 83 61 72 -2 0 7 0.00 0.0 0 2.8 12 180 M M 4 1 17 330
18 83 62 73 -1 0 8 0.00 0.0 0 7.3 16 340 M M 1 23 330
19 82 56 69 -5 0 4 0.00 0.0 0 3.8 12 180 M M 0 14 180
20 87 59 73 -1 0 8 0.00 0.0 0 3.0 12 160 M M 0 1 15 170
21 91 65 78 4 0 13 0.00 0.0 0 5.7 16 340 M M 0 28 330
22 91 67 79 5 0 14 0.00 0.0 0 8.4 21 340 M M 0 1 28 340
23 86 68 77 3 0 12 0.00 0.0 0 3.3 12 170 M M 2 15 160
24 89 64 77 4 0 12 0.00 0.0 0 5.4 21 330 M M 0 29 330
25 94 68 81 8 0 16 0.00 0.0 0 4.7 17 320 M M 1 22 330
26 92 70 81 8 0 16 0.00 0.0 0 7.7 20 340 M M 0 26 340
27 88 67 78 5 0 13 1.06 0.0 0 2.8 38 230 M M 3 13 48 230
28 83 69 76 3 0 11 0.76 0.0 0 2.4 15 200 M M 7 13 20 200
29 79 68 74 1 0 9 0.80 0.0 0 3.0 10 160 M M 7 13 13 150
30 78 67 73 1 0 8 0.08 0.0 0 7.6 17 330 M M 7 1 22 330
31 84 63 74 2 0 9 0.00 0.0 0 5.2 13 340 M M 3 18 340
================================================================================
SM 2643 2018 0 322 4.13 0.0 147.2 M 99
================================================================================
AV 85.3 65.1 4.7 FASTST M M 3 MAX(MPH)
MISC ----> 38 230 48 230
================================================================================
NOTES:
# LAST OF SEVERAL OCCURRENCES
COLUMN 17 PEAK WIND IN M.P.H.
PRELIMINARY LOCAL CLIMATOLOGICAL DATA (WS FORM: F-6) , PAGE 2
STATION: ASHEVILLE NC
MONTH: AUGUST
YEAR: 2023
LATITUDE: 35 25 N
LONGITUDE: 82 33 W
[TEMPERATURE DATA] [PRECIPITATION DATA] SYMBOLS USED IN COLUMN 16
AVERAGE MONTHLY: 75.2 TOTAL FOR MONTH: 4.13 1 = FOG OR MIST
DPTR FM NORMAL: 1.2 DPTR FM NORMAL: -0.91 2 = FOG REDUCING VISIBILITY
HIGHEST: 94 ON 25 GRTST 24HR 1.56 ON 28-29 TO 1/4 MILE OR LESS
LOWEST: 56 ON 19 3 = THUNDER
SNOW, ICE PELLETS, HAIL 4 = ICE PELLETS
TOTAL MONTH: 0.0 INCH 5 = HAIL
GRTST 24HR 0.0 6 = FREEZING RAIN OR DRIZZLE
GRTST DEPTH: 0 7 = DUSTSTORM OR SANDSTORM:
VSBY 1/2 MILE OR LESS
8 = SMOKE OR HAZE
[NO. OF DAYS WITH] [WEATHER - DAYS WITH] 9 = BLOWING SNOW
X = TORNADO
MAX 32 OR BELOW: 0 0.01 INCH OR MORE: 11
MAX 90 OR ABOVE: 6 0.10 INCH OR MORE: 8
MIN 32 OR BELOW: 0 0.50 INCH OR MORE: 3
MIN 0 OR BELOW: 0 1.00 INCH OR MORE: 1
[HDD (BASE 65) ]
TOTAL THIS MO. 0 CLEAR (SCALE 0-3) 17
DPTR FM NORMAL 0 PTCLDY (SCALE 4-7) 13
TOTAL FM JUL 1 0 CLOUDY (SCALE 8-10) 1
DPTR FM NORMAL 0
[CDD (BASE 65) ]
TOTAL THIS MO. 322
DPTR FM NORMAL 43 [PRESSURE DATA]
TOTAL FM JAN 1 856 HIGHEST SLP 30.21 ON 20
DPTR FM NORMAL -39 LOWEST SLP 29.70 ON 30
[REMARKS]
#FINAL-08-23#