000
CXUS51 KBGM 011254 AAA
CF6AVP
PRELIMINARY LOCAL CLIMATOLOGICAL DATA (WS FORM: F-6)
STATION: AVOCA PA
MONTH: SEPTEMBER
YEAR: 2021
LATITUDE: 41 19 N
LONGITUDE: 75 44 W
TEMPERATURE IN F: :PCPN: SNOW: WIND :SUNSHINE: SKY :PK WND
================================================================================
1 2 3 4 5 6A 6B 7 8 9 10 11 12 13 14 15 16 17 18
12Z AVG MX 2MIN
DY MAX MIN AVG DEP HDD CDD WTR SNW DPTH SPD SPD DIR MIN PSBL S-S WX SPD DR
================================================================================
1 69 61 65 -4 0 0 5.09 0.0 M 6.8 17 50 M M 10 1 26 40
2 73 53 63 -6 2 0 0.00 0.0 M 8.1 21 340 M M M 28 360
3 69 54 62 -7 3 0 0.00 0.0 M 4.9 14 330 M M 0 18 330
4 77 52 65 -3 0 0 0.00 0.0 M 2.3 9 250 M M 0 15 270
5 71 60 66 -2 0 1 0.88 0.0 M 2.6 13 240 M M M 1 17 230
6 79 57 68 0 0 3 0.00 0.0 M 5.0 20 250 M M M 2 26 250
7 78 52 65 -3 0 0 0.00 0.0 M 3.3 14 250 M M M 17 260
8 83 64 74 7 0 9 0.64 0.0 M 5.0 17 230 M M M 1 24 230
9 72 58 65 -2 0 0 0.04 0.0 M 2.3 17 260 M M M 1 22 270
10 74 53 64 -3 1 0 0.00 0.0 M 6.9 21 340 M M M 1 29 320
11 76 50 63 -3 2 0 0.00 0.0 M 5.9 15 250 M M M 22 240
12 79 57 68 2 0 3 0.00 0.0 M 7.0 21 240 M M M 27 240
13 81 67 74 8 0 9 0.06 0.0 M 5.3 15 340 M M 6 3 19 340
14 83 64 74 9 0 9 T 0.0 M 2.9 14 250 M M 4 1 18 240
15 86 66 76 11 0 11 1.16 0.0 M 5.1 17 320 M M 5 13 26 310
16 76 64 70 5 0 5 0.48 0.0 M 3.0 10 120 M M 10 1 17 120
17 81 66 74 10 0 9 0.00 0.0 M 2.7 8 270 M M 8 11 130
18 84 65 75 11 0 10 T 0.0 M 4.3 13 350 M M 5 1 16 360
19 76 56 66 2 0 1 0.00 0.0 M 4.2 13 340 M M 0 18 360
20 80 52 66 3 0 1 0.00 0.0 M 4.4 13 150 M M 0 23 140
21 74 54 64 1 1 0 0.00 0.0 M 4.4 13 140 M M 4 24 150
22 77 66 72 10 0 7 0.01 0.0 M 4.2 13 160 M M 5 1 25 170
23 76 52 64 2 1 0 1.39 0.0 M 6.2 18 240 M M 8 13 32 140
24 68 47 58 -4 7 0 0.00 0.0 M 5.9 17 260 M M 1 12 24 270
25 73 49 61 0 4 0 0.00 0.0 M 3.8 14 270 M M 0 16 270
26 70 53 62 1 3 0 0.00 0.0 M 5.5 15 300 M M 4 20 310
27 77 55 66 6 0 1 T 0.0 M 6.5 20 230 M M 3 8 28 230
28 67 49 58 -2 7 0 0.74 0.0 M 4.6 14 320 M M 7 13 20 240
29 67 45 56 -4 9 0 0.00 0.0 M 4.4 16 320 M M 6 21 310
30 63 44 54 -5 11 0 T 0.0 M 5.0 14 330 M M 7 19 350
================================================================================
SM 2259 1685 51 79 10.49 0.0 142.5 M 93
================================================================================
AV 75.3 56.2 4.8 FASTST M M 4 MAX(MPH)
MISC ----> # 21 340 32 140
================================================================================
NOTES:
# LAST OF SEVERAL OCCURRENCES
COLUMN 17 PEAK WIND IN M.P.H.
PRELIMINARY LOCAL CLIMATOLOGICAL DATA (WS FORM: F-6) , PAGE 2
STATION: AVOCA PA
MONTH: SEPTEMBER
YEAR: 2021
LATITUDE: 41 19 N
LONGITUDE: 75 44 W
[TEMPERATURE DATA] [PRECIPITATION DATA] SYMBOLS USED IN COLUMN 16
AVERAGE MONTHLY: 65.7 TOTAL FOR MONTH: 10.49 1 = FOG OR MIST
DPTR FM NORMAL: 1.1 DPTR FM NORMAL: 6.34 2 = FOG REDUCING VISIBILITY
HIGHEST: 86 ON 15 GRTST 24HR 5.09 ON 1- 1 TO 1/4 MILE OR LESS
LOWEST: 44 ON 30 3 = THUNDER
SNOW, ICE PELLETS, HAIL 4 = ICE PELLETS
TOTAL MONTH: 0.0 INCH 5 = HAIL
GRTST 24HR 0.0 6 = FREEZING RAIN OR DRIZZLE
GRTST DEPTH: M ON M 7 = DUSTSTORM OR SANDSTORM:
VSBY 1/2 MILE OR LESS
8 = SMOKE OR HAZE
[NO. OF DAYS WITH] [WEATHER - DAYS WITH] 9 = BLOWING SNOW
X = TORNADO
MAX 32 OR BELOW: 0 0.01 INCH OR MORE: 10
MAX 90 OR ABOVE: 0 0.10 INCH OR MORE: 7
MIN 32 OR BELOW: 0 0.50 INCH OR MORE: 6
MIN 0 OR BELOW: 0 1.00 INCH OR MORE: 3
[HDD (BASE 65) ]
TOTAL THIS MO. 51 CLEAR (SCALE 0-3) 7
DPTR FM NORMAL -45 PTCLDY (SCALE 4-7) 12
TOTAL FM JUL 1 54 CLOUDY (SCALE 8-10) 11
DPTR FM NORMAL -52
[CDD (BASE 65) ]
TOTAL THIS MO. 79
DPTR FM NORMAL -3 [PRESSURE DATA]
TOTAL FM JAN 1 917 HIGHEST SLP 30.35 ON 21
DPTR FM NORMAL 136 LOWEST SLP 29.68 ON 1
[REMARKS]
#FINAL-09-21#
2ND GREATEST SEPTEMBER PRECIPITATION GREATEST 11.46" IN 2011