000
CXUS51 KBGM 010920
CLMAVP
CLIMATE REPORT
NATIONAL WEATHER SERVICE BINGHAMTON, NY
420 AM EST MON JAN 01 2024
...................................
...THE AVOCA PA CLIMATE SUMMARY FOR THE MONTH OF DECEMBER 2023...
CLIMATE NORMAL PERIOD 1991 TO 2020
CLIMATE RECORD PERIOD 1901 TO 2023
WEATHER OBSERVED NORMAL DEPART LAST YEAR`S
VALUE DATE(S) VALUE FROM VALUE DATE(S)
NORMAL
................................................................
TEMPERATURE (F)
RECORD
HIGH 71 12/01/2006
LOW -9 12/24/1989
HIGHEST 56 12/10 37 19 58 12/30
LOWEST 21 12/22 23 -2 1 12/23
12/24
AVG. MAXIMUM 45.3 40.3 5.0 40.6
AVG. MINIMUM 33.7 26.3 7.4 25.2
MEAN 39.5 33.3 6.2 32.9
DAYS MAX >= 90 0 0.0 0.0 0
DAYS MAX <= 32 0 8.0 -8.0 6
DAYS MIN <= 32 13 23.9 -10.9 23
DAYS MIN <= 0 0 0.1 -0.1 0
PRECIPITATION (INCHES)
RECORD
MAXIMUM 6.58 1983
MINIMUM 0.35 1958
TOTALS 5.84 2.80 3.04 3.68
DAILY AVG. 0.19 0.09 0.10 0.12
DAYS >= .01 16 12.1 3.9 9
DAYS >= .10 8 6.4 1.6 7
DAYS >= .50 3 1.8 1.2 4
DAYS >= 1.00 2 0.4 1.6 0
GREATEST
24 HR. TOTAL 2.84 12/17 TO 12/18
SNOWFALL (INCHES)
RECORDS
TOTAL 33.9 1969
24 HR TOTAL 15.0 12/25/2002 TO 12/25/2002
TOTALS 3.1 7.7 -4.6 7.0
SINCE 7/1 3.3 11.6 -8.3 8.2
DAYS >= TRACE 7 6.3 0.7 11
DAYS >= 1.0 2 2.8 -0.8 4
GREATEST
24 HR TOTAL 1.5 12/11 TO 12/11
DEGREE DAYS
HEATING TOTAL 782 983 -201 984
SINCE 7/1 1883 2132 -249 1918
COOLING TOTAL 0 0 0 0
SINCE 1/1 760 790 -30 969
................................................................
WIND (MPH)
AVERAGE WIND SPEED 5.0
RESULTANT WIND SPEED/DIRECTION 2/270
HIGHEST WIND SPEED/DIRECTION 24/330 DATE 12/19
HIGHEST GUST SPEED/DIRECTION 36/330 DATE 12/11
SKY COVER
POSSIBLE SUNSHINE (PERCENT) MM
AVERAGE SKY COVER 0.67
NUMBER OF DAYS FAIR 7
NUMBER OF DAYS PC 8
NUMBER OF DAYS CLOUDY 16
AVERAGE RH (PERCENT) 72
WEATHER CONDITIONS. NUMBER OF DAYS WITH
THUNDERSTORM 0 MIXED PRECIP 0
HEAVY RAIN 4 RAIN 9
LIGHT RAIN 15 FREEZING RAIN 0
LT FREEZING RAIN 0 HAIL 0
HEAVY SNOW 0 SNOW 1
LIGHT SNOW 7 SLEET 0
FOG 20 FOG W/VIS <= 1/4 MILE 1
HAZE 15
- INDICATES NEGATIVE NUMBERS.
R INDICATES RECORD WAS SET OR TIED.
MM INDICATES DATA IS MISSING.
T INDICATES TRACE AMOUNT.
$$