000
CXUS51 KBGM 011948
CLSAVP
CLIMATE REPORT
NATIONAL WEATHER SERVICE BINGHAMTON, NY
348 PM EDT WED SEP 01 2021
...................................
...THE AVOCA PA CLIMATE SUMMARY FOR THE SEASON, FROM
6/1/2021 TO 8/31/2021...
CLIMATE NORMAL PERIOD 1991 TO 2020
CLIMATE RECORD PERIOD 1901 TO 2021
WEATHER OBSERVED NORMAL DEPART LAST YEAR`S
VALUE DATE(S) VALUE FROM VALUE DATE(S)
NORMAL
................................................................
TEMPERATURE (F)
RECORD
HIGH 101 07/16/1988
07/03/1966
LOW 34 06/11/1972
HIGHEST 97 06/29 80 17 97 07/27
LOWEST 44 06/23 59 -15 39 06/01
AVG. MAXIMUM 82.9 82.3 0.6 85.3
AVG. MINIMUM 62.8 60.6 2.2 62.8
MEAN 72.8 71.5 1.3 74.0
DAYS MAX >= 90 16 9.9 6.1 24
DAYS MAX <= 32 0 0.0 0.0 0
DAYS MIN <= 32 0 0.0 0.0 0
DAYS MIN <= 0 0 0.0 0.0 0
PRECIPITATION (INCHES)
RECORD
MAXIMUM 19.72 2018
MINIMUM 5.56 1995
TOTALS 13.98 11.26 2.72 10.38
DAILY AVG. 0.15 0.12 0.03 0.11
DAYS >= .01 41 35.1 5.9 30
DAYS >= .10 28 21.9 6.1 18
DAYS >= .50 11 7.1 3.9 7
DAYS >= 1.00 2 2.1 -0.1 2
GREATEST
24 HR. TOTAL 3.53 08/22 TO 08/23 2.54 08/04 TO 08/04
SNOWFALL (INCHES)
RECORDS
TOTAL 0.0 MM
24 HR TOTAL 0.0 MM
TOTALS 0.0 0.0 0.0 0.0
SINCE 7/1 0.0 0.0 0.0 0.0
DAYS >= TRACE 0 0.0 0.0 0
DAYS >= 1.0 0 0.0 0.0 0
GREATEST
24 HR TOTAL 0.0 MM 0.0
DEGREE DAYS
HEATING TOTAL 27 43 -16 34
SINCE 7/1 3 6 -3 0
COOLING TOTAL 771 640 131 889
SINCE 1/1 838 699 139 956
FREEZE DATES
RECORD
EARLIEST 09/21/1956
LATEST 05/25/1956
EARLIEST MM
LATEST 04/22
................................................................
WIND (MPH)
AVERAGE WIND SPEED 4.6
RESULTANT WIND SPEED/DIRECTION 1/220
HIGHEST WIND SPEED/DIRECTION 41/270 DATE 08/12
HIGHEST GUST SPEED/DIRECTION 56/270 DATE 08/12
SKY COVER
POSSIBLE SUNSHINE (PERCENT) MM
AVERAGE SKY COVER 0.39
NUMBER OF DAYS FAIR 44
NUMBER OF DAYS PC 33
NUMBER OF DAYS CLOUDY 15
AVERAGE RH (PERCENT) 72
WEATHER CONDITIONS. NUMBER OF DAYS WITH
THUNDERSTORM 29 MIXED PRECIP 0
HEAVY RAIN 26 RAIN 24
LIGHT RAIN 45 FREEZING RAIN 0
LT FREEZING RAIN 0 HAIL 0
HEAVY SNOW 0 SNOW 0
LIGHT SNOW 0 SLEET 0
FOG 51 FOG W/VIS <= 1/4 MILE 5
HAZE 11
- INDICATES NEGATIVE NUMBERS.
R INDICATES RECORD WAS SET OR TIED.
MM INDICATES DATA IS MISSING.
T INDICATES TRACE AMOUNT.
&&
6TH WARMEST JUNE TO AUGUST
$$
TAC