000
CXUS51 KOKX 010910
CF6BDR
PRELIMINARY LOCAL CLIMATOLOGICAL DATA (WS FORM: F-6)
STATION: BRIDGEPORT CT
MONTH: JULY
YEAR: 2022
LATITUDE: 41 10 N
LONGITUDE: 73 8 W
TEMPERATURE IN F: :PCPN: SNOW: WIND :SUNSHINE: SKY :PK WND
================================================================================
1 2 3 4 5 6A 6B 7 8 9 10 11 12 13 14 15 16 17 18
12Z AVG MX 2MIN
DY MAX MIN AVG DEP HDD CDD WTR SNW DPTH SPD SPD DIR MIN PSBL S-S WX SPD DR
================================================================================
1 86 65 76 2 0 11 0.00 0.0 0 8.8 22 200 M M 0 28 200
2 89 73 81 7 0 16 T 0.0 0 7.6 17 200 M M 2 22 170
3 83 70 77 3 0 12 0.00 0.0 0 5.9 13 340 M M 2 26 100
4 83 64 74 -1 0 9 0.00 0.0 0 8.9 16 210 M M 0 19 210
5 84 67 76 1 0 11 0.05 0.0 0 10.0 21 210 M M 4 8 27 200
6 87 69 78 3 0 13 0.00 0.0 0 9.2 17 340 M M 4 26 300
7 76 67 72 -3 0 7 0.00 0.0 0 8.6 16 60 M M 4 19 60
8 84 64 74 -1 0 9 0.00 0.0 0 6.6 14 210 M M 2 17 210
9 81 69 75 0 0 10 0.00 0.0 0 7.4 16 10 M M 1 22 20
10 80 63 72 -4 0 7 0.00 0.0 0 8.5 14 40 M M 1 19 30
11 82 64 73 -3 0 8 0.00 0.0 0 10.9 17 210 M M 0 23 190
12 84 70 77 1 0 12 0.00 0.0 0 11.4 20 190 M M 0 27 190
13 89 71 80 4 0 15 0.00 0.0 0 6.8 14 210 M M 2 20 180
14 84 70 77 1 0 12 0.00 0.0 0 6.7 12 30 M M 2 15 30
15 83 68 76 0 0 11 0.00 0.0 0 6.8 13 170 M M 1 16 160
16 78 67 73 -3 0 8 T 0.0 0 5.9 15 80 M M 5 3 20 90
17 83 73 78 2 0 13 T 0.0 0 5.1 12 190 M M 3 23 180
18 77 71 74 -2 0 9 1.79 0.0 0 5.8 18 190 M M 8 13 22 180
19 88 72 80 4 0 15 0.00 0.0 0 9.9 18 220 M M 1 8 22 230
20 94 75 85 9 0 20 0.00 0.0 0 8.0 15 190 M M 0 20 190
21 90 74 82 6 0 17 0.00 0.0 0 6.9 21 190 M M 0 25 190
22 92 72 82 6 0 17 T 0.0 0 6.0 16 210 M M 1 20 190
23 92 73 83 7 0 18 0.00 0.0 0 7.2 15 190 M M 0 30 250
24 94 73 84 8 0 19 0.00 0.0 0 8.5 18 190 M M 0 24 200
25 83 72 78 2 0 13 0.72 0.0 0 10.1 18 190 M M 2 13 27 120
26 82 66 74 -2 0 9 0.28 0.0 0 6.9 17 220 M M 2 3 25 230
27 84 63 74 -2 0 9 0.00 0.0 0 5.9 14 190 M M 0 20 190
28 85 74 80 4 0 15 T 0.0 0 6.7 18 210 M M 3 25 200
29 85 72 79 3 0 14 0.21 0.0 0 7.9 16 230 M M 3 1 22 220
30 88 72 80 4 0 15 0.00 0.0 0 7.0 20 310 M M 4 25 330
31 85 63 74 -2 0 9 T 0.0 0 5.8 14 200 M M 0 23 230
================================================================================
SM 2635 2146 0 383 3.05 0.0 237.7 M 57
================================================================================
AV 85.0 69.2 7.7 FASTST M M 2 MAX(MPH)
MISC ----> 22 200 30 250
================================================================================
NOTES:
# LAST OF SEVERAL OCCURRENCES
COLUMN 17 PEAK WIND IN M.P.H.
PRELIMINARY LOCAL CLIMATOLOGICAL DATA (WS FORM: F-6) , PAGE 2
STATION: BRIDGEPORT CT
MONTH: JULY
YEAR: 2022
LATITUDE: 41 10 N
LONGITUDE: 73 8 W
[TEMPERATURE DATA] [PRECIPITATION DATA] SYMBOLS USED IN COLUMN 16
AVERAGE MONTHLY: 77.1 TOTAL FOR MONTH: 3.05 1 = FOG OR MIST
DPTR FM NORMAL: 1.4 DPTR FM NORMAL: -0.27 2 = FOG REDUCING VISIBILITY
HIGHEST: 94 ON 24,20 GRTST 24HR 1.79 ON 18-18 TO 1/4 MILE OR LESS
LOWEST: 63 ON 31,27 3 = THUNDER
SNOW, ICE PELLETS, HAIL 4 = ICE PELLETS
TOTAL MONTH: 0.0 INCH 5 = HAIL
GRTST 24HR 0.0 6 = FREEZING RAIN OR DRIZZLE
GRTST DEPTH: 0 7 = DUSTSTORM OR SANDSTORM:
VSBY 1/2 MILE OR LESS
8 = SMOKE OR HAZE
[NO. OF DAYS WITH] [WEATHER - DAYS WITH] 9 = BLOWING SNOW
X = TORNADO
MAX 32 OR BELOW: 0 0.01 INCH OR MORE: 5
MAX 90 OR ABOVE: 5 0.10 INCH OR MORE: 4
MIN 32 OR BELOW: 0 0.50 INCH OR MORE: 2
MIN 0 OR BELOW: 0 1.00 INCH OR MORE: 1
[HDD (BASE 65) ]
TOTAL THIS MO. 0 CLEAR (SCALE 0-3) 24
DPTR FM NORMAL 0 PTCLDY (SCALE 4-7) 7
TOTAL FM JUL 1 0 CLOUDY (SCALE 8-10) 0
DPTR FM NORMAL 0
[CDD (BASE 65) ]
TOTAL THIS MO. 383
DPTR FM NORMAL 53 [PRESSURE DATA]
TOTAL FM JAN 1 562 HIGHEST SLP M ON M
DPTR FM NORMAL 39 LOWEST SLP 29.62 ON 21
[REMARKS]
#FINAL-07-22#