000
CXUS55 KBOU 010900
CF6BDU
PRELIMINARY LOCAL CLIMATOLOGICAL DATA (WS FORM: F-6)
STATION: BOULDER AIRPORT
MONTH: AUGUST
YEAR: 2023
LATITUDE: 40 2 N
LONGITUDE: 105 14 W
TEMPERATURE IN F: :PCPN: SNOW: WIND :SUNSHINE: SKY :PK WND
================================================================================
1 2 3 4 5 6A 6B 7 8 9 10 11 12 13 14 15 16 17 18
12Z AVG MX 2MIN
DY MAX MIN AVG DEP HDD CDD WTR SNW DPTH SPD SPD DIR MIN PSBL S-S WX SPD DR
================================================================================
1 81 61 71 M 0 6 M M M 5.3 31 250 M M 4 38 40 250
2 82 61 72 M 0 7 M M M 1.6 8 260 M M 3 17 0
3 81 61 71 M 0 6 M M M 3.3 9 150 M M 2 3 M M
4 90 59 75 M 0 10 M M M 3.5 14 270 M M 0 20 150
5 82 59 71 M 0 6 M M M 4.3 12 360 M M 2 32 360
6 68 59 64 M 1 0 M M M 2.7 15 120 M M 8 21 120
7 82 52 67 M 0 2 M M M 3.5 10 270 M M 1 30 190
8 82 54 68 M 0 3 M M M 3.4 14 350 M M 1 17 10
9 82 54 68 M 0 3 M M M 2.8 7 70 M M 1 M M
10 90 55 73 M 0 8 M M M 5.7 32 270 M M 0 40 270
11 90 68 79 M 0 14 M M M 4.0 8 320 M M 1 20 320
12 82 63 73 M 0 8 M M M 5.6 17 290 M M 2 24 290
13 77 61 69 M 0 4 M M M 5.6 13 40 M M 7 16 40
14 79 54 67 M 0 2 M M M 3.1 6 350 M M 2 M M
15 90 52 71 M 0 6 M M M 2.2 8 50 M M 0 M M
16 95 61 78 M 0 13 M M M 6.1 21 250 M M 1 3 30 250
17 90 63 77 M 0 12 M M M 2.9 8 190 M M 0 M M
18 95 63 79 M 0 14 M M M 2.8 9 40 M M 1 24 140
19 95 66 81 M 0 16 M M M 4.5 12 290 M M 1 29 290
20 90 61 76 M 0 11 M M M 3.0 8 260 M M 1 M M
21 97 59 78 M 0 13 M M M 4.8 15 340 M M 0 21 360
22 95 64 80 M 0 15 M M M 3.8 7 250 M M 1 28 170
23 91 64 78 M 0 13 M M M 3.7 12 180 M M 1 20 0
24 90 66 78 M 0 13 M M M 5.0 18 280 M M 2 27 280
25 70 57 64 M 1 0 M M M 4.6 16 350 M M 9 21 350
26 75 59 67 M 0 2 M M M 1.6 5 250 M M 7 M M
27 86 57 72 M 0 7 M M M 4.3 23 360 M M 2 3 30 360
28 77 57 67 M 0 2 M M M 2.7 8 300 M M 2 31 290
29 82 55 69 M 0 4 M M M 2.0 7 70 M M 0 M M
30 95 54 75 M 0 10 M M M 3.2 8 240 M M 0 M M
31 95 63 79 M 0 14 M M M 3.4 7 300 M M 0 M M
================================================================================
SM 2656 1842 2 244 M M 115.0 M 62
================================================================================
AV 85.7 59.4 3.7 FASTST M M 2 MAX(MPH)
MISC ----> 32 270 # 40 250
================================================================================
NOTES:
# LAST OF SEVERAL OCCURRENCES
COLUMN 17 PEAK WIND IN M.P.H.
PRELIMINARY LOCAL CLIMATOLOGICAL DATA (WS FORM: F-6) , PAGE 2
STATION: BOULDER AIRPORT
MONTH: AUGUST
YEAR: 2023
LATITUDE: 40 2 N
LONGITUDE: 105 14 W
[TEMPERATURE DATA] [PRECIPITATION DATA] SYMBOLS USED IN COLUMN 16
AVERAGE MONTHLY: 72.5 TOTAL FOR MONTH: M 1 = FOG OR MIST
DPTR FM NORMAL: 0.0 DPTR FM NORMAL: M 2 = FOG REDUCING VISIBILITY
HIGHEST: 97 ON 21 GRTST 24HR M ON M TO 1/4 MILE OR LESS
LOWEST: 52 ON 7,15 3 = THUNDER
SNOW, ICE PELLETS, HAIL 4 = ICE PELLETS
TOTAL MONTH: M 5 = HAIL
GRTST 24HR M ON M 6 = FREEZING RAIN OR DRIZZLE
GRTST DEPTH: M ON M 7 = DUSTSTORM OR SANDSTORM:
VSBY 1/2 MILE OR LESS
8 = SMOKE OR HAZE
[NO. OF DAYS WITH] [WEATHER - DAYS WITH] 9 = BLOWING SNOW
X = TORNADO
MAX 32 OR BELOW: 0 0.01 INCH OR MORE: 0
MAX 90 OR ABOVE: 15 0.10 INCH OR MORE: 0
MIN 32 OR BELOW: 0 0.50 INCH OR MORE: 0
MIN 0 OR BELOW: 0 1.00 INCH OR MORE: 0
[HDD (BASE 65) ]
TOTAL THIS MO. 2 CLEAR (SCALE 0-3) 25
DPTR FM NORMAL M PTCLDY (SCALE 4-7) 5
TOTAL FM JUL 1 10 CLOUDY (SCALE 8-10) 1
DPTR FM NORMAL M
[CDD (BASE 65) ]
TOTAL THIS MO. 244
DPTR FM NORMAL M [PRESSURE DATA]
TOTAL FM JAN 1 583 HIGHEST SLP M ON M
DPTR FM NORMAL M LOWEST SLP M ON M
[REMARKS]
#FINAL-08-23#