000
CXUS54 KAMA 010710
CF6BGD
PRELIMINARY LOCAL CLIMATOLOGICAL DATA (WS FORM: F-6)
STATION: BORGER
MONTH: MAY
YEAR: 2021
LATITUDE: 35 42 N
LONGITUDE: 101 24 W
TEMPERATURE IN F: :PCPN: SNOW: WIND :SUNSHINE: SKY :PK WND
================================================================================
1 2 3 4 5 6A 6B 7 8 9 10 11 12 13 14 15 16 17 18
12Z AVG MX 2MIN
DY MAX MIN AVG DEP HDD CDD WTR SNW DPTH SPD SPD DIR MIN PSBL S-S WX SPD DR
================================================================================
1 85 52 69 5 0 4 0.00 M M 13.5 23 160 M M 0 32 150
2 96 60 78 14 0 13 0.00 M M 15.9 32 140 M M 0 46 150
3 69 52 61 -4 4 0 0.10 M M 17.6 28 360 M M 9 3 36 360
4 68 51 60 -5 5 0 0.03 M M 9.4 16 10 M M 4 23 340
5 83 51 67 2 0 2 T M M 12.4 24 50 M M 2 30 70
6 82 58 70 4 0 5 0.00 M M 8.8 21 150 M M 3 30 140
7 95 60 78 12 0 13 T M M 16.8 45 290 M M 1 38 60 290
8 96 61 79 13 0 14 0.00 M M 16.5 36 340 M M 0 58 250
9 74 51 63 -4 2 0 0.03 M M 12.9 24 70 M M 2 33 60
10 60 48 54 -13 11 0 0.01 M M 11.7 25 70 M M 9 31 70
11 54 48 51 -17 14 0 0.00 M M 11.3 21 80 M M 10 1 25 70
12 65 48 57 -11 8 0 0.00 M M 5.8 12 30 M M 8 14 80
13 79 50 65 -3 0 0 0.00 M M 11.1 22 160 M M 4 31 160
14 88 56 72 3 0 7 0.21 M M 17.5 31 190 M M 3 3 46 200
15 85 60 73 4 0 8 0.23 M M 11.8 22 140 M M 2 13 29 180
16 86 60 73 4 0 8 0.15 M M 9.7 29 180 M M 4 138 39 180
17 82 55 69 -1 0 4 0.87 M M 9.4 33 230 M M 6 13 47 230
18 72 54 63 -7 2 0 0.36 M M 5.8 18 20 M M 6 3 24 280
19 76 54 65 -5 0 0 0.10 M M 4.6 18 170 M M 3 3 26 160
20 83 57 70 -1 0 5 0.00 M M 13.3 25 140 M M 2 36 130
21 87 66 77 6 0 12 0.00 M M 17.5 30 140 M M 3 40 140
22 85 68 77 5 0 12 0.00 M M 14.7 28 140 M M 5 37 150
23 83 67 75 3 0 10 0.04 M M 14.9 28 140 M M 6 1 37 140
24 85 69 77 5 0 12 0.00 M M 14.8 30 140 M M 7 40 140
25 90 69 80 7 0 15 0.00 M M 11.5 24 190 M M 1 3 33 200
26 92 68 80 7 0 15 0.03 M M 16.6 37 170 M M 1 3 54 160
27 87 66 77 4 0 12 T M M 11.7 25 160 M M 1 42 170
28 78 57 68 -6 0 3 0.00 M M 9.8 18 140 M M 2 28 140
29 80 58 69 -5 0 4 0.00 M M 9.6 21 140 M M 5 33 130
30 80 61 71 -3 0 6 1.53 M M 11.4 25 120 M M 8 13 33 150
31 67 59 63 -12 2 0 0.05 M M 9.1 22 20 M M 9 27 20
================================================================================
SM 2492 1794 48 184 3.74 M 377.4 M 126
================================================================================
AV 80.4 57.9 12.2 FASTST M M 4 MAX(MPH)
MISC ----> 45 290 60 290
================================================================================
NOTES:
# LAST OF SEVERAL OCCURRENCES
COLUMN 17 PEAK WIND IN M.P.H.
PRELIMINARY LOCAL CLIMATOLOGICAL DATA (WS FORM: F-6) , PAGE 2
STATION: BORGER
MONTH: MAY
YEAR: 2021
LATITUDE: 35 42 N
LONGITUDE: 101 24 W
[TEMPERATURE DATA] [PRECIPITATION DATA] SYMBOLS USED IN COLUMN 16
AVERAGE MONTHLY: 69.1 TOTAL FOR MONTH: 3.74 1 = FOG OR MIST
DPTR FM NORMAL: -0.2 DPTR FM NORMAL: 1.44 2 = FOG REDUCING VISIBILITY
HIGHEST: 96 ON 8, 2 GRTST 24HR 1.55 ON 30-31 TO 1/4 MILE OR LESS
LOWEST: 48 ON 12,11 3 = THUNDER
SNOW, ICE PELLETS, HAIL 4 = ICE PELLETS
TOTAL MONTH: M 5 = HAIL
GRTST 24HR M ON M 6 = FREEZING RAIN OR DRIZZLE
GRTST DEPTH: M ON M 7 = DUSTSTORM OR SANDSTORM:
VSBY 1/2 MILE OR LESS
8 = SMOKE OR HAZE
[NO. OF DAYS WITH] [WEATHER - DAYS WITH] 9 = BLOWING SNOW
X = TORNADO
MAX 32 OR BELOW: 0 0.01 INCH OR MORE: 14
MAX 90 OR ABOVE: 5 0.10 INCH OR MORE: 8
MIN 32 OR BELOW: 0 0.50 INCH OR MORE: 2
MIN 0 OR BELOW: 0 1.00 INCH OR MORE: 1
[HDD (BASE 65) ]
TOTAL THIS MO. 48 CLEAR (SCALE 0-3) 14
DPTR FM NORMAL -8 PTCLDY (SCALE 4-7) 13
TOTAL FM JUL 1 3444 CLOUDY (SCALE 8-10) 4
DPTR FM NORMAL -75
[CDD (BASE 65) ]
TOTAL THIS MO. 184
DPTR FM NORMAL -7 [PRESSURE DATA]
TOTAL FM JAN 1 247 HIGHEST SLP M ON M
DPTR FM NORMAL -8 LOWEST SLP 29.21 ON 2
[REMARKS]
#FINAL-05-21#