804
CXUS55 KBYZ 011315
CF6BHK
PRELIMINARY LOCAL CLIMATOLOGICAL DATA (WS FORM: F-6)
STATION: BAKER MT
MONTH: DECEMBER
YEAR: 2020
LATITUDE: 46 20 N
LONGITUDE: 104 15 W
TEMPERATURE IN F: :PCPN: SNOW: WIND :SUNSHINE: SKY :PK WND
================================================================================
1 2 3 4 5 6A 6B 7 8 9 10 11 12 13 14 15 16 17 18
12Z AVG MX 2MIN
DY MAX MIN AVG DEP HDD CDD WTR SNW DPTH SPD SPD DIR MIN PSBL S-S WX SPD DR
================================================================================
1 35 27 31 9 34 0 0.01 M M 15.8 25 300 M M 6 1 33 320
2 36 14 25 3 40 0 0.00 M M 9.9 25 230 M M 2 37 220
3 46 18 32 11 33 0 0.00 M M 9.7 21 260 M M 0 26 100
4 51 27 39 18 26 0 0.00 M M 12.7 20 300 M M 0 31 300
5 49 19 34 13 31 0 0.00 M M 5.3 10 290 M M 0 M M
6 55 19 37 17 28 0 0.00 M M 5.6 15 290 M M 0 M M
7 54 23 39 19 26 0 0.00 M M 12.2 22 280 M M 0 26 280
8 58 31 45 25 20 0 0.00 M M 11.5 24 260 M M 1 29 260
9 62 24 43 24 22 0 0.00 M M 7.7 26 310 M M 1 33 320
10 33 11 22 3 43 0 T M M 6.4 17 310 M M 7 128 25 230
11 28 8 18 -1 47 0 0.00 M M 6.0 14 110 M M 7 128 16 130
12 22 16 19 0 46 0 T M M 9.2 22 280 M M 10 1 29 290
13 M M M M M M M M M M M M M M M M M
14 M M M M M M M M M M M M M M M M M
15 M M M M M M M M M M M M M M M M M
16 M M M M M M M M M M M M M M M M M
17 39 M M M M M M M M M M M M M M M M
18 33 15 24 6 41 0 0.00 M M 9.7 24 320 M M 2 8 29 320
19 51 26 39 22 26 0 0.00 M M 17.0 32 310 M M 3 43 310
20 53 23 38 21 27 0 0.02 M M 18.6 44 340 M M 6 8 53 350
21 45 29 37 20 28 0 T M M 8.5 15 250 M M 8 20 270
22 60 15 38 21 27 0 T M M 16.5 35 310 M M 3 8 47 300
23 26 13 20 3 45 0 T M M 18.7 33 320 M M 7 42 320
24 M M M M M M 0.00 M M 14.3 22 280 M M 6 29 280
25 M M M M M M 0.00 M M 7.8 17 290 M M 0 23 280
26 M M M M M M 0.00 M M 7.5 17 310 M M 5 22 310
27 M M M M M M T M M 9.9 24 320 M M 9 30 330
28 26 M M M M M 0.00 M M 9.7 17 170 M M 5 21 180
29 30 7 19 2 46 0 0.00 M M 10.7 24 320 M M 2 29 320
30 34 3 19 2 46 0 0.00 M M 8.9 18 250 M M 0 21 250
31 44 19 32 15 33 0 0.00 M M 10.6 25 280 M M 4 31 280
================================================================================
SM 970 387 715 0 0.03 M 280.4 M 94
================================================================================
AV 42.2 18.4 10.8 FASTST M M 4 MAX(MPH)
MISC ----> 44 340 53 350
================================================================================
NOTES:
# LAST OF SEVERAL OCCURRENCES
COLUMN 17 PEAK WIND IN M.P.H.
PRELIMINARY LOCAL CLIMATOLOGICAL DATA (WS FORM: F-6) , PAGE 2
STATION: BAKER MT
MONTH: DECEMBER
YEAR: 2020
LATITUDE: 46 20 N
LONGITUDE: 104 15 W
[TEMPERATURE DATA] [PRECIPITATION DATA] SYMBOLS USED IN COLUMN 16
AVERAGE MONTHLY: 30.3 TOTAL FOR MONTH: 0.03 1 = FOG OR MIST
DPTR FM NORMAL: 11.9 DPTR FM NORMAL: -0.33 2 = FOG REDUCING VISIBILITY
HIGHEST: 62 ON 9 GRTST 24HR 0.02 ON 20-20 TO 1/4 MILE OR LESS
LOWEST: 3 ON 30 3 = THUNDER
SNOW, ICE PELLETS, HAIL 4 = ICE PELLETS
TOTAL MONTH: M 5 = HAIL
GRTST 24HR M ON M 6 = FREEZING RAIN OR DRIZZLE
GRTST DEPTH: M ON M 7 = DUSTSTORM OR SANDSTORM:
VSBY 1/2 MILE OR LESS
8 = SMOKE OR HAZE
[NO. OF DAYS WITH] [WEATHER - DAYS WITH] 9 = BLOWING SNOW
X = TORNADO
MAX 32 OR BELOW: 5 0.01 INCH OR MORE: 2
MAX 90 OR ABOVE: 0 0.10 INCH OR MORE: 0
MIN 32 OR BELOW: 21 0.50 INCH OR MORE: 0
MIN 0 OR BELOW: 0 1.00 INCH OR MORE: 0
[HDD (BASE 65) ]
TOTAL THIS MO. 715 CLEAR (SCALE 0-3) 14
DPTR FM NORMAL -729 PTCLDY (SCALE 4-7) 10
TOTAL FM JUL 1 2626 CLOUDY (SCALE 8-10) 7
DPTR FM NORMAL -846
[CDD (BASE 65) ]
TOTAL THIS MO. 0
DPTR FM NORMAL 0 [PRESSURE DATA]
TOTAL FM JAN 1 530 HIGHEST SLP 30.63 ON 2
DPTR FM NORMAL 60 LOWEST SLP 29.30 ON 22
[REMARKS]
#FINAL-12-20#