000
CXUS55 KBYZ 011100
CF6BHK
PRELIMINARY LOCAL CLIMATOLOGICAL DATA (WS FORM: F-6)
STATION: BAKER MT
MONTH: NOVEMBER
YEAR: 2020
LATITUDE: 46 20 N
LONGITUDE: 104 15 W
TEMPERATURE IN F: :PCPN: SNOW: WIND :SUNSHINE: SKY :PK WND
================================================================================
1 2 3 4 5 6A 6B 7 8 9 10 11 12 13 14 15 16 17 18
12Z AVG MX 2MIN
DY MAX MIN AVG DEP HDD CDD WTR SNW DPTH SPD SPD DIR MIN PSBL S-S WX SPD DR
================================================================================
1 58 23 41 4 24 0 0.00 M M 8.1 21 260 M M 0 26 280
2 71 29 50 13 15 0 0.00 M M 6.9 20 260 M M 0 24 260
3 72 32 52 16 13 0 0.00 M M 8.3 18 260 M M 0 22 260
4 70 33 52 16 13 0 0.00 M M 6.7 21 300 M M 0 28 280
5 73 33 53 18 12 0 0.00 M M 8.0 22 250 M M 0 27 220
6 56 31 44 9 21 0 0.00 M M 6.4 16 80 M M 0 1 21 90
7 54 31 43 9 22 0 0.00 M M 13.6 22 130 M M 5 128 25 130
8 41 15 28 -6 37 0 0.05 M M 19.7 35 280 M M 6 16 43 270
9 23 12 18 -15 47 0 T M M 14.9 30 280 M M 3 36 280
10 33 18 26 -7 39 0 T M M 11.7 17 260 M M 2 24 260
11 31 13 22 -10 43 0 T M M 18.8 31 300 M M 6 1 40 300
12 32 10 21 -11 44 0 0.00 M M 10.5 18 260 M M 1 22 260
13 50 12 31 0 34 0 0.00 M M 8.6 21 150 M M 1 25 150
14 42 26 34 3 31 0 T M M 17.2 33 290 M M 4 1 42 290
15 43 13 28 -2 37 0 T M M 12.2 30 300 M M 4 43 300
16 47 29 38 8 27 0 T M M 12.3 23 300 M M 2 30 280
17 60 29 45 16 20 0 0.00 M M 13.4 24 150 M M 2 31 150
18 63 31 47 18 18 0 T M M 4.5 13 330 M M 3 15 260
19 48 28 38 10 27 0 0.15 M M 9.9 24 280 M M 5 1 30 290
20 42 23 33 5 32 0 0.00 M M 9.4 18 270 M M 4 1 23 260
21 45 26 36 9 29 0 0.00 M M 12.6 23 260 M M 1 27 270
22 45 20 33 7 32 0 0.00 M M 10.5 17 230 M M 0 22 220
23 38 13 26 0 39 0 0.00 M M 9.8 18 290 M M 0 22 280
24 42 17 30 4 35 0 0.00 M M 10.1 17 290 M M 0 23 290
25 45 22 34 9 31 0 0.02 M M 9.9 22 330 M M 2 26 330
26 40 15 28 4 37 0 0.00 M M 11.9 30 300 M M 4 37 300
27 49 16 33 9 32 0 0.00 M M 14.2 26 270 M M 0 30 260
28 53 22 38 14 27 0 0.00 M M 16.6 31 320 M M 0 37 310
29 37 12 25 2 40 0 0.00 M M 8.9 24 310 M M 2 1 31 320
30 55 15 35 12 30 0 0.00 M M 4.8 15 180 M M 0 17 180
================================================================================
SM 1458 649 888 0 0.22 M 330.4 M 57
================================================================================
AV 48.6 21.6 11.0 FASTST M M 2 MAX(MPH)
MISC ----> 35 280 # 43 270
================================================================================
NOTES:
# LAST OF SEVERAL OCCURRENCES
COLUMN 17 PEAK WIND IN M.P.H.
PRELIMINARY LOCAL CLIMATOLOGICAL DATA (WS FORM: F-6) , PAGE 2
STATION: BAKER MT
MONTH: NOVEMBER
YEAR: 2020
LATITUDE: 46 20 N
LONGITUDE: 104 15 W
[TEMPERATURE DATA] [PRECIPITATION DATA] SYMBOLS USED IN COLUMN 16
AVERAGE MONTHLY: 35.1 TOTAL FOR MONTH: 0.22 1 = FOG OR MIST
DPTR FM NORMAL: 5.1 DPTR FM NORMAL: -0.27 2 = FOG REDUCING VISIBILITY
HIGHEST: 73 ON 5 GRTST 24HR 0.15 ON 18-19 TO 1/4 MILE OR LESS
LOWEST: 10 ON 12 3 = THUNDER
SNOW, ICE PELLETS, HAIL 4 = ICE PELLETS
TOTAL MONTH: M 5 = HAIL
GRTST 24HR M ON M 6 = FREEZING RAIN OR DRIZZLE
GRTST DEPTH: M ON M 7 = DUSTSTORM OR SANDSTORM:
VSBY 1/2 MILE OR LESS
8 = SMOKE OR HAZE
[NO. OF DAYS WITH] [WEATHER - DAYS WITH] 9 = BLOWING SNOW
X = TORNADO
MAX 32 OR BELOW: 3 0.01 INCH OR MORE: 3
MAX 90 OR ABOVE: 0 0.10 INCH OR MORE: 1
MIN 32 OR BELOW: 28 0.50 INCH OR MORE: 0
MIN 0 OR BELOW: 0 1.00 INCH OR MORE: 0
[HDD (BASE 65) ]
TOTAL THIS MO. 888 CLEAR (SCALE 0-3) 22
DPTR FM NORMAL -164 PTCLDY (SCALE 4-7) 8
TOTAL FM JUL 1 1911 CLOUDY (SCALE 8-10) 0
DPTR FM NORMAL -118
[CDD (BASE 65) ]
TOTAL THIS MO. 0
DPTR FM NORMAL 0 [PRESSURE DATA]
TOTAL FM JAN 1 530 HIGHEST SLP 30.58 ON 29
DPTR FM NORMAL 60 LOWEST SLP 29.21 ON 8
[REMARKS]
#FINAL-11-20#