000
CXUS54 KBMX 021154
CLMBHM
CLIMATE REPORT
NATIONAL WEATHER SERVICE BIRMINGHAM AL
554 AM CST SAT MAR 02 2024
...................................
...THE BIRMINGHAM CLIMATE SUMMARY FOR THE MONTH OF FEBRUARY 2024...
CLIMATE NORMAL PERIOD 1991 TO 2020
CLIMATE RECORD PERIOD 1895 TO 2024
WEATHER OBSERVED NORMAL DEPART LAST YEAR`S
VALUE DATE(S) VALUE FROM VALUE DATE(S)
NORMAL
................................................................
TEMPERATURE (F)
RECORD
HIGH 83 02/21/2018
02/23/1996
02/13/1962
LOW -10 02/13/1899
HIGHEST 76 02/26 MM MM 82 02/22
LOWEST 25 02/19 MM MM 26 02/18
AVG. MAXIMUM 65.4 59.1 6.3 65.9
AVG. MINIMUM 41.3 38.4 2.9 45.6
MEAN 53.4 55.8
DAYS MAX >= 90 0 0.0 0.0 0
DAYS MAX <= 32 0 0.1 -0.1 0
DAYS MIN <= 32 5 9.8 -4.8 5
DAYS MIN <= 0 0 0.0 0.0 0
PRECIPITATION (INCHES)
RECORD
MAXIMUM 17.67 1961
MINIMUM 1.13 1968
TOTALS 4.89 4.95 -0.06 3.71
DAILY AVG. 0.17 NAN NAN 0.15
DAYS >= .01 7 10.8 -3.8 12
DAYS >= .10 4 7.5 -3.5 8
DAYS >= .50 3 3.7 -0.7 2
DAYS >= 1.00 3 1.4 1.6 1
DEGREE DAYS
HEATING TOTAL 335 459 -124 279
SINCE 7/1 1857 2122 -265 MM
COOLING TOTAL 5 4 1 27
SINCE 1/1 6 6 0 MM
................................................................
WIND (MPH)
AVERAGE WIND SPEED 7.2
HIGHEST WIND SPEED/DIRECTION 30/270 DATE 02/12
HIGHEST GUST SPEED/DIRECTION 46/280 DATE 02/23
AVERAGE RH (PERCENT) 78
WEATHER CONDITIONS. NUMBER OF DAYS WITH
THUNDERSTORM 3 MIXED PRECIP 0
HEAVY RAIN 4 RAIN 5
LIGHT RAIN 8 FREEZING RAIN 0
LT FREEZING RAIN 0 HAIL 0
HEAVY SNOW 0 SNOW 0
LIGHT SNOW 0 SLEET 0
FOG 7 FOG W/VIS <= 1/4 MILE 0
HAZE 4
- INDICATES NEGATIVE NUMBERS.
R INDICATES RECORD WAS SET OR TIED.
MM INDICATES DATA IS MISSING.
T INDICATES TRACE AMOUNT.
$$