000
CXUS53 KBIS 010830
CF6BIS
PRELIMINARY LOCAL CLIMATOLOGICAL DATA (WS FORM: F-6)
STATION: BISMARCK ND
MONTH: AUGUST
YEAR: 2021
LATITUDE: 46 46 N
LONGITUDE: 100 45 W
TEMPERATURE IN F: :PCPN: SNOW: WIND :SUNSHINE: SKY :PK WND
================================================================================
1 2 3 4 5 6A 6B 7 8 9 10 11 12 13 14 15 16 17 18
12Z AVG MX 2MIN
DY MAX MIN AVG DEP HDD CDD WTR SNW DPTH SPD SPD DIR MIN PSBL S-S WX SPD DR
================================================================================
1 88 53 71 -1 0 6 0.00 0.0 0 4.3 17 100 M M 0 18 25 80
2 92 60 76 4 0 11 0.00 0.0 0 4.1 12 120 M M 0 8 17 130
3 92 59 76 4 0 11 0.00 0.0 0 7.7 17 160 M M 0 8 24 160
4 94 71 83 11 0 18 T 0.0 0 6.3 18 310 M M 5 25 310
5 88 63 76 4 0 11 0.00 0.0 0 6.9 15 30 M M 2 8 22 40
6 85 55 70 -2 0 5 T 0.0 0 8.2 18 100 M M 2 18 24 100
7 86 64 75 3 0 10 0.01 0.0 0 5.8 14 140 M M 3 8 19 330
8 102 57 80 8 0 15 0.00 0.0 0 5.8 17 150 M M 1 18 22 150
9 87 62 75 4 0 10 T 0.0 0 10.0 28 310 M M 0 38 36 320
10 93 58 76 5 0 11 0.01 0.0 0 12.1 30 330 M M 1 47 330
11 94 55 75 4 0 10 T 0.0 0 11.5 28 270 M M 3 38 280
12 83 57 70 -1 0 5 0.00 0.0 M 12.7 29 320 M M 0 38 310
13 88 49 69 -2 0 4 0.00 0.0 0 5.3 21 280 M M 1 28 310
14 99 59 79 9 0 14 0.00 0.0 0 3.2 13 140 M M 0 21 140
15 102 65 84 14 0 19 0.00 0.0 0 10.6 21 190 M M 0 28 190
16 102 64 83 13 0 18 0.00 0.0 0 7.1 17 190 M M 3 8 25 160
17 104 72 88 18 0 23 0.00 0.0 0 10.0 23 150 M M 0 32 150
18 101 65 83 13 0 18 0.00 0.0 0 13.6 24 320 M M 0 33 320
19 83 62 73 4 0 8 0.04 0.0 0 8.6 30 70 M M 5 13 38 80
20 71 56 64 -5 1 0 0.51 0.0 0 10.3 22 290 M M 9 13 33 280
21 78 53 66 -3 0 1 T 0.0 0 9.4 25 310 M M 3 8 36 320
22 84 58 71 3 0 6 0.02 0.0 0 18.3 35 160 M M 3 49 150
23 88 52 70 2 0 5 0.00 0.0 0 9.3 23 80 M M 0 31 100
24 80 56 68 0 0 3 T 0.0 0 9.7 25 320 M M 1 3 37 310
25 76 49 63 -5 2 0 T 0.0 0 6.0 14 90 M M 2 17 80
26 67 57 62 -5 3 0 0.37 0.0 0 12.5 30 80 M M 9 13 41 80
27 77 60 69 2 0 4 0.10 0.0 0 7.6 18 60 M M 5 138 23 50
28 82 58 70 3 0 5 0.01 0.0 0 7.1 30 280 M M 2 1 40 280
29 85 50 68 2 0 3 0.00 0.0 0 6.8 17 270 M M 1 22 280
30 86 56 71 5 0 6 T 0.0 0 10.7 24 160 M M 3 3 30 170
31 84 58 71 5 0 6 0.00 0.0 0 13.7 26 140 M M 0 33 150
================================================================================
SM 2721 1813 6 266 1.07 0.0 275.2 M 64
================================================================================
AV 87.8 58.5 8.9 FASTST M M 2 MAX(MPH)
MISC ----> 35 160 49 150
================================================================================
NOTES:
# LAST OF SEVERAL OCCURRENCES
COLUMN 17 PEAK WIND IN M.P.H.
PRELIMINARY LOCAL CLIMATOLOGICAL DATA (WS FORM: F-6) , PAGE 2
STATION: BISMARCK ND
MONTH: AUGUST
YEAR: 2021
LATITUDE: 46 46 N
LONGITUDE: 100 45 W
[TEMPERATURE DATA] [PRECIPITATION DATA] SYMBOLS USED IN COLUMN 16
AVERAGE MONTHLY: 73.1 TOTAL FOR MONTH: 1.07 1 = FOG OR MIST
DPTR FM NORMAL: 3.5 DPTR FM NORMAL: -1.43 2 = FOG REDUCING VISIBILITY
HIGHEST: 104 ON 17 GRTST 24HR 0.54 ON 19-20 TO 1/4 MILE OR LESS
LOWEST: 49 ON 25,13 3 = THUNDER
SNOW, ICE PELLETS, HAIL 4 = ICE PELLETS
TOTAL MONTH: 0.0 INCH 5 = HAIL
GRTST 24HR 0.0 6 = FREEZING RAIN OR DRIZZLE
GRTST DEPTH: 0 7 = DUSTSTORM OR SANDSTORM:
VSBY 1/2 MILE OR LESS
8 = SMOKE OR HAZE
[NO. OF DAYS WITH] [WEATHER - DAYS WITH] 9 = BLOWING SNOW
X = TORNADO
MAX 32 OR BELOW: 0 0.01 INCH OR MORE: 8
MAX 90 OR ABOVE: 11 0.10 INCH OR MORE: 3
MIN 32 OR BELOW: 0 0.50 INCH OR MORE: 1
MIN 0 OR BELOW: 0 1.00 INCH OR MORE: 0
[HDD (BASE 65) ]
TOTAL THIS MO. 6 CLEAR (SCALE 0-3) 24
DPTR FM NORMAL -25 PTCLDY (SCALE 4-7) 5
TOTAL FM JUL 1 6 CLOUDY (SCALE 8-10) 2
DPTR FM NORMAL -39
[CDD (BASE 65) ]
TOTAL THIS MO. 266
DPTR FM NORMAL 92 [PRESSURE DATA]
TOTAL FM JAN 1 972 HIGHEST SLP 30.30 ON 1
DPTR FM NORMAL 482 LOWEST SLP 29.54 ON 17
[REMARKS]
#FINAL-08-21#