000
CDUS43 KGRR 122131
CLIBIV


CLIMATE REPORT
NATIONAL WEATHER SERVICE GRAND RAPIDS, MI
528 PM EDT SAT AUG 12 2017


...................................

...THE HOLLAND/TULIP CITY MI CLIMATE SUMMARY FOR AUGUST 12 2017...
VALID TODAY AS OF 0500 PM LOCAL TIME.

CLIMATE NORMAL PERIOD 1981 TO 2010
CLIMATE RECORD PERIOD 1996 TO 2017


WEATHER ITEM   OBSERVED TIME   NORMAL DEPARTURE LAST
                VALUE   (LST)  VALUE  FROM      YEAR
                                      NORMAL
......................................................
TEMPERATURE (F)
 TODAY
  MAXIMUM         74    124 PM  81     -7       84
  MINIMUM         62    610 AM  62      0       74
  AVERAGE         68            72     -4       79

PRECIPITATION (IN)
  TODAY            T             0.11  -0.11     1.91
  MONTH TO DATE    1.69          1.19   0.50     1.91
  SINCE JUN 1      8.27          8.24   0.03     5.57
  SINCE JAN 1     23.44         20.83   2.61    18.70

DEGREE DAYS
 HEATING
  TODAY            0             0      0        0
  MONTH TO DATE    1             0      1        0
  SINCE JUN 1     22            54    -32       43
  SINCE JUL 1      2             6     -4        7

 COOLING
  TODAY            3             7     -4       14
  MONTH TO DATE   43            84    -41      110
  SINCE JUN 1    395           465    -70      486
  SINCE JAN 1    426           507    -81      545
......................................................


WIND (MPH)
  RESULTANT WIND SPEED   5   RESULTANT WIND DIRECTION   N (340)
  HIGHEST WIND SPEED    16   HIGHEST WIND DIRECTION    NW (310)
  HIGHEST GUST SPEED    22   HIGHEST GUST DIRECTION    NW (300)
  AVERAGE WIND SPEED     6.3


SKY COVER
  AVERAGE SKY COVER 0.6


WEATHER CONDITIONS
 THE FOLLOWING WEATHER WAS RECORDED TODAY.
  LIGHT RAIN


RELATIVE HUMIDITY (PERCENT)
 HIGHEST    84           100 AM
 LOWEST     66          1200 PM
 AVERAGE    75

..........................................................


THE HOLLAND/TULIP CITY MI CLIMATE NORMALS FOR TOMORROW
                         NORMAL
 MAXIMUM TEMPERATURE (F)   81
 MINIMUM TEMPERATURE (F)   62


SUNRISE AND SUNSET
AUGUST 12 2017........SUNRISE   648 AM EDT   SUNSET   851 PM EDT
AUGUST 13 2017........SUNRISE   649 AM EDT   SUNSET   849 PM EDT


-  INDICATES NEGATIVE NUMBERS.
R  INDICATES RECORD WAS SET OR TIED.
MM INDICATES DATA IS MISSING.
T  INDICATES TRACE AMOUNT.




$$

63
