000
CDUS43 KGRR 112130
CLIBIV


CLIMATE REPORT
NATIONAL WEATHER SERVICE GRAND RAPIDS, MI
527 PM EDT THU MAY 11 2017


...................................

...THE HOLLAND/TULIP CITY MI CLIMATE SUMMARY FOR MAY 11 2017...
VALID TODAY AS OF 0500 PM LOCAL TIME.

CLIMATE NORMAL PERIOD 1981 TO 2010
CLIMATE RECORD PERIOD 1996 TO 2017


WEATHER ITEM   OBSERVED TIME   NORMAL DEPARTURE LAST
                VALUE   (LST)  VALUE  FROM      YEAR
                                      NORMAL
......................................................
TEMPERATURE (F)
 TODAY
  MAXIMUM         68    343 PM  67      1       72
  MINIMUM         48    600 AM  47      1       51
  AVERAGE         58            57      1       62

PRECIPITATION (IN)
  TODAY            T             0.11  -0.11     0.00
  MONTH TO DATE    0.72          1.24  -0.52     1.47
  SINCE MAR 1      9.60          6.76   2.84     8.39
  SINCE JAN 1     14.26         10.65   3.61    12.25

DEGREE DAYS
 HEATING
  TODAY            7             9     -2        3
  MONTH TO DATE  175           110     65       96
  SINCE MAR 1   1470          1489    -19     1399
  SINCE JUL 1   5332          5989   -657     5389

 COOLING
  TODAY            0             1     -1        0
  MONTH TO DATE    0             5     -5        0
  SINCE MAR 1      8             9     -1        1
  SINCE JAN 1      8             9     -1        1
......................................................


WIND (MPH)
  RESULTANT WIND SPEED   6   RESULTANT WIND DIRECTION   E (80)
  HIGHEST WIND SPEED    15   HIGHEST WIND DIRECTION     E (100)
  HIGHEST GUST SPEED    22   HIGHEST GUST DIRECTION     E (90)
  AVERAGE WIND SPEED     7.7


SKY COVER
  AVERAGE SKY COVER 0.4


WEATHER CONDITIONS
 THE FOLLOWING WEATHER WAS RECORDED TODAY.
  LIGHT RAIN
  FOG


RELATIVE HUMIDITY (PERCENT)
 HIGHEST    86           500 AM
 LOWEST     39           300 PM
 AVERAGE    63

..........................................................


THE HOLLAND/TULIP CITY MI CLIMATE NORMALS FOR TOMORROW
                         NORMAL
 MAXIMUM TEMPERATURE (F)   68
 MINIMUM TEMPERATURE (F)   47


SUNRISE AND SUNSET
MAY 11 2017...........SUNRISE   626 AM EDT   SUNSET   857 PM EDT
MAY 12 2017...........SUNRISE   625 AM EDT   SUNSET   858 PM EDT


-  INDICATES NEGATIVE NUMBERS.
R  INDICATES RECORD WAS SET OR TIED.
MM INDICATES DATA IS MISSING.
T  INDICATES TRACE AMOUNT.




$$

63
