000
CDUS43 KGRR 081337
CLIBIV


CLIMATE REPORT
NATIONAL WEATHER SERVICE GRAND RAPIDS, MI
937 AM EDT TUE APR 8 2014


...................................

...THE HOLLAND/TULIP CITY MI CLIMATE SUMMARY FOR APRIL 8 2014...
VALID AS OF 0900 AM LOCAL TIME.

CLIMATE NORMAL PERIOD 1981 TO 2010
CLIMATE RECORD PERIOD 9999 TO 9999


WEATHER ITEM   OBSERVED TIME   RECORD YEAR NORMAL DEPARTURE LAST
                VALUE   (LST)  VALUE       VALUE  FROM      YEAR
                                                  NORMAL
..................................................................
TEMPERATURE (F)
 TODAY
  MAXIMUM         43   1247 AM  MM      MM  55    -12       61
  MINIMUM         37    459 AM  MM      MM  36      1       36
  AVERAGE         40                        46     -6       49

PRECIPITATION (IN)
  TODAY            0.00         MM      MM   0.09  -0.09     0.38
  MONTH TO DATE    0.52                      0.64  -0.12     0.47
  SINCE MAR 1      1.66                      2.91  -1.25     1.47
  SINCE JAN 1      5.62                      6.80  -1.18     7.23

DEGREE DAYS
 HEATING
  TODAY           25                        20      5       16
  MONTH TO DATE  186                       168     18      192
  SINCE MAR 1   1312                      1042    270     1182
  SINCE JUL 1   6470                      5542    928     5434

 COOLING
  TODAY            0                         0      0        0
  MONTH TO DATE    0                         0      0        0
  SINCE MAR 1      0                         0      0        0
  SINCE JAN 1      0                         0      0        0
..................................................................


WIND (MPH)
  HIGHEST WIND SPEED     9   HIGHEST WIND DIRECTION    NW (300)
  HIGHEST GUST SPEED    16   HIGHEST GUST DIRECTION    NW (300)



WEATHER CONDITIONS
 THE FOLLOWING WEATHER WAS RECORDED TODAY.
  NO SIGNIFICANT WEATHER WAS OBSERVED.


..........................................................




SUNRISE AND SUNSET
APRIL  8 2014.........SUNRISE   715 AM EDT   SUNSET   819 PM EDT
APRIL  9 2014.........SUNRISE   713 AM EDT   SUNSET   820 PM EDT


-  INDICATES NEGATIVE NUMBERS.
R  INDICATES RECORD WAS SET OR TIED.
MM INDICATES DATA IS MISSING.
T  INDICATES TRACE AMOUNT.




$$
