000
CDUS43 KGRR 132131
CLIBIV


CLIMATE REPORT
NATIONAL WEATHER SERVICE GRAND RAPIDS, MI
531 PM EDT FRI OCT 13 2017


...................................

...THE HOLLAND/TULIP CITY MI CLIMATE SUMMARY FOR OCTOBER 13 2017...
VALID TODAY AS OF 0500 PM LOCAL TIME.

CLIMATE NORMAL PERIOD 1981 TO 2010
CLIMATE RECORD PERIOD 1996 TO 2017


WEATHER ITEM   OBSERVED TIME   NORMAL DEPARTURE LAST
                VALUE   (LST)  VALUE  FROM      YEAR
                                      NORMAL
......................................................
TEMPERATURE (F)
 TODAY
  MAXIMUM         67    309 PM  63      4       57
  MINIMUM         57    421 AM  44     13       37
  AVERAGE         62            54      8       47

PRECIPITATION (IN)
  TODAY            0.00          0.12  -0.12     0.03
  MONTH TO DATE    2.76          1.37   1.39     1.29
  SINCE SEP 1      3.39          5.27  -1.88     2.66
  SINCE JAN 1     28.21         28.48  -0.27    24.54

DEGREE DAYS
 HEATING
  TODAY            3            12     -9       18
  MONTH TO DATE   51           132    -81       82
  SINCE SEP 1    153           247    -94      110
  SINCE JUL 1    174           262    -88      117

 COOLING
  TODAY            0             0      0        0
  MONTH TO DATE   13            10      3        4
  SINCE SEP 1    128            74     54       97
  SINCE JAN 1    613           692    -79      776
......................................................


WIND (MPH)
  RESULTANT WIND SPEED   7   RESULTANT WIND DIRECTION  SW (210)
  HIGHEST WIND SPEED    18   HIGHEST WIND DIRECTION    SW (210)
  HIGHEST GUST SPEED    23   HIGHEST GUST DIRECTION    SW (220)
  AVERAGE WIND SPEED     7.8


SKY COVER
  AVERAGE SKY COVER 0.9


WEATHER CONDITIONS
 THE FOLLOWING WEATHER WAS RECORDED TODAY.
  FOG


RELATIVE HUMIDITY (PERCENT)
 HIGHEST    93           200 AM
 LOWEST     63           300 PM
 AVERAGE    78

..........................................................


THE HOLLAND/TULIP CITY MI CLIMATE NORMALS FOR TOMORROW
                         NORMAL
 MAXIMUM TEMPERATURE (F)   63
 MINIMUM TEMPERATURE (F)   44


SUNRISE AND SUNSET
OCTOBER 13 2017.......SUNRISE   756 AM EDT   SUNSET   705 PM EDT
OCTOBER 14 2017.......SUNRISE   757 AM EDT   SUNSET   703 PM EDT


-  INDICATES NEGATIVE NUMBERS.
R  INDICATES RECORD WAS SET OR TIED.
MM INDICATES DATA IS MISSING.
T  INDICATES TRACE AMOUNT.




$$
