000
CDUS43 KGRR 241332
CLIBIV


CLIMATE REPORT
NATIONAL WEATHER SERVICE GRAND RAPIDS, MI
932 AM EDT SUN AUG 24 2014


...................................

...THE HOLLAND/TULIP CITY MI CLIMATE SUMMARY FOR AUGUST 24 2014...
VALID AS OF 0900 AM LOCAL TIME.

CLIMATE NORMAL PERIOD 1981 TO 2010
CLIMATE RECORD PERIOD 1996 TO 2014


WEATHER ITEM   OBSERVED TIME   RECORD YEAR NORMAL DEPARTURE LAST
                VALUE   (LST)  VALUE       VALUE  FROM      YEAR
                                                  NORMAL
..................................................................
TEMPERATURE (F)
 TODAY
  MAXIMUM         72   1251 AM  MM      MM  80     -8       82
  MINIMUM         69    731 AM  MM      MM  60      9       51
  AVERAGE         71                        70      1       67

PRECIPITATION (IN)
  TODAY            T            MM      MM   0.12  -0.12     0.00
  MONTH TO DATE    4.18                      2.72   1.46     1.56
  SINCE JUN 1     10.74                      9.77   0.97     9.22
  SINCE JAN 1     20.27                     22.36  -2.09    27.75

DEGREE DAYS
 HEATING
  TODAY            0                         0      0        0
  MONTH TO DATE   14                         0     14       11
  SINCE JUN 1     59                        54      5       53
  SINCE JUL 1     36                         6     30       19

 COOLING
  TODAY            6                         5      1        2
  MONTH TO DATE  136                       159    -23       99
  SINCE JUN 1    423                       540   -117      534
  SINCE JAN 1    462                       582   -120      624
..................................................................


WIND (MPH)
  HIGHEST WIND SPEED    13   HIGHEST WIND DIRECTION     E (110)
  HIGHEST GUST SPEED    14   HIGHEST GUST DIRECTION     E (100)



WEATHER CONDITIONS
 THE FOLLOWING WEATHER WAS RECORDED TODAY.
  LIGHT RAIN
  FOG


..........................................................




SUNRISE AND SUNSET
AUGUST 24 2014........SUNRISE   701 AM EDT   SUNSET   833 PM EDT
AUGUST 25 2014........SUNRISE   702 AM EDT   SUNSET   831 PM EDT


-  INDICATES NEGATIVE NUMBERS.
R  INDICATES RECORD WAS SET OR TIED.
MM INDICATES DATA IS MISSING.
T  INDICATES TRACE AMOUNT.




$$
