000
CDUS43 KGRR 120516
CLIBIV


CLIMATE REPORT
NATIONAL WEATHER SERVICE GRAND RAPIDS, MI
116 AM EDT MON JUN 12 2017


...................................

...THE HOLLAND/TULIP CITY MI CLIMATE SUMMARY FOR JUNE 11 2017...

CLIMATE NORMAL PERIOD 1981 TO 2010
CLIMATE RECORD PERIOD 1996 TO 2017


WEATHER ITEM   OBSERVED TIME   NORMAL DEPARTURE LAST
                VALUE   (LST)  VALUE  FROM      YEAR
                                      NORMAL
......................................................
TEMPERATURE (F)
 YESTERDAY
  MAXIMUM         89    630 PM  78     11       86
  MINIMUM         74    642 AM  57     17       66
  AVERAGE         82            67     15       76

PRECIPITATION (IN)
  YESTERDAY        0.00          0.16  -0.16     0.00
  MONTH TO DATE    0.18          1.62  -1.44     0.76
  SINCE JUN 1      0.18          1.62  -1.44     0.76
  SINCE JAN 1     15.35         14.21   1.14    13.89

DEGREE DAYS
 HEATING
  YESTERDAY        0             2     -2        0
  MONTH TO DATE    6            30    -24       28
  SINCE JUN 1      6            30    -24       28
  SINCE JUL 1   5436          6142   -706     5530

 COOLING
  YESTERDAY       17             4     13       11
  MONTH TO DATE   39            37      2       28
  SINCE JUN 1     39            37      2       28
  SINCE JAN 1     70            79     -9       87
......................................................


WIND (MPH)
  RESULTANT WIND SPEED  17   RESULTANT WIND DIRECTION  SW (220)
  HIGHEST WIND SPEED    28   HIGHEST WIND DIRECTION    SW (220)
  HIGHEST GUST SPEED    35   HIGHEST GUST DIRECTION    SW (220)
  AVERAGE WIND SPEED    17.3


SKY COVER
  AVERAGE SKY COVER 0.1


WEATHER CONDITIONS
 THE FOLLOWING WEATHER WAS RECORDED YESTERDAY.
  NO SIGNIFICANT WEATHER WAS OBSERVED.


RELATIVE HUMIDITY (PERCENT)
 HIGHEST    57           600 AM
 LOWEST     36           700 PM
 AVERAGE    47

..........................................................


THE HOLLAND/TULIP CITY MI CLIMATE NORMALS FOR TODAY
                         NORMAL
 MAXIMUM TEMPERATURE (F)   78
 MINIMUM TEMPERATURE (F)   57


SUNRISE AND SUNSET
JUNE 12 2017..........SUNRISE   606 AM EDT   SUNSET   924 PM EDT
JUNE 13 2017..........SUNRISE   606 AM EDT   SUNSET   924 PM EDT


-  INDICATES NEGATIVE NUMBERS.
R  INDICATES RECORD WAS SET OR TIED.
MM INDICATES DATA IS MISSING.
T  INDICATES TRACE AMOUNT.




$$
