000
CDUS43 KGRR 230533
CLIBIV


CLIMATE REPORT
NATIONAL WEATHER SERVICE GRAND RAPIDS, MI
133 AM EDT THU JUL 23 2015


...................................

...THE HOLLAND/TULIP CITY MI CLIMATE SUMMARY FOR JULY 22 2015...

CLIMATE NORMAL PERIOD 1981 TO 2010
CLIMATE RECORD PERIOD 1996 TO 2015


WEATHER ITEM   OBSERVED TIME   NORMAL DEPARTURE LAST
                VALUE   (LST)  VALUE  FROM      YEAR
                                      NORMAL
......................................................
TEMPERATURE (F)
 YESTERDAY
  MAXIMUM         80    320 PM  82     -2       91
  MINIMUM         57    612 AM  63     -6       64
  AVERAGE         69            73     -4       78

PRECIPITATION (IN)
  YESTERDAY        0.00          0.10  -0.10     0.76
  MONTH TO DATE    2.29          2.05   0.24     2.59
  SINCE JUN 1      3.73          6.27  -2.54     6.32
  SINCE JAN 1     14.54         18.86  -4.32    15.85

DEGREE DAYS
 HEATING
  YESTERDAY        0             0      0        0
  MONTH TO DATE   10             0     10        8
  SINCE JUN 1     34            48    -14       31
  SINCE JUL 1     10             0     10        8

 COOLING
  YESTERDAY        4             8     -4       13
  MONTH TO DATE   94           170    -76       88
  SINCE JUN 1    178           316   -138      271
  SINCE JAN 1    227           358   -131      310
......................................................


WIND (MPH)
  RESULTANT WIND SPEED   3   RESULTANT WIND DIRECTION   W (280)
  HIGHEST WIND SPEED    10   HIGHEST WIND DIRECTION     W (280)
  HIGHEST GUST SPEED    14   HIGHEST GUST DIRECTION     W (280)
  AVERAGE WIND SPEED     3.2


SKY COVER
  AVERAGE SKY COVER 0.1


WEATHER CONDITIONS
 THE FOLLOWING WEATHER WAS RECORDED YESTERDAY.
  NO SIGNIFICANT WEATHER WAS OBSERVED.


RELATIVE HUMIDITY (PERCENT)
 HIGHEST    93           600 AM
 LOWEST     39          1000 AM
 AVERAGE    66

..........................................................


THE HOLLAND/TULIP CITY MI CLIMATE NORMALS FOR TODAY
                         NORMAL
 MAXIMUM TEMPERATURE (F)   82
 MINIMUM TEMPERATURE (F)   63


SUNRISE AND SUNSET
JULY 23 2015..........SUNRISE   627 AM EDT   SUNSET   915 PM EDT
JULY 24 2015..........SUNRISE   628 AM EDT   SUNSET   914 PM EDT


-  INDICATES NEGATIVE NUMBERS.
R  INDICATES RECORD WAS SET OR TIED.
MM INDICATES DATA IS MISSING.
T  INDICATES TRACE AMOUNT.




$$
