379
CDUS43 KGRR 072232
CLIBIV


CLIMATE REPORT
NATIONAL WEATHER SERVICE GRAND RAPIDS, MI
531 PM EST THU DEC 7 2017


...................................

...THE HOLLAND/TULIP CITY MI CLIMATE SUMMARY FOR DECEMBER 7 2017...
VALID TODAY AS OF 0500 PM LOCAL TIME.

CLIMATE NORMAL PERIOD 1981 TO 2010
CLIMATE RECORD PERIOD 1996 TO 2017


WEATHER ITEM   OBSERVED TIME   NORMAL DEPARTURE LAST
                VALUE   (LST)  VALUE  FROM      YEAR
                                      NORMAL
......................................................
TEMPERATURE (F)
 TODAY
  MAXIMUM         29   1105 AM  39    -10       35
  MINIMUM         24    549 AM  29     -5       27
  AVERAGE         27            34     -7       31

PRECIPITATION (IN)
  TODAY            0.07          0.09  -0.02     0.00
  MONTH TO DATE    0.19          0.70  -0.51     0.83
  SINCE DEC 1      0.19          0.70  -0.51     0.83
  SINCE JAN 1     39.15         34.86   4.29    30.70

DEGREE DAYS
 HEATING
  TODAY           38            31      7       34
  MONTH TO DATE  175           212    -37      204
  SINCE DEC 1    175           212    -37      204
  SINCE JUL 1   1342          1435    -93     1102

 COOLING
  TODAY            0             0      0        0
  MONTH TO DATE    0             0      0        0
  SINCE DEC 1      0             0      0        0
  SINCE JAN 1    613           693    -80      785
......................................................


WIND (MPH)
  RESULTANT WIND SPEED  11   RESULTANT WIND DIRECTION   W (290)
  HIGHEST WIND SPEED    18   HIGHEST WIND DIRECTION     W (280)
  HIGHEST GUST SPEED    26   HIGHEST GUST DIRECTION     W (280)
  AVERAGE WIND SPEED    11.5


SKY COVER
  AVERAGE SKY COVER 0.9


WEATHER CONDITIONS
 THE FOLLOWING WEATHER WAS RECORDED TODAY.
  SNOW
  LIGHT SNOW
  FOG


RELATIVE HUMIDITY (PERCENT)
 HIGHEST    88           600 AM
 LOWEST     63          1200 PM
 AVERAGE    76

..........................................................


THE HOLLAND/TULIP CITY MI CLIMATE NORMALS FOR TOMORROW
                         NORMAL
 MAXIMUM TEMPERATURE (F)   39
 MINIMUM TEMPERATURE (F)   28


SUNRISE AND SUNSET
DECEMBER  7 2017......SUNRISE   802 AM EST   SUNSET   510 PM EST
DECEMBER  8 2017......SUNRISE   803 AM EST   SUNSET   510 PM EST


-  INDICATES NEGATIVE NUMBERS.
R  INDICATES RECORD WAS SET OR TIED.
MM INDICATES DATA IS MISSING.
T  INDICATES TRACE AMOUNT.




$$
