000
CDUS43 KGRR 141338
CLIBIV


CLIMATE REPORT
NATIONAL WEATHER SERVICE GRAND RAPIDS, MI
938 AM EDT TUE OCT 14 2014


...................................

...THE HOLLAND/TULIP CITY MI CLIMATE SUMMARY FOR OCTOBER 14 2014...
VALID AS OF 0900 AM LOCAL TIME.

CLIMATE NORMAL PERIOD 1981 TO 2010
CLIMATE RECORD PERIOD 1996 TO 2014


WEATHER ITEM   OBSERVED TIME   RECORD YEAR NORMAL DEPARTURE LAST
                VALUE   (LST)  VALUE       VALUE  FROM      YEAR
                                                  NORMAL
..................................................................
TEMPERATURE (F)
 TODAY
  MAXIMUM         70    108 AM  MM      MM  63      7       63
  MINIMUM         66    753 AM  MM      MM  44     22       37
  AVERAGE         68                        53     15       50

PRECIPITATION (IN)
  TODAY            0.02         MM      MM   0.11  -0.09     0.00
  MONTH TO DATE    2.07                      1.48   0.59     1.18
  SINCE SEP 1      6.01                      5.38   0.63     2.36
  SINCE JAN 1     27.04                     28.59  -1.55    30.37

DEGREE DAYS
 HEATING
  TODAY            0                        12    -12       15
  MONTH TO DATE  148                       144      4       70
  SINCE SEP 1    283                       259     24      183
  SINCE JUL 1    319                       274     45      202

 COOLING
  TODAY            3                         0      3        0
  MONTH TO DATE    4                        10     -6       14
  SINCE SEP 1     56                        74    -18      104
  SINCE JAN 1    573                       692   -119      811
..................................................................


WIND (MPH)
  HIGHEST WIND SPEED    18   HIGHEST WIND DIRECTION    SE (150)
  HIGHEST GUST SPEED    26   HIGHEST GUST DIRECTION    SE (150)



WEATHER CONDITIONS
 THE FOLLOWING WEATHER WAS RECORDED TODAY.
  LIGHT RAIN


..........................................................




SUNRISE AND SUNSET
OCTOBER 14 2014.......SUNRISE   757 AM EDT   SUNSET   704 PM EDT
OCTOBER 15 2014.......SUNRISE   758 AM EDT   SUNSET   702 PM EDT


-  INDICATES NEGATIVE NUMBERS.
R  INDICATES RECORD WAS SET OR TIED.
MM INDICATES DATA IS MISSING.
T  INDICATES TRACE AMOUNT.




$$
