000
CDUS43 KGRR 192130
CLIBIV


CLIMATE REPORT
NATIONAL WEATHER SERVICE GRAND RAPIDS, MI
524 PM EDT THU MAY 19 2016


...................................

...THE HOLLAND/TULIP CITY MI CLIMATE SUMMARY FOR MAY 19 2016...
VALID TODAY AS OF 0500 PM LOCAL TIME.

CLIMATE NORMAL PERIOD 1981 TO 2010
CLIMATE RECORD PERIOD 1996 TO 2016


WEATHER ITEM   OBSERVED TIME   NORMAL DEPARTURE LAST
                VALUE   (LST)  VALUE  FROM      YEAR
                                      NORMAL
......................................................
TEMPERATURE (F)
 TODAY
  MAXIMUM         67    157 PM  70     -3       51
  MINIMUM         38    417 AM  50    -12       40
  AVERAGE         53            60     -7       46

PRECIPITATION (IN)
  TODAY            0.00          0.10  -0.10     0.01
  MONTH TO DATE    2.05          2.04   0.01     3.45
  SINCE MAR 1      8.97          7.56   1.41     7.99
  SINCE JAN 1     12.83         11.45   1.38     9.47

DEGREE DAYS
 HEATING
  TODAY           12             7      5       19
  MONTH TO DATE  196           170     26      134
  SINCE MAR 1   1499          1549    -50     1604
  SINCE JUL 1   5489          6049   -560     6571

 COOLING
  TODAY            0             1     -1        0
  MONTH TO DATE    0            13    -13       27
  SINCE MAR 1      1            17    -16       27
  SINCE JAN 1      1            17    -16       27
......................................................


WIND (MPH)
  RESULTANT WIND SPEED   2   RESULTANT WIND DIRECTION  NW (300)
  HIGHEST WIND SPEED    13   HIGHEST WIND DIRECTION     W (290)
  HIGHEST GUST SPEED    17   HIGHEST GUST DIRECTION     W (280)
  AVERAGE WIND SPEED     2.9


SKY COVER
  AVERAGE SKY COVER 0.0


WEATHER CONDITIONS
 THE FOLLOWING WEATHER WAS RECORDED TODAY.
  NO SIGNIFICANT WEATHER WAS OBSERVED.


RELATIVE HUMIDITY (PERCENT)
 HIGHEST    86           300 AM
 LOWEST     29           200 PM
 AVERAGE    58

..........................................................


THE HOLLAND/TULIP CITY MI CLIMATE NORMALS FOR TOMORROW
                         NORMAL
 MAXIMUM TEMPERATURE (F)   70
 MINIMUM TEMPERATURE (F)   50


SUNRISE AND SUNSET
MAY 19 2016...........SUNRISE   618 AM EDT   SUNSET   905 PM EDT
MAY 20 2016...........SUNRISE   617 AM EDT   SUNSET   906 PM EDT


-  INDICATES NEGATIVE NUMBERS.
R  INDICATES RECORD WAS SET OR TIED.
MM INDICATES DATA IS MISSING.
T  INDICATES TRACE AMOUNT.




$$

63
