000
CDUS43 KGRR 240515
CLIBIV


CLIMATE REPORT
NATIONAL WEATHER SERVICE GRAND RAPIDS, MI
1213 AM EST WED DEC 24 2014


...................................

...THE HOLLAND/TULIP CITY MI CLIMATE SUMMARY FOR DECEMBER 23 2014...

CLIMATE NORMAL PERIOD 1981 TO 2010
CLIMATE RECORD PERIOD 1996 TO 2014


WEATHER ITEM   OBSERVED TIME   NORMAL DEPARTURE LAST
                VALUE   (LST)  VALUE  FROM      YEAR
                                      NORMAL
......................................................
TEMPERATURE (F)
 YESTERDAY
  MAXIMUM         51    234 PM  35     16       29
  MINIMUM         37    804 PM  24     13       17
  AVERAGE         44            29     15       23

PRECIPITATION (IN)
  YESTERDAY        0.13          0.06   0.07     0.15
  MONTH TO DATE    0.77          1.85  -1.08     1.34
  SINCE DEC 1      0.77          1.85  -1.08     1.34
  SINCE JAN 1     32.94         36.01  -3.07    39.85

DEGREE DAYS
 HEATING
  YESTERDAY       21            36    -15       42
  MONTH TO DATE  686           752    -66      858
  SINCE DEC 1    686           752    -66      858
  SINCE JUL 1   2077          1975    102     2094

 COOLING
  YESTERDAY        0             0      0        0
  MONTH TO DATE    0             0      0        0
  SINCE DEC 1      0             0      0        0
  SINCE JAN 1    570           693   -123      813
......................................................


WIND (MPH)
  RESULTANT WIND SPEED   6   RESULTANT WIND DIRECTION   S (170)
  HIGHEST WIND SPEED    23   HIGHEST WIND DIRECTION    SW (220)
  HIGHEST GUST SPEED    29   HIGHEST GUST DIRECTION    SW (210)
  AVERAGE WIND SPEED     8.4


SKY COVER
  AVERAGE SKY COVER 0.6


WEATHER CONDITIONS
 THE FOLLOWING WEATHER WAS RECORDED YESTERDAY.
  RAIN
  LIGHT RAIN
  FOG
  HAZE


RELATIVE HUMIDITY (PERCENT)
 HIGHEST    93          1100 AM
 LOWEST     61           300 PM
 AVERAGE    77

..........................................................


THE HOLLAND/TULIP CITY MI CLIMATE NORMALS FOR TODAY
                         NORMAL
 MAXIMUM TEMPERATURE (F)   34
 MINIMUM TEMPERATURE (F)   24


SUNRISE AND SUNSET
DECEMBER 24 2014......SUNRISE   813 AM EST   SUNSET   515 PM EST
DECEMBER 25 2014......SUNRISE   814 AM EST   SUNSET   516 PM EST


-  INDICATES NEGATIVE NUMBERS.
R  INDICATES RECORD WAS SET OR TIED.
MM INDICATES DATA IS MISSING.
T  INDICATES TRACE AMOUNT.




$$

JAM
