000
CDUS43 KGRR 270531
CLIBIV


CLIMATE REPORT
NATIONAL WEATHER SERVICE GRAND RAPIDS, MI
130 AM EDT SUN JUL 27 2014


...................................

...THE HOLLAND/TULIP CITY MI CLIMATE SUMMARY FOR JULY 26 2014...

CLIMATE NORMAL PERIOD 1981 TO 2010
CLIMATE RECORD PERIOD 9999 TO 9999


WEATHER ITEM   OBSERVED TIME   NORMAL DEPARTURE LAST
                VALUE   (LST)  VALUE  FROM      YEAR
                                      NORMAL
......................................................
TEMPERATURE (F)
 YESTERDAY
  MAXIMUM         78    421 PM  82     -4       78
  MINIMUM         61    612 AM  63     -2       60
  AVERAGE         70            72     -2       69

PRECIPITATION (IN)
  YESTERDAY        0.00          0.08  -0.08     0.34
  MONTH TO DATE    2.59          2.37   0.22     1.98
  SINCE JUN 1      6.32          6.59  -0.27     6.61
  SINCE JAN 1     15.85         19.18  -3.33    25.14

DEGREE DAYS
 HEATING
  YESTERDAY        0             0      0        0
  MONTH TO DATE    9             0      9        0
  SINCE JUN 1     32            48    -16       34
  SINCE JUL 1      9             0      9        0

 COOLING
  YESTERDAY        5             8     -3        4
  MONTH TO DATE   96           202   -106      266
  SINCE JUN 1    279           348    -69      430
  SINCE JAN 1    318           390    -72      520
......................................................


WIND (MPH)
  RESULTANT WIND SPEED   4   RESULTANT WIND DIRECTION  SW (220)
  HIGHEST WIND SPEED    10   HIGHEST WIND DIRECTION    SW (220)
  HIGHEST GUST SPEED    17   HIGHEST GUST DIRECTION    NE (40)
  AVERAGE WIND SPEED     4.2


SKY COVER
  AVERAGE SKY COVER 0.4


WEATHER CONDITIONS
 THE FOLLOWING WEATHER WAS RECORDED YESTERDAY.
  FOG


RELATIVE HUMIDITY (PERCENT)
 HIGHEST    93           900 PM
 LOWEST     60          1200 PM
 AVERAGE    77

..........................................................


THE HOLLAND/TULIP CITY MI CLIMATE NORMALS FOR TODAY
                         NORMAL
 MAXIMUM TEMPERATURE (F)   82
 MINIMUM TEMPERATURE (F)   63


SUNRISE AND SUNSET
JULY 27 2014..........SUNRISE   631 AM EDT   SUNSET   911 PM EDT
JULY 28 2014..........SUNRISE   632 AM EDT   SUNSET   910 PM EDT


-  INDICATES NEGATIVE NUMBERS.
R  INDICATES RECORD WAS SET OR TIED.
MM INDICATES DATA IS MISSING.
T  INDICATES TRACE AMOUNT.




$$
