000
CDUS43 KGRR 290517
CLIBIV


CLIMATE REPORT
NATIONAL WEATHER SERVICE GRAND RAPIDS, MI
117 AM EDT MON JUN 29 2015


...................................

...THE HOLLAND/TULIP CITY MI CLIMATE SUMMARY FOR JUNE 28 2015...

CLIMATE NORMAL PERIOD 1981 TO 2010
CLIMATE RECORD PERIOD 1996 TO 2015


WEATHER ITEM   OBSERVED TIME   NORMAL DEPARTURE LAST
                VALUE   (LST)  VALUE  FROM      YEAR
                                      NORMAL
......................................................
TEMPERATURE (F)
 YESTERDAY
  MAXIMUM         78    302 PM  82     -4       88
  MINIMUM         53    537 AM  61     -8       69
  AVERAGE         66            71     -5       79

PRECIPITATION (IN)
  YESTERDAY        0.00          0.13  -0.13     0.06
  MONTH TO DATE    1.44          3.98  -2.54     3.18
  SINCE JUN 1      1.44          3.98  -2.54     3.18
  SINCE JAN 1     12.25         16.57  -4.32    12.71

DEGREE DAYS
 HEATING
  YESTERDAY        0             1     -1        0
  MONTH TO DATE   23            49    -26       23
  SINCE JUN 1     23            49    -26       23
  SINCE JUL 1   6657          6161    496     7048

 COOLING
  YESTERDAY        1             7     -6       14
  MONTH TO DATE   81           132    -51      155
  SINCE JUN 1     81           132    -51      155
  SINCE JAN 1    130           174    -44      194
......................................................


WIND (MPH)
  RESULTANT WIND SPEED   2   RESULTANT WIND DIRECTION  SW (240)
  HIGHEST WIND SPEED    13   HIGHEST WIND DIRECTION     W (260)
  HIGHEST GUST SPEED    14   HIGHEST GUST DIRECTION    SW (230)
  AVERAGE WIND SPEED     3.7


SKY COVER
  AVERAGE SKY COVER 0.0


WEATHER CONDITIONS
 THE FOLLOWING WEATHER WAS RECORDED YESTERDAY.
  NO SIGNIFICANT WEATHER WAS OBSERVED.


RELATIVE HUMIDITY (PERCENT)
 HIGHEST    89           500 AM
 LOWEST     38           300 PM
 AVERAGE    64

..........................................................


THE HOLLAND/TULIP CITY MI CLIMATE NORMALS FOR TODAY
                         NORMAL
 MAXIMUM TEMPERATURE (F)   82
 MINIMUM TEMPERATURE (F)   61


SUNRISE AND SUNSET
JUNE 29 2015..........SUNRISE   609 AM EDT   SUNSET   927 PM EDT
JUNE 30 2015..........SUNRISE   609 AM EDT   SUNSET   927 PM EDT


-  INDICATES NEGATIVE NUMBERS.
R  INDICATES RECORD WAS SET OR TIED.
MM INDICATES DATA IS MISSING.
T  INDICATES TRACE AMOUNT.




$$
