000
CDUS43 KGRR 280519
CLIBIV


CLIMATE REPORT
NATIONAL WEATHER SERVICE GRAND RAPIDS, MI
118 AM EDT TUE JUL 28 2015


...................................

...THE HOLLAND/TULIP CITY MI CLIMATE SUMMARY FOR JULY 27 2015...

CLIMATE NORMAL PERIOD 1981 TO 2010
CLIMATE RECORD PERIOD 1996 TO 2015


WEATHER ITEM   OBSERVED TIME   NORMAL DEPARTURE LAST
                VALUE   (LST)  VALUE  FROM      YEAR
                                      NORMAL
......................................................
TEMPERATURE (F)
 YESTERDAY
  MAXIMUM         90    442 PM  82      8       83
  MINIMUM         63    547 AM  63      0       61
  AVERAGE         77            72      5       72

PRECIPITATION (IN)
  YESTERDAY        0.00          0.08  -0.08     0.23
  MONTH TO DATE    2.29          2.45  -0.16     2.82
  SINCE JUN 1      3.73          6.67  -2.94     6.55
  SINCE JAN 1     14.54         19.26  -4.72    16.08

DEGREE DAYS
 HEATING
  YESTERDAY        0             0      0        0
  MONTH TO DATE   10             0     10        9
  SINCE JUN 1     34            48    -14       32
  SINCE JUL 1     10             0     10        9

 COOLING
  YESTERDAY       12             8      4        7
  MONTH TO DATE  136           210    -74      103
  SINCE JUN 1    220           356   -136      286
  SINCE JAN 1    269           398   -129      325
......................................................


WIND (MPH)
  RESULTANT WIND SPEED   3   RESULTANT WIND DIRECTION   E (110)
  HIGHEST WIND SPEED    13   HIGHEST WIND DIRECTION     E (100)
  HIGHEST GUST SPEED    16   HIGHEST GUST DIRECTION     E (110)
  AVERAGE WIND SPEED     3.7


SKY COVER
  AVERAGE SKY COVER 0.1


WEATHER CONDITIONS
 THE FOLLOWING WEATHER WAS RECORDED YESTERDAY.
  FOG
  FOG W/VISIBILITY <= 1/4 MILE


RELATIVE HUMIDITY (PERCENT)
 HIGHEST    93           100 AM
 LOWEST     38           300 PM
 AVERAGE    66

..........................................................


THE HOLLAND/TULIP CITY MI CLIMATE NORMALS FOR TODAY
                         NORMAL
 MAXIMUM TEMPERATURE (F)   82
 MINIMUM TEMPERATURE (F)   63


SUNRISE AND SUNSET
JULY 28 2015..........SUNRISE   632 AM EDT   SUNSET   910 PM EDT
JULY 29 2015..........SUNRISE   633 AM EDT   SUNSET   909 PM EDT


-  INDICATES NEGATIVE NUMBERS.
R  INDICATES RECORD WAS SET OR TIED.
MM INDICATES DATA IS MISSING.
T  INDICATES TRACE AMOUNT.




$$
