000
CDUS43 KGRR 220520
CLIBIV


CLIMATE REPORT
NATIONAL WEATHER SERVICE GRAND RAPIDS, MI
119 AM EDT MON SEP 22 2014


...................................

...THE HOLLAND/TULIP CITY MI CLIMATE SUMMARY FOR SEPTEMBER 21 2014...

CLIMATE NORMAL PERIOD 1981 TO 2010
CLIMATE RECORD PERIOD 1996 TO 2014


WEATHER ITEM   OBSERVED TIME   NORMAL DEPARTURE LAST
                VALUE   (LST)  VALUE  FROM      YEAR
                                      NORMAL
......................................................
TEMPERATURE (F)
 YESTERDAY
  MAXIMUM         69   1253 AM  72     -3       65
  MINIMUM         48   1116 PM  51     -3       54
  AVERAGE         59            61     -2       60

PRECIPITATION (IN)
  YESTERDAY        0.33          0.15   0.18     0.00
  MONTH TO DATE    3.86          2.46   1.40     0.88
  SINCE SEP 1      3.86          2.46   1.40     0.88
  SINCE JAN 1     24.89         25.67  -0.78    28.89

DEGREE DAYS
 HEATING
  YESTERDAY        6             5      1        5
  MONTH TO DATE   97            56     41       59
  SINCE SEP 1     97            56     41       59
  SINCE JUL 1    133            71     62       78

 COOLING
  YESTERDAY        0             1     -1        0
  MONTH TO DATE   51            54     -3       87
  SINCE SEP 1     51            54     -3       87
  SINCE JAN 1    568           672   -104      794
......................................................


WIND (MPH)
  RESULTANT WIND SPEED  11   RESULTANT WIND DIRECTION  NW (300)
  HIGHEST WIND SPEED    25   HIGHEST WIND DIRECTION    NW (330)
  HIGHEST GUST SPEED    36   HIGHEST GUST DIRECTION    NW (320)
  AVERAGE WIND SPEED    13.4


SKY COVER
  AVERAGE SKY COVER 0.8


WEATHER CONDITIONS
 THE FOLLOWING WEATHER WAS RECORDED YESTERDAY.
  THUNDERSTORM
  HEAVY RAIN
  RAIN
  LIGHT RAIN
  FOG


RELATIVE HUMIDITY (PERCENT)
 HIGHEST    93          1200 AM
 LOWEST     69           300 PM
 AVERAGE    81

..........................................................


THE HOLLAND/TULIP CITY MI CLIMATE NORMALS FOR TODAY
                         NORMAL
 MAXIMUM TEMPERATURE (F)   71
 MINIMUM TEMPERATURE (F)   51


SUNRISE AND SUNSET
SEPTEMBER 22 2014.....SUNRISE   732 AM EDT   SUNSET   742 PM EDT
SEPTEMBER 23 2014.....SUNRISE   733 AM EDT   SUNSET   740 PM EDT


-  INDICATES NEGATIVE NUMBERS.
R  INDICATES RECORD WAS SET OR TIED.
MM INDICATES DATA IS MISSING.
T  INDICATES TRACE AMOUNT.




$$
