000
CDUS43 KGRR 171430
CLIBIV


CLIMATE REPORT
NATIONAL WEATHER SERVICE GRAND RAPIDS, MI
929 AM EST WED JAN 17 2018


...................................

...THE HOLLAND/TULIP CITY MI CLIMATE SUMMARY FOR JANUARY 17 2018...
VALID AS OF 0900 AM LOCAL TIME.

CLIMATE NORMAL PERIOD 1981 TO 2010
CLIMATE RECORD PERIOD 1996 TO 2018


WEATHER ITEM   OBSERVED TIME   NORMAL DEPARTURE LAST
                VALUE   (LST)  VALUE  FROM      YEAR
                                      NORMAL
......................................................
TEMPERATURE (F)
 TODAY
  MAXIMUM         23    859 AM  32     -9       39
  MINIMUM          5    134 AM  20    -15       35
  AVERAGE         14            26    -12       37

PRECIPITATION (IN)
  TODAY            T             0.07  -0.07     0.47
  MONTH TO DATE    0.81          1.15  -0.34     1.95
  SINCE DEC 1      2.02          3.45  -1.43     3.70
  SINCE JAN 1      0.81          1.15  -0.34     1.95

DEGREE DAYS
 HEATING
  TODAY           51            39     12       28
  MONTH TO DATE  769           654    115      653
  SINCE DEC 1   1942          1699    243     1755
  SINCE JUL 1   3109          2922    187     2653

 COOLING
  TODAY            0             0      0        0
  MONTH TO DATE    0             0      0        0
  SINCE DEC 1      0             0      0        0
  SINCE JAN 1      0             0      0        0
......................................................


WIND (MPH)
  RESULTANT WIND SPEED   2   RESULTANT WIND DIRECTION  SW (230)
  HIGHEST WIND SPEED    15   HIGHEST WIND DIRECTION     W (280)
  HIGHEST GUST SPEED    21   HIGHEST GUST DIRECTION     W (280)
  AVERAGE WIND SPEED     3.1


SKY COVER
  AVERAGE SKY COVER 0.9


WEATHER CONDITIONS
 THE FOLLOWING WEATHER WAS RECORDED TODAY.
  LIGHT SNOW
  FOG
  HAZE


RELATIVE HUMIDITY (PERCENT)
 HIGHEST    83          1200 AM
 LOWEST     65           900 AM
 AVERAGE    74

..........................................................


THE HOLLAND/TULIP CITY MI CLIMATE NORMALS FOR TOMORROW
                         NORMAL
 MAXIMUM TEMPERATURE (F)   32
 MINIMUM TEMPERATURE (F)   20


SUNRISE AND SUNSET
JANUARY 17 2018.......SUNRISE   812 AM EST   SUNSET   538 PM EST
JANUARY 18 2018.......SUNRISE   811 AM EST   SUNSET   540 PM EST


-  INDICATES NEGATIVE NUMBERS.
R  INDICATES RECORD WAS SET OR TIED.
MM INDICATES DATA IS MISSING.
T  INDICATES TRACE AMOUNT.




$$

JAM
