000
CXUS51 KRLX 011918
CF6BKW
PRELIMINARY LOCAL CLIMATOLOGICAL DATA (WS FORM: F-6)
STATION: BECKLEY WV
MONTH: JANUARY
YEAR: 2023
LATITUDE: 37 46 N
LONGITUDE: 81 7 W
TEMPERATURE IN F: :PCPN: SNOW: WIND :SUNSHINE: SKY :PK WND
================================================================================
1 2 3 4 5 6A 6B 7 8 9 10 11 12 13 14 15 16 17 18
12Z AVG MX 2MIN
DY MAX MIN AVG DEP HDD CDD WTR SNW DPTH SPD SPD DIR MIN PSBL S-S WX SPD DR
================================================================================
1 56 42 49 16 16 0 0.01 0.0 0 3.9 12 240 M M 8 12 16 230
2 62 40 51 18 14 0 0.00 0.0 0 6.1 13 250 M M 6 12 17 260
3 71 53 62 29 3 0 0.04 0.0 0 10.7 28 220 M M 6 1 37 220
4 66 50 58 25 7 0 T 0.0 0 9.1 23 240 M M 3 3 32 240
5 51 34 43 10 22 0 0.00 0.0 0 6.0 18 260 M M 2 24 270
6 41 25 33 1 32 0 0.00 0.0 0 7.0 18 280 M M 8 28 260
7 46 25 36 4 29 0 0.00 0.0 0 6.1 18 310 M M 1 24 300
8 40 26 33 1 32 0 0.03 0.0 0 6.8 15 140 M M 9 1 26 140
9 40 24 32 0 33 0 0.00 0.0 0 8.2 14 320 M M 7 1 20 320
10 45 24 35 3 30 0 T 0.0 0 3.5 10 260 M M 4 14 220
11 48 30 39 7 26 0 0.04 0.0 0 8.0 18 140 M M 6 1 24 130
12 56 43 50 18 15 0 0.35 0.0 0 10.5 22 320 M M 6 1 31 250
13 43 25 34 2 31 0 0.08 1.1 0 11.3 21 300 M M 10 12 27 320
14 25 20 23 -9 42 0 0.05 3.2 3 12.2 23 330 M M 10 18 30 320
15 34 12 23 -9 42 0 0.00 0.0 2 3.5 12 320 M M 3 14 340
16 48 21 35 3 30 0 0.00 0.0 1 4.6 10 220 M M 1 15 220
17 49 42 46 14 19 0 0.64 0.0 0 8.3 14 260 M M 8 1 19 250
18 56 39 48 16 17 0 0.00 0.0 0 7.3 15 270 M M 1 23 140
19 60 46 53 21 12 0 0.10 0.0 0 13.3 30 260 M M 5 1 40 250
20 46 28 37 5 28 0 T T 0 12.1 25 280 M M 10 1 37 260
21 38 27 33 1 32 0 T T 0 6.8 15 140 M M 6 22 120
22 38 32 35 3 30 0 0.10 0.0 0 8.2 20 120 M M 7 12 24 150
23 37 28 33 1 32 0 0.23 1.5 T 9.5 20 280 M M 10 1 28 300
24 44 24 34 2 31 0 0.00 0.0 2 6.3 15 130 M M 3 23 130
25 47 35 41 9 24 0 0.29 0.0 0 15.3 35 130 M M 8 1 52 130
26 38 28 33 1 32 0 0.04 T 0 10.7 21 260 M M 10 128 27 300
27 37 25 31 -1 34 0 T 0.2 0 11.3 20 270 M M 5 26 250
28 52 30 41 9 24 0 0.00 0.0 0 8.1 14 240 M M 2 20 200
29 44 38 41 9 24 0 0.27 0.0 0 7.1 15 210 M M 9 1 20 230
30 51 40 46 13 19 0 0.04 0.0 0 3.7 13 260 M M 10 1 16 290
31 48 29 39 6 26 0 0.14 T 0 5.7 15 340 M M 10 126 19 340
================================================================================
SM 1457 985 788 0 2.45 6.0 251.2 M 194
================================================================================
AV 47.0 31.8 8.1 FASTST M M 6 MAX(MPH)
MISC ----> 35 130 52 130
================================================================================
NOTES:
# LAST OF SEVERAL OCCURRENCES
COLUMN 17 PEAK WIND IN M.P.H.
PRELIMINARY LOCAL CLIMATOLOGICAL DATA (WS FORM: F-6) , PAGE 2
STATION: BECKLEY WV
MONTH: JANUARY
YEAR: 2023
LATITUDE: 37 46 N
LONGITUDE: 81 7 W
[TEMPERATURE DATA] [PRECIPITATION DATA] SYMBOLS USED IN COLUMN 16
AVERAGE MONTHLY: 39.4 TOTAL FOR MONTH: 2.45 1 = FOG OR MIST
DPTR FM NORMAL: 7.2 DPTR FM NORMAL: -0.68 2 = FOG REDUCING VISIBILITY
HIGHEST: 71 ON 3 GRTST 24HR 0.91 ON 11-12 TO 1/4 MILE OR LESS
LOWEST: 12 ON 15 3 = THUNDER
SNOW, ICE PELLETS, HAIL 4 = ICE PELLETS
TOTAL MONTH: 6.0 INCHES 5 = HAIL
GRTST 24HR 3.2 ON 14-14 6 = FREEZING RAIN OR DRIZZLE
GRTST DEPTH: 3 ON 14 7 = DUSTSTORM OR SANDSTORM:
VSBY 1/2 MILE OR LESS
8 = SMOKE OR HAZE
[NO. OF DAYS WITH] [WEATHER - DAYS WITH] 9 = BLOWING SNOW
X = TORNADO
MAX 32 OR BELOW: 1 0.01 INCH OR MORE: 16
MAX 90 OR ABOVE: 0 0.10 INCH OR MORE: 8
MIN 32 OR BELOW: 19 0.50 INCH OR MORE: 1
MIN 0 OR BELOW: 0 1.00 INCH OR MORE: 0
[HDD (BASE 65) ]
TOTAL THIS MO. 788 CLEAR (SCALE 0-3) 6
DPTR FM NORMAL -227 PTCLDY (SCALE 4-7) 14
TOTAL FM JUL 1 2829 CLOUDY (SCALE 8-10) 11
DPTR FM NORMAL -160
[CDD (BASE 65) ]
TOTAL THIS MO. 0
DPTR FM NORMAL 0 [PRESSURE DATA]
TOTAL FM JAN 1 0 HIGHEST SLP 30.38 ON 28
DPTR FM NORMAL 0 LOWEST SLP 29.58 ON 25
[REMARKS]
#FINAL-01-23#