000
CXUS51 KRLX 012127
CLMBKW
CLIMATE REPORT
NATIONAL WEATHER SERVICE CHARLESTON WV
427 PM EST FRI MAR 01 2024
...................................
...THE BECKLEY WV CLIMATE SUMMARY FOR THE MONTH OF FEBRUARY 2024...
CLIMATE NORMAL PERIOD: 1991 TO 2020
CLIMATE RECORD PERIOD: 1893 TO 2024
WEATHER OBSERVED NORMAL DEPART LAST YEAR`S
VALUE DATE(S) VALUE FROM VALUE
NORMAL
..............................................................
TEMPERATURE (F)
RECORD
HIGH 77 02/22/2023
LOW -20 02/10/1899
HIGHEST 65 02/26 77
LOWEST 15 02/18 10
AVG. MAXIMUM 51.6 44.2 7.4 53.3
AVG. MINIMUM 31.0 26.6 4.4 33.5
MEAN 41.3 35.4 5.9 43.4
DAYS MAX <= 32 1 5.9 -4.9 2
DAYS MAX >= 80 0 0
DAYS MIN <= 32 19 21.0 -2.0 11
DAYS MIN <= 0 0 0.3 -0.3 0
DAYS MIN <= 10 0 0
PRECIPITATION (INCHES)
RECORD
MAXIMUM 6.98 2018
MINIMUM 0.32 1901
TOTALS 3.74 3.12 0.62 4.75
DAILY AVG. 0.13 0.17
DAYS >= .01 13 14.4 -1.4 11
DAYS >= .10 9 7.4 1.6 9
DAYS >= .50 2 1.8 0.2 3
DAYS >= 1.00 0 0.5 -0.5 1
GREATEST
24 HR. TOTAL 0.95 02/10 TO 02/11 2.61
SNOWFALL (INCHES)
RECORDS
TOTAL 49.8 2010
24 HR TOTAL 20.0 02/21/2015 TO 02/21/2015
SNOW DEPTH 31 02/27/1947
TOTALS 2.3 15.2 -12.9 1.8
SINCE 7/1 22.1 45.5 -23.4 MM
SNOWDEPTH AVG. 0 0
DAYS >= TRACE 4 7.2 -3.2 5
DAYS >= 1.0 1 4.2 -3.2 1
GREATEST
SNOW DEPTH 2 02/17 2
24 HR TOTAL 1.8 02/16 TO 02/17 1.5
DEGREE DAYS
HEATING TOTAL 679 829 -150 597
SINCE 7/1 3444 3873 -429 MM
COOLING TOTAL 0 0 0 0
SINCE 1/1 0 0 0 MM
..............................................................
WIND (MPH)
AVERAGE WIND SPEED 7.5
HIGHEST WIND SPEED/DIRECTION 29/310 DATE 02/28
HIGHEST GUST SPEED/DIRECTION 43/300 DATE 02/28
SKY COVER
AVERAGE SKY COVER 0.42
NUMBER OF DAYS FAIR 14
NUMBER OF DAYS PC 7
NUMBER OF DAYS CLOUDY 8
AVERAGE RH (PERCENT) 62
WEATHER CONDITIONS. NUMBER OF DAYS WITH
THUNDERSTORM 5 MIXED PRECIP 0
HEAVY RAIN 7 RAIN 8
LIGHT RAIN 13 FREEZING RAIN 0
LT FREEZING RAIN 0 HAIL 0
HEAVY SNOW 1 SNOW 4
LIGHT SNOW 4 SLEET 0
FOG 11 FOG W/VIS <= 1/4 MILE 5
HAZE 1
- INDICATES NEGATIVE NUMBERS.
R INDICATES RECORD WAS SET OR TIED.
MM INDICATES DATA IS MISSING.
T INDICATES TRACE AMOUNT.
$$