000
CXUS51 KRNK 010831
CF6BLF
PRELIMINARY LOCAL CLIMATOLOGICAL DATA (WS FORM: F-6)
STATION: BLUEFIELD WV
MONTH: JUNE
YEAR: 2020
LATITUDE: 37 17 N
LONGITUDE: 81 12 W
TEMPERATURE IN F: :PCPN: SNOW: WIND :SUNSHINE: SKY :PK WND
================================================================================
1 2 3 4 5 6A 6B 7 8 9 10 11 12 13 14 15 16 17 18
12Z AVG MX 2MIN
DY MAX MIN AVG DEP HDD CDD WTR SNW DPTH SPD SPD DIR MIN PSBL S-S WX SPD DR
================================================================================
1 70 43 57 -9 8 0 0.00 0.0 0 2.8 13 260 M M 0 16 290
2 79 56 68 1 0 3 0.00 0.0 0 9.3 18 260 M M 4 29 290
3 81 64 73 6 0 8 0.00 0.0 0 10.4 20 250 M M 1 29 290
4 83 63 73 6 0 8 0.31 0.0 0 6.2 23 230 M M 4 13 33 230
5 74 60 67 0 0 2 0.27 0.0 0 3.6 12 290 M M 6 1 15 280
6 79 61 70 2 0 5 0.00 0.0 0 6.8 14 290 M M 5 1 21 270
7 79 60 70 2 0 5 0.00 0.0 0 4.5 13 10 M M 2 17 20
8 80 53 67 -1 0 2 0.00 0.0 0 3.5 10 170 M M 2 16 140
9 81 68 75 7 0 10 0.04 0.0 0 6.0 13 260 M M 2 38 19 150
10 79 65 72 3 0 7 0.09 0.0 0 6.5 15 170 M M 4 13 25 190
11 71 55 63 -6 2 0 0.25 0.0 0 6.6 18 300 M M 6 1 28 300
12 74 53 64 -5 1 0 0.00 0.0 0 4.8 13 20 M M 3 17 10
13 73 53 63 -6 2 0 0.00 0.0 0 3.3 13 10 M M 3 16 10
14 66 54 60 -10 5 0 0.68 0.0 0 5.4 18 250 M M 7 13 23 180
15 57 49 53 -17 12 0 0.06 0.0 0 5.9 12 90 M M 10 1 19 100
16 57 49 53 -17 12 0 0.23 0.0 0 4.7 13 50 M M 10 1 20 80
17 59 52 56 -14 9 0 1.20 0.0 0 2.7 9 10 M M 10 1 13 90
18 66 56 61 -10 4 0 1.02 0.0 0 1.9 9 290 M M 10 123 11 290
19 70 57 64 -7 1 0 0.15 0.0 0 4.3 13 280 M M 7 13 19 290
20 76 57 67 -4 0 2 0.00 0.0 0 5.6 13 300 M M 4 123 19 280
21 78 59 69 -2 0 4 0.27 0.0 0 4.9 22 230 M M 2 1 34 220
22 77 64 71 0 0 6 T 0.0 0 6.5 15 260 M M 5 21 220
23 78 62 70 -2 0 5 0.22 0.0 0 7.0 20 250 M M 5 1 26 250
24 74 59 67 -5 0 2 0.00 0.0 0 6.4 15 270 M M 5 23 240
25 74 57 66 -6 0 1 0.00 0.0 0 4.9 13 290 M M 3 18 290
26 77 58 68 -4 0 3 0.00 0.0 0 6.9 14 280 M M 1 20 270
27 76 61 69 -3 0 4 0.11 0.0 0 10.3 22 290 M M 7 1 31 300
28 66 63 65 -7 0 0 0.57 0.0 0 7.2 13 260 M M 10 1 17 260
29 77 64 71 -1 0 6 0.10 0.0 0 5.3 10 300 M M 8 1 16 290
30 75 63 69 -3 0 4 0.69 0.0 0 5.2 15 290 M M 7 13 20 240
================================================================================
SM 2206 1738 56 87 6.26 0.0 169.4 M 153
================================================================================
AV 73.5 57.9 5.6 FASTST M M 5 MAX(MPH)
MISC ----> 23 230 34 220
================================================================================
NOTES:
# LAST OF SEVERAL OCCURRENCES
COLUMN 17 PEAK WIND IN M.P.H.
PRELIMINARY LOCAL CLIMATOLOGICAL DATA (WS FORM: F-6) , PAGE 2
STATION: BLUEFIELD WV
MONTH: JUNE
YEAR: 2020
LATITUDE: 37 17 N
LONGITUDE: 81 12 W
[TEMPERATURE DATA] [PRECIPITATION DATA] SYMBOLS USED IN COLUMN 16
AVERAGE MONTHLY: 65.7 TOTAL FOR MONTH: 6.26 1 = FOG OR MIST
DPTR FM NORMAL: -4.1 DPTR FM NORMAL: 2.12 2 = FOG REDUCING VISIBILITY
HIGHEST: 83 ON 4 GRTST 24HR 1.53 ON 17-18 TO 1/4 MILE OR LESS
LOWEST: 43 ON 1 3 = THUNDER
SNOW, ICE PELLETS, HAIL 4 = ICE PELLETS
TOTAL MONTH: 0.0 INCH 5 = HAIL
GRTST 24HR 0.0 6 = FREEZING RAIN OR DRIZZLE
GRTST DEPTH: 0 7 = DUSTSTORM OR SANDSTORM:
VSBY 1/2 MILE OR LESS
8 = SMOKE OR HAZE
[NO. OF DAYS WITH] [WEATHER - DAYS WITH] 9 = BLOWING SNOW
X = TORNADO
MAX 32 OR BELOW: 0 0.01 INCH OR MORE: 17
MAX 90 OR ABOVE: 0 0.10 INCH OR MORE: 14
MIN 32 OR BELOW: 0 0.50 INCH OR MORE: 5
MIN 0 OR BELOW: 0 1.00 INCH OR MORE: 2
[HDD (BASE 65) ]
TOTAL THIS MO. 56 CLEAR (SCALE 0-3) 9
DPTR FM NORMAL 34 PTCLDY (SCALE 4-7) 16
TOTAL FM JUL 1 4856 CLOUDY (SCALE 8-10) 5
DPTR FM NORMAL 269
[CDD (BASE 65) ]
TOTAL THIS MO. 87
DPTR FM NORMAL -79 [PRESSURE DATA]
TOTAL FM JAN 1 126 HIGHEST SLP 30.34 ON 15
DPTR FM NORMAL -131 LOWEST SLP 29.75 ON 23
[REMARKS]
#FINAL-06-20#