000
CXUS56 KBOI 011002
CF6BNO
PRELIMINARY LOCAL CLIMATOLOGICAL DATA (WS FORM: F-6)
STATION: BURNS OR
MONTH: APRIL
YEAR: 2022
LATITUDE: 43 34 N
LONGITUDE: 118 57 W
TEMPERATURE IN F: :PCPN: SNOW: WIND :SUNSHINE: SKY :PK WND
================================================================================
1 2 3 4 5 6A 6B 7 8 9 10 11 12 13 14 15 16 17 18
12Z AVG MX 2MIN
DY MAX MIN AVG DEP HDD CDD WTR SNW DPTH SPD SPD DIR MIN PSBL S-S WX SPD DR
================================================================================
1 60 13 37 -4 28 0 0.00 M M 4.5 13 310 M M 0 14 300
2 57 18 38 -4 27 0 0.00 M M 8.3 20 280 M M 2 28 310
3 62 16 39 -3 26 0 0.00 M M 6.5 20 280 M M 1 31 270
4 57 31 44 2 21 0 0.03 M M 21.0 43 270 M M 8 8 59 260
5 49 19 34 -8 31 0 0.01 M M 10.8 23 270 M M 5 1 31 300
6 58 11 35 -7 30 0 0.00 M M 5.2 13 110 M M 0 20 70
7 74 20 47 5 18 0 0.00 M M 7.7 20 70 M M 0 25 70
8 69 31 50 8 15 0 0.00 M M 12.6 31 320 M M 0 42 310
9 49 20 35 -7 30 0 0.00 M M 12.0 25 310 M M 1 35 270
10 42 17 30 -12 35 0 0.01 M M 8.4 23 290 M M 9 1 32 290
11 38 27 33 -10 32 0 0.17 M M 18.7 35 290 M M 7 18 48 280
12 39 17 28 -15 37 0 0.04 M M 11.0 24 260 M M 5 128 33 250
13 43 20 32 -11 33 0 0.25 M M 8.0 23 290 M M 9 12 30 290
14 45 11 28 -15 37 0 0.04 M M 9.3 22 290 M M 7 12 34 280
15 45 20 33 -10 32 0 0.01 M M 6.6 17 130 M M 4 1 24 120
16 44 31 38 -6 27 0 0.31 M M 11.9 32 270 M M 7 18 41 280
17 52 24 38 -6 27 0 0.00 M M 5.8 15 70 M M 4 22 60
18 65 30 48 4 17 0 0.01 M M 13.5 36 270 M M 3 1 49 210
19 49 25 37 -7 28 0 0.01 M M 9.8 24 240 M M 6 1 33 230
20 51 23 37 -8 28 0 0.15 M M 6.8 25 200 M M 8 1 32 200
21 53 28 41 -4 24 0 0.01 M M 7.0 22 250 M M 5 1 33 250
22 54 27 41 -4 24 0 T M M 8.9 25 340 M M 4 8 35 350
23 58 23 41 -5 24 0 0.00 M M 7.0 18 360 M M 1 23 320
24 64 23 44 -2 21 0 0.00 M M 5.2 13 150 M M 0 19 140
25 67 30 49 3 16 0 0.05 M M 7.0 28 290 M M 4 1 37 230
26 58 34 46 0 19 0 0.02 M M 10.3 24 280 M M 5 1 35 240
27 59 31 45 -2 20 0 0.00 M M 8.0 22 280 M M 3 30 260
28 49 28 39 -8 26 0 0.18 M M 9.7 29 300 M M 6 1 35 300
29 57 22 40 -8 25 0 0.00 M M 5.4 14 210 M M 2 21 200
30 53 35 44 -4 21 0 0.24 M M 7.3 20 360 M M 9 13 27 340
================================================================================
SM 1620 705 779 0 1.54 M 274.2 M 125
================================================================================
AV 54.0 23.5 9.1 FASTST M M 4 MAX(MPH)
MISC ----> 43 270 59 260
================================================================================
NOTES:
# LAST OF SEVERAL OCCURRENCES
COLUMN 17 PEAK WIND IN M.P.H.
PRELIMINARY LOCAL CLIMATOLOGICAL DATA (WS FORM: F-6) , PAGE 2
STATION: BURNS OR
MONTH: APRIL
YEAR: 2022
LATITUDE: 43 34 N
LONGITUDE: 118 57 W
[TEMPERATURE DATA] [PRECIPITATION DATA] SYMBOLS USED IN COLUMN 16
AVERAGE MONTHLY: 38.8 TOTAL FOR MONTH: 1.54 1 = FOG OR MIST
DPTR FM NORMAL: -5.2 DPTR FM NORMAL: 0.60 2 = FOG REDUCING VISIBILITY
HIGHEST: 74 ON 7 GRTST 24HR 0.32 ON 15-16 TO 1/4 MILE OR LESS
LOWEST: 11 ON 14, 6 3 = THUNDER
SNOW, ICE PELLETS, HAIL 4 = ICE PELLETS
TOTAL MONTH: M 5 = HAIL
GRTST 24HR M ON M 6 = FREEZING RAIN OR DRIZZLE
GRTST DEPTH: M ON M 7 = DUSTSTORM OR SANDSTORM:
VSBY 1/2 MILE OR LESS
8 = SMOKE OR HAZE
[NO. OF DAYS WITH] [WEATHER - DAYS WITH] 9 = BLOWING SNOW
X = TORNADO
MAX 32 OR BELOW: 0 0.01 INCH OR MORE: 17
MAX 90 OR ABOVE: 0 0.10 INCH OR MORE: 6
MIN 32 OR BELOW: 28 0.50 INCH OR MORE: 0
MIN 0 OR BELOW: 0 1.00 INCH OR MORE: 0
[HDD (BASE 65) ]
TOTAL THIS MO. 779 CLEAR (SCALE 0-3) 12
DPTR FM NORMAL 147 PTCLDY (SCALE 4-7) 14
TOTAL FM JUL 1 6424 CLOUDY (SCALE 8-10) 4
DPTR FM NORMAL -216
[CDD (BASE 65) ]
TOTAL THIS MO. 0
DPTR FM NORMAL 0 [PRESSURE DATA]
TOTAL FM JAN 1 0 HIGHEST SLP 30.54 ON 6
DPTR FM NORMAL 0 LOWEST SLP 29.31 ON 11
[REMARKS]
#FINAL-04-22#