000
CXUS54 KLZK 011130
CF6BPK
PRELIMINARY LOCAL CLIMATOLOGICAL DATA (WS FORM: F-6)
STATION: MOUNTAIN HOME AIRPORT
MONTH: MAY
YEAR: 2021
LATITUDE: 36 22 N
LONGITUDE: 92 28 W
TEMPERATURE IN F: :PCPN: SNOW: WIND :SUNSHINE: SKY :PK WND
================================================================================
1 2 3 4 5 6A 6B 7 8 9 10 11 12 13 14 15 16 17 18
12Z AVG MX 2MIN
DY MAX MIN AVG DEP HDD CDD WTR SNW DPTH SPD SPD DIR MIN PSBL S-S WX SPD DR
================================================================================
1 81 51 66 3 0 1 0.00 0.0 0 5.6 16 200 M M 0 24 180
2 68 60 64 1 1 0 0.10 0.0 0 4.6 12 150 M M 9 1 17 150
3 77 59 68 4 0 3 0.77 M M 4.8 18 350 M M 8 1238 30 340
4 68 47 58 -6 7 0 0.56 0.0 0 3.9 14 210 M M 8 13 21 10
5 71 45 58 -6 7 0 0.00 0.0 0 2.0 8 70 M M 0 13 110
6 74 46 60 -4 5 0 0.00 0.0 0 5.0 15 310 M M 1 12 27 340
7 74 42 58 -7 7 0 T 0.0 0 2.8 12 190 M M 4 15 240
8 81 54 68 3 0 3 0.30 0.0 0 8.1 18 210 M M 5 13 28 220
9 74 50 62 -3 3 0 0.68 M M 6.1 16 220 M M 8 13 33 220
10 63 48 56 -9 9 0 T M M 3.3 10 90 M M 8 15 60
11 62 45 54 -12 11 0 0.24 M M 3.9 14 150 M M 8 1 20 150
12 70 50 60 -6 5 0 0.00 M M 6.1 12 80 M M 5 20 80
13 70 41 56 -10 9 0 0.00 M M 2.9 14 110 M M 1 18 120
14 72 44 58 -8 7 0 0.00 M M 4.6 12 190 M M 0 17 170
15 70 47 59 -8 6 0 0.38 M M 4.5 13 160 M M 5 1 18 170
16 80 58 69 2 0 4 T M M 6.0 15 200 M M 5 1 21 200
17 69 62 66 -1 0 1 0.16 M M 7.2 15 210 M M 9 1 21 210
18 76 63 70 3 0 5 0.16 0.0 0 7.4 16 160 M M 9 1 24 180
19 72 63 68 0 0 3 0.20 0.0 0 9.1 16 170 M M 9 18 22 150
20 78 65 72 4 0 7 0.43 0.0 0 8.3 18 160 M M 9 1 27 160
21 78 67 73 5 0 8 0.02 M M 5.1 13 130 M M 7 1 18 130
22 83 67 75 6 0 10 0.00 0.0 0 4.3 12 210 M M 2 15 170
23 84 63 74 5 0 9 0.00 0.0 0 4.4 13 140 M M 2 17 150
24 84 61 73 4 0 8 0.00 M M 4.0 14 220 M M 0 19 210
25 78 67 73 4 0 8 0.46 0.0 0 4.8 12 220 M M 7 1 M M
26 85 65 75 5 0 10 0.00 M M 3.5 13 210 M M 2 13 18 200
27 86 63 75 5 0 10 1.54 0.0 0 5.3 15 180 M M 5 13 23 70
28 74 54 64 -6 1 0 T 0.0 0 4.8 14 360 M M 5 1 23 330
29 59 50 55 -16 10 0 0.00 0.0 0 4.9 10 130 M M 10 15 70
30 71 46 59 -12 6 0 0.00 0.0 0 4.7 13 130 M M 3 22 100
31 70 50 60 -11 5 0 T M M 3.0 9 180 M M 2 14 220
================================================================================
SM 2302 1693 99 90 6.00 0.0 155.0 M 156
================================================================================
AV 74.3 54.6 5.0 FASTST M M 5 MAX(MPH)
MISC ----> # 18 350 33 220
================================================================================
NOTES:
# LAST OF SEVERAL OCCURRENCES
COLUMN 17 PEAK WIND IN M.P.H.
PRELIMINARY LOCAL CLIMATOLOGICAL DATA (WS FORM: F-6) , PAGE 2
STATION: MOUNTAIN HOME AIRPORT
MONTH: MAY
YEAR: 2021
LATITUDE: 36 22 N
LONGITUDE: 92 28 W
[TEMPERATURE DATA] [PRECIPITATION DATA] SYMBOLS USED IN COLUMN 16
AVERAGE MONTHLY: 64.4 TOTAL FOR MONTH: 6.00 1 = FOG OR MIST
DPTR FM NORMAL: -2.6 DPTR FM NORMAL: 1.52 2 = FOG REDUCING VISIBILITY
HIGHEST: 86 ON 27 GRTST 24HR 1.54 ON 27-27 TO 1/4 MILE OR LESS
LOWEST: 41 ON 13 3 = THUNDER
SNOW, ICE PELLETS, HAIL 4 = ICE PELLETS
TOTAL MONTH: 0.0 INCH 5 = HAIL
GRTST 24HR 0.0 6 = FREEZING RAIN OR DRIZZLE
GRTST DEPTH: 0 7 = DUSTSTORM OR SANDSTORM:
VSBY 1/2 MILE OR LESS
8 = SMOKE OR HAZE
[NO. OF DAYS WITH] [WEATHER - DAYS WITH] 9 = BLOWING SNOW
X = TORNADO
MAX 32 OR BELOW: 0 0.01 INCH OR MORE: 14
MAX 90 OR ABOVE: 0 0.10 INCH OR MORE: 13
MIN 32 OR BELOW: 0 0.50 INCH OR MORE: 4
MIN 0 OR BELOW: 0 1.00 INCH OR MORE: 1
[HDD (BASE 65) ]
TOTAL THIS MO. 99 CLEAR (SCALE 0-3) 11
DPTR FM NORMAL 35 PTCLDY (SCALE 4-7) 11
TOTAL FM JUL 1 3869 CLOUDY (SCALE 8-10) 9
DPTR FM NORMAL 59
[CDD (BASE 65) ]
TOTAL THIS MO. 90
DPTR FM NORMAL -36 [PRESSURE DATA]
TOTAL FM JAN 1 108 HIGHEST SLP M ON M
DPTR FM NORMAL -67 LOWEST SLP 29.55 ON 3
[REMARKS]
#FINAL-05-21#