000
CXUS55 KDVN 011000
CF6BRL
PRELIMINARY LOCAL CLIMATOLOGICAL DATA (WS FORM: F-6)
STATION: BURLINGTON IA
MONTH: MARCH
YEAR: 2023
LATITUDE: 40 46 N
LONGITUDE: 91 7 W
TEMPERATURE IN F: :PCPN: SNOW: WIND :SUNSHINE: SKY :PK WND
================================================================================
1 2 3 4 5 6A 6B 7 8 9 10 11 12 13 14 15 16 17 18
12Z AVG MX 2MIN
DY MAX MIN AVG DEP HDD CDD WTR SNW DPTH SPD SPD DIR MIN PSBL S-S WX SPD DR
================================================================================
1 59 30 45 11 20 0 0.00 M M 8.0 18 330 M M 1 12 27 330
2 43 31 37 2 28 0 0.00 M M 8.7 16 40 M M 6 21 360
3 45 29 37 2 28 0 0.00 M M 11.0 23 20 M M 3 31 20
4 54 25 40 4 25 0 T M M 4.3 18 240 M M 5 12 23 220
5 57 31 44 8 21 0 0.02 M M 11.0 24 140 M M 5 1 37 140
6 60 39 50 14 15 0 0.00 M M 12.7 24 330 M M 5 35 330
7 51 34 43 6 22 0 0.00 M M 13.2 22 30 M M 6 32 40
8 45 38 42 5 23 0 0.00 M M 10.7 21 130 M M 10 29 140
9 43 32 38 0 27 0 0.48 M M 8.3 17 80 M M 10 1 24 100
10 36 30 33 -5 32 0 0.00 M M 10.4 20 340 M M 9 1 28 320
11 41 29 35 -4 30 0 0.39 M M 9.7 22 120 M M 7 1 29 120
12 36 28 32 -7 33 0 0.00 M M 10.1 18 290 M M 10 1 29 270
13 33 27 30 -10 35 0 0.00 M M 11.9 18 310 M M 10 30 290
14 40 27 34 -6 31 0 0.00 M M 5.0 10 200 M M 5 14 170
15 56 28 42 2 23 0 0.00 M M 13.6 22 170 M M 2 32 170
16 47 31 39 -2 26 0 0.83 M M 12.6 26 320 M M 10 1 41 310
17 35 19 27 -14 38 0 T M M 16.3 26 310 M M 5 1 46 320
18 24 11 18 -24 47 0 T M M 13.0 22 310 M M 7 8 34 310
19 39 14 27 -15 38 0 0.00 M M 9.6 16 220 M M 0 27 200
20 59 28 44 2 21 0 0.00 M M 14.6 29 210 M M 0 36 210
21 56 38 47 4 18 0 0.00 M M 11.9 25 170 M M 7 30 180
22 50 40 45 2 20 0 0.14 M M 6.3 15 180 M M 10 13 21 170
23 45 36 41 -3 24 0 0.07 M M 9.9 21 10 M M 8 13 27 10
24 50 33 42 -2 23 0 0.72 M M 11.5 21 40 M M 4 18 32 30
25 52 32 42 -2 23 0 0.17 M M 8.0 17 360 M M 5 1 23 310
26 56 33 45 0 20 0 T M M 10.2 23 240 M M 6 30 240
27 52 30 41 -4 24 0 0.00 M M 6.4 14 360 M M 2 19 360
28 51 34 43 -3 22 0 T M M 6.7 15 320 M M 3 8 20 320
29 46 34 40 -6 25 0 0.00 M M 8.1 17 340 M M 1 25 330
30 68 33 51 5 14 0 T M M 13.1 25 180 M M 4 3 41 170
31 74 40 57 10 8 0 0.17 M M 15.7 38 250 M M 6 13 59 240
================================================================================
SM 1503 944 784 0 2.99 M 322.5 M 172
================================================================================
AV 48.5 30.5 10.4 FASTST M M 6 MAX(MPH)
MISC ----> 38 250 59 240
================================================================================
NOTES:
# LAST OF SEVERAL OCCURRENCES
COLUMN 17 PEAK WIND IN M.P.H.
PRELIMINARY LOCAL CLIMATOLOGICAL DATA (WS FORM: F-6) , PAGE 2
STATION: BURLINGTON IA
MONTH: MARCH
YEAR: 2023
LATITUDE: 40 46 N
LONGITUDE: 91 7 W
[TEMPERATURE DATA] [PRECIPITATION DATA] SYMBOLS USED IN COLUMN 16
AVERAGE MONTHLY: 39.5 TOTAL FOR MONTH: 2.99 1 = FOG OR MIST
DPTR FM NORMAL: -1.2 DPTR FM NORMAL: 0.56 2 = FOG REDUCING VISIBILITY
HIGHEST: 74 ON 31 GRTST 24HR 0.89 ON 24-25 TO 1/4 MILE OR LESS
LOWEST: 11 ON 18 3 = THUNDER
SNOW, ICE PELLETS, HAIL 4 = ICE PELLETS
TOTAL MONTH: M 5 = HAIL
GRTST 24HR M ON M 6 = FREEZING RAIN OR DRIZZLE
GRTST DEPTH: M ON M 7 = DUSTSTORM OR SANDSTORM:
VSBY 1/2 MILE OR LESS
8 = SMOKE OR HAZE
[NO. OF DAYS WITH] [WEATHER - DAYS WITH] 9 = BLOWING SNOW
X = TORNADO
MAX 32 OR BELOW: 1 0.01 INCH OR MORE: 9
MAX 90 OR ABOVE: 0 0.10 INCH OR MORE: 7
MIN 32 OR BELOW: 19 0.50 INCH OR MORE: 2
MIN 0 OR BELOW: 0 1.00 INCH OR MORE: 0
[HDD (BASE 65) ]
TOTAL THIS MO. 784 CLEAR (SCALE 0-3) 8
DPTR FM NORMAL 27 PTCLDY (SCALE 4-7) 16
TOTAL FM JUL 1 5045 CLOUDY (SCALE 8-10) 7
DPTR FM NORMAL -228
[CDD (BASE 65) ]
TOTAL THIS MO. 0
DPTR FM NORMAL -2 [PRESSURE DATA]
TOTAL FM JAN 1 0 HIGHEST SLP 30.45 ON 14
DPTR FM NORMAL -2 LOWEST SLP 29.19 ON 31
[REMARKS]
#FINAL-03-23#