000
CXUS53 KDVN 011350
CLMBRL
CLIMATE REPORT
NATIONAL WEATHER SERVICE QUAD CITIES IA IL
855 AM CDT MON APR 01 2024
...................................
...THE BURLINGTON IA CLIMATE SUMMARY FOR THE MONTH OF MARCH 2024...
CLIMATE NORMAL PERIOD 1991 TO 2020
CLIMATE RECORD PERIOD 1897 TO 2024
WEATHER OBSERVED NORMAL DEPART LAST YEAR`S
VALUE DATE(S) VALUE FROM VALUE
NORMAL
..............................................................
TEMPERATURE (F)
RECORD
HIGH 88 03/29/1986
03/23/1910
03/21/1907
LOW -13 03/05/1960
HIGHEST 80 03/03 59 21
LOWEST 21 03/18 26 -5
AVG. MAXIMUM 56.1 50.2 5.9
AVG. MINIMUM 35.6 31.1 4.5
MEAN 45.9 40.7 5.2
DAYS MAX >= 90 0
DAYS MAX <= 32 0
DAYS MIN <= 32 13
DAYS MIN <= 0 0
PRECIPITATION (INCHES)
TOTALS 5.56 2.43 3.13
DAILY AVG. 0.18 0.08 0.10
DAYS >= .01 10
DAYS >= .10 8
DAYS >= .50 3
DAYS >= 1.00 1
GREATEST
24 HR. TOTAL 2.94 03/13 TO 03/14
DEGREE DAYS
HEATING TOTAL 587 757 -170
SINCE 7/1 4443 5273 -830
COOLING TOTAL 0 2 -2
SINCE 1/1 0 2 -2
..............................................................
WIND (MPH)
AVERAGE WIND SPEED 11.0
HIGHEST WIND SPEED/DIRECTION 32/150 DATE 03/25
HIGHEST GUST SPEED/DIRECTION 48/150 DATE 03/25
SKY COVER
POSSIBLE SUNSHINE (PERCENT) MM
AVERAGE SKY COVER 0.39
NUMBER OF DAYS FAIR 14
NUMBER OF DAYS PC 13
NUMBER OF DAYS CLOUDY 4
AVERAGE RH (PERCENT) 64
WEATHER CONDITIONS. NUMBER OF DAYS WITH
THUNDERSTORM 6 HAIL 0
SLEET 0 FOG 9
FOG W/VIS <= 1/4 MILE 0 HAZE 5
- INDICATES NEGATIVE NUMBERS.
R INDICATES RECORD WAS SET OR TIED.
MM INDICATES DATA IS MISSING.
T INDICATES TRACE AMOUNT.
$$