000
CXUS54 KBRO 011007
CLMBRO
CLIMATE REPORT
NATIONAL WEATHER SERVICE BROWNSVILLE, TX
507 AM CDT SAT APR 01 2023
...................................
...THE BROWNSVILLE CLIMATE SUMMARY FOR THE MONTH OF MARCH 2023...
CLIMATE NORMAL PERIOD 1991 TO 2020
CLIMATE RECORD PERIOD 1878 TO 2023
WEATHER OBSERVED NORMAL DEPART LAST YEAR`S
VALUE DATE(S) VALUE FROM VALUE DATE(S)
NORMAL
................................................................
TEMPERATURE (F)
HIGHEST 96 03/12 92 4 92 03/30
LOWEST 45 03/19 42 3 43 03/01
03/12
AVG. MAXIMUM 82.4 80.6 1.8 79.5
AVG. MINIMUM 65.1 62.0 3.1 57.2
MEAN 73.7 71.3 2.4 68.4
DAYS MAX >= 90 3 1.4 1.6 2
DAYS MAX <= 32 0 0.0 0.0 0
DAYS MIN <= 32 0 0.0 0.0 0
DAYS MIN <= 0 0 0.0 0.0 0
PRECIPITATION (INCHES)
TOTALS 1.15 1.45 -0.30 0.12
DAILY AVG. 0.04 0.05 -0.01 0.00
DAYS >= .01 6 5.3 0.7 3
DAYS >= .10 1 2.3 -1.3 0
DAYS >= .50 1 0.6 0.4 0
DAYS >= 1.00 0 0.4 -0.4 0
GREATEST
24 HR. TOTAL 0.85 03/28 TO 03/28
STORM TOTAL 0.85
(MM/DD(HH))
SNOWFALL (INCHES)
TOTALS 0.0 0.0 0.0 0.0
SINCE 7/1 0.0 0.0 0.0
DEGREE DAYS
HEATING TOTAL 27 29 -2 50
SINCE 7/1 472 417 55 MM
COOLING TOTAL 306 225 81 162
SINCE 1/1 594 420 174 MM
................................................................
WIND (MPH)
AVERAGE WIND SPEED 13.1
HIGHEST WIND SPEED/DIRECTION 39/180 DATE 03/24
HIGHEST GUST SPEED/DIRECTION 55/180 DATE 03/24
SKY COVER
POSSIBLE SUNSHINE (PERCENT) MM
AVERAGE SKY COVER 0.60
NUMBER OF DAYS FAIR 5
NUMBER OF DAYS PC 15
NUMBER OF DAYS CLOUDY 11
AVERAGE RH (PERCENT) 76
WEATHER CONDITIONS. NUMBER OF DAYS WITH
THUNDERSTORM 3 MIXED PRECIP 0
HEAVY RAIN 1 RAIN 3
LIGHT RAIN 8 FREEZING RAIN 0
LT FREEZING RAIN 0 HAIL 0
HEAVY SNOW 0 SNOW 0
LIGHT SNOW 0 SLEET 0
FOG 16 FOG W/VIS <= 1/4 MILE 2
HAZE 4
- INDICATES NEGATIVE NUMBERS.
R INDICATES RECORD WAS SET OR TIED.
MM INDICATES DATA IS MISSING.
T INDICATES TRACE AMOUNT.
$$