000
CXUS53 KGRR 011010
CF6BTL
PRELIMINARY LOCAL CLIMATOLOGICAL DATA (WS FORM: F-6)
STATION: BATTLE CREEK
MONTH: DECEMBER
YEAR: 2020
LATITUDE: 42 17 N
LONGITUDE: 85 14 W
TEMPERATURE IN F: :PCPN: SNOW: WIND :SUNSHINE: SKY :PK WND
================================================================================
1 2 3 4 5 6A 6B 7 8 9 10 11 12 13 14 15 16 17 18
12Z AVG MX 2MIN
DY MAX MIN AVG DEP HDD CDD WTR SNW DPTH SPD SPD DIR MIN PSBL S-S WX SPD DR
================================================================================
1 40 30 35 3 30 0 0.00 M M 16.0 24 320 M M 6 34 320
2 48 29 39 7 26 0 0.00 M M 11.1 20 310 M M 0 27 310
3 47 30 39 7 26 0 0.00 M M 13.6 24 260 M M 0 35 270
4 46 35 41 10 24 0 0.00 M M 12.0 22 230 M M 9 29 240
5 38 23 31 0 34 0 0.00 M M 5.4 13 360 M M 4 16 10
6 31 21 26 -4 39 0 0.00 M M 3.3 9 20 M M 7 11 330
7 37 24 31 1 34 0 0.00 M M 3.8 10 350 M M 8 18 300
8 37 31 34 4 31 0 T M M 10.5 21 230 M M 10 18 28 230
9 49 28 39 10 26 0 0.00 M M 9.7 18 250 M M 5 128 25 250
10 52 25 39 10 26 0 0.00 M M 5.8 15 160 M M 3 12 20 170
11 48 30 39 11 26 0 0.11 M M 7.5 17 50 M M 3 18 23 70
12 49 32 41 13 24 0 0.85 M M 10.0 26 230 M M 10 1 37 200
13 37 32 35 7 30 0 0.00 M M 6.9 13 230 M M 10 17 240
14 34 22 28 0 37 0 T M M 11.0 22 300 M M 9 32 290
15 29 17 23 -4 42 0 0.00 M M 4.8 12 60 M M 1 17 70
16 31 23 27 0 38 0 T M M 10.3 15 50 M M 8 1 23 60
17 31 20 26 -1 39 0 T M M 4.7 14 30 M M 10 18 18 30
18 36 22 29 3 36 0 0.00 M M 8.7 18 160 M M 5 18 26 170
19 39 31 35 9 30 0 0.00 M M 10.1 18 170 M M 8 1 23 180
20 38 33 36 10 29 0 0.00 M M 10.5 18 240 M M 8 18 25 250
21 40 33 37 11 28 0 0.01 M M 10.8 22 280 M M 10 18 35 270
22 39 32 36 10 29 0 0.01 M M 8.7 18 310 M M 8 1 26 310
23 52 37 45 19 20 0 0.12 M M 19.6 32 200 M M 5 1 45 190
24 48 18 33 8 32 0 0.06 M M 15.8 33 240 M M 10 18 45 250
25 23 16 20 -5 45 0 0.01 M M 11.9 22 240 M M 10 128 29 290
26 27 19 23 -2 42 0 0.00 M M 10.4 24 240 M M 10 29 250
27 43 20 32 7 33 0 0.10 M M 9.0 22 250 M M 3 1 29 250
28 42 23 33 8 32 0 T M M 12.7 28 260 M M 8 1 40 250
29 31 19 25 1 40 0 0.05 M M 6.5 21 160 M M 5 1 27 160
30 38 28 33 9 32 0 0.17 M M 15.3 28 250 M M 10 16 36 260
31 31 21 26 2 39 0 0.00 M M 5.1 21 270 M M 9 30 260
================================================================================
SM 1211 804 999 0 1.49 M 301.5 M 212
================================================================================
AV 39.1 25.9 9.7 FASTST M M 7 MAX(MPH)
MISC ----> 33 240 # 45 190
================================================================================
NOTES:
# LAST OF SEVERAL OCCURRENCES
COLUMN 17 PEAK WIND IN M.P.H.
PRELIMINARY LOCAL CLIMATOLOGICAL DATA (WS FORM: F-6) , PAGE 2
STATION: BATTLE CREEK
MONTH: DECEMBER
YEAR: 2020
LATITUDE: 42 17 N
LONGITUDE: 85 14 W
[TEMPERATURE DATA] [PRECIPITATION DATA] SYMBOLS USED IN COLUMN 16
AVERAGE MONTHLY: 32.5 TOTAL FOR MONTH: 1.49 1 = FOG OR MIST
DPTR FM NORMAL: 5.0 DPTR FM NORMAL: -0.50 2 = FOG REDUCING VISIBILITY
HIGHEST: 52 ON 23,10 GRTST 24HR 0.96 ON 11-12 TO 1/4 MILE OR LESS
LOWEST: 16 ON 25 3 = THUNDER
SNOW, ICE PELLETS, HAIL 4 = ICE PELLETS
TOTAL MONTH: M 5 = HAIL
GRTST 24HR M ON M 6 = FREEZING RAIN OR DRIZZLE
GRTST DEPTH: M ON M 7 = DUSTSTORM OR SANDSTORM:
VSBY 1/2 MILE OR LESS
8 = SMOKE OR HAZE
[NO. OF DAYS WITH] [WEATHER - DAYS WITH] 9 = BLOWING SNOW
X = TORNADO
MAX 32 OR BELOW: 8 0.01 INCH OR MORE: 10
MAX 90 OR ABOVE: 0 0.10 INCH OR MORE: 5
MIN 32 OR BELOW: 27 0.50 INCH OR MORE: 1
MIN 0 OR BELOW: 0 1.00 INCH OR MORE: 0
[HDD (BASE 65) ]
TOTAL THIS MO. 999 CLEAR (SCALE 0-3) 5
DPTR FM NORMAL -163 PTCLDY (SCALE 4-7) 12
TOTAL FM JUL 1 2214 CLOUDY (SCALE 8-10) 14
DPTR FM NORMAL -385
[CDD (BASE 65) ]
TOTAL THIS MO. 0
DPTR FM NORMAL 0 [PRESSURE DATA]
TOTAL FM JAN 1 868 HIGHEST SLP 30.58 ON 29
DPTR FM NORMAL 290 LOWEST SLP 29.46 ON 24
[REMARKS]
#FINAL-12-20#