000
CXUS55 KMSO 010900
CF6BTM
PRELIMINARY LOCAL CLIMATOLOGICAL DATA (WS FORM: F-6)
STATION: BUTTE MT
MONTH: OCTOBER
YEAR: 2022
LATITUDE: 45 57 N
LONGITUDE: 112 30 W
TEMPERATURE IN F: :PCPN: SNOW: WIND :SUNSHINE: SKY :PK WND
================================================================================
1 2 3 4 5 6A 6B 7 8 9 10 11 12 13 14 15 16 17 18
12Z AVG MX 2MIN
DY MAX MIN AVG DEP HDD CDD WTR SNW DPTH SPD SPD DIR MIN PSBL S-S WX SPD DR
================================================================================
1 51 46 49 2 16 0 0.57 M M 3.5 12 10 M M 10 1 15 10
2 58 44 51 4 14 0 T M M 3.0 10 270 M M 8 14 280
3 65 41 53 7 12 0 0.00 M M 4.2 13 320 M M 5 17 290
4 71 33 52 6 13 0 0.00 M M 2.8 9 150 M M 0 8 12 260
5 73 34 54 9 11 0 0.00 M M 3.0 9 250 M M 0 14 40
6 66 34 50 5 15 0 0.00 M M 6.2 22 160 M M 0 30 160
7 64 33 49 5 16 0 0.00 M M 5.1 18 160 M M 0 22 160
8 69 32 51 7 14 0 0.00 M M 2.7 9 160 M M 0 11 320
9 69 31 50 6 15 0 0.00 M M 3.6 12 290 M M 0 18 300
10 69 29 49 6 16 0 0.00 M M 5.6 20 260 M M 1 1 32 270
11 62 47 55 12 10 0 T M M 12.9 24 300 M M 3 36 300
12 66 38 52 10 13 0 0.00 M M 8.6 24 300 M M 0 35 300
13 68 28 48 6 17 0 0.00 M M 3.5 13 320 M M 0 18 17 300
14 67 24 46 5 19 0 0.00 M M 3.4 13 310 M M 1 19 300
15 58 32 45 4 20 0 0.00 M M 6.1 20 50 M M 2 31 30
16 66 24 45 5 20 0 0.00 M M 3.4 14 160 M M 0 16 170
17 74 25 50 10 15 0 0.00 M M 3.5 9 140 M M 0 12 270
18 74 24 49 9 16 0 0.00 M M 3.0 9 290 M M 0 13 300
19 72 23 48 9 17 0 0.00 M M 3.8 12 290 M M 0 16 290
20 70 22 46 7 19 0 0.00 M M 4.8 18 320 M M 2 27 270
21 57 44 51 13 14 0 T M M 9.0 18 310 M M 7 37 270
22 44 31 38 0 27 0 0.01 M M 6.7 18 330 M M 10 1 25 330
23 34 29 32 -6 33 0 0.01 M M 11.1 21 330 M M 10 1 26 340
24 42 23 33 -4 32 0 0.00 M M 5.5 16 260 M M 7 26 250
25 42 28 35 -2 30 0 0.01 M M 5.9 22 270 M M 4 1 36 250
26 41 26 34 -2 31 0 T M M 6.0 17 310 M M 8 1 27 310
27 45 22 34 -2 31 0 0.00 M M 5.9 14 240 M M 2 23 220
28 46 16 31 -5 34 0 0.00 M M 3.1 10 180 M M 0 13 210
29 53 20 37 2 28 0 0.00 M M 3.6 12 320 M M 0 17 310
30 49 21 35 0 30 0 0.00 M M 4.7 17 250 M M 5 26 230
31 58 38 48 14 17 0 0.00 M M 8.5 21 240 M M 7 32 230
================================================================================
SM 1843 942 615 0 0.60 M 162.7 M 92
================================================================================
AV 59.5 30.4 5.2 FASTST M M 3 MAX(MPH)
MISC ----> # 24 300 37 270
================================================================================
NOTES:
# LAST OF SEVERAL OCCURRENCES
COLUMN 17 PEAK WIND IN M.P.H.
PRELIMINARY LOCAL CLIMATOLOGICAL DATA (WS FORM: F-6) , PAGE 2
STATION: BUTTE MT
MONTH: OCTOBER
YEAR: 2022
LATITUDE: 45 57 N
LONGITUDE: 112 30 W
[TEMPERATURE DATA] [PRECIPITATION DATA] SYMBOLS USED IN COLUMN 16
AVERAGE MONTHLY: 44.9 TOTAL FOR MONTH: 0.60 1 = FOG OR MIST
DPTR FM NORMAL: 4.3 DPTR FM NORMAL: -0.24 2 = FOG REDUCING VISIBILITY
HIGHEST: 74 ON 18,17 GRTST 24HR 0.59 ON 30- 1 TO 1/4 MILE OR LESS
LOWEST: 16 ON 28 3 = THUNDER
SNOW, ICE PELLETS, HAIL 4 = ICE PELLETS
TOTAL MONTH: M 5 = HAIL
GRTST 24HR M ON M 6 = FREEZING RAIN OR DRIZZLE
GRTST DEPTH: M ON M 7 = DUSTSTORM OR SANDSTORM:
VSBY 1/2 MILE OR LESS
8 = SMOKE OR HAZE
[NO. OF DAYS WITH] [WEATHER - DAYS WITH] 9 = BLOWING SNOW
X = TORNADO
MAX 32 OR BELOW: 0 0.01 INCH OR MORE: 4
MAX 90 OR ABOVE: 0 0.10 INCH OR MORE: 1
MIN 32 OR BELOW: 20 0.50 INCH OR MORE: 1
MIN 0 OR BELOW: 0 1.00 INCH OR MORE: 0
[HDD (BASE 65) ]
TOTAL THIS MO. 615 CLEAR (SCALE 0-3) 20
DPTR FM NORMAL -143 PTCLDY (SCALE 4-7) 7
TOTAL FM JUL 1 919 CLOUDY (SCALE 8-10) 4
DPTR FM NORMAL -422
[CDD (BASE 65) ]
TOTAL THIS MO. 0
DPTR FM NORMAL 0 [PRESSURE DATA]
TOTAL FM JAN 1 177 HIGHEST SLP M ON M
DPTR FM NORMAL 94 LOWEST SLP 29.63 ON 23
[REMARKS]
#FINAL-10-22#