000
CXUS55 KMSO 010900
CF6BTM
PRELIMINARY LOCAL CLIMATOLOGICAL DATA (WS FORM: F-6)
STATION: BUTTE MT
MONTH: JUNE
YEAR: 2022
LATITUDE: 45 57 N
LONGITUDE: 112 30 W
TEMPERATURE IN F: :PCPN: SNOW: WIND :SUNSHINE: SKY :PK WND
================================================================================
1 2 3 4 5 6A 6B 7 8 9 10 11 12 13 14 15 16 17 18
12Z AVG MX 2MIN
DY MAX MIN AVG DEP HDD CDD WTR SNW DPTH SPD SPD DIR MIN PSBL S-S WX SPD DR
================================================================================
1 59 32 46 -6 19 0 T M M 3.8 23 310 M M 6 3 30 320
2 64 40 52 0 13 0 0.12 M M 7.1 21 310 M M 6 13 27 160
3 66 44 55 2 10 0 0.32 M M 4.2 21 270 M M 5 38 32 290
4 64 40 52 -1 13 0 0.27 M M 2.9 18 210 M M 6 1 26 210
5 59 40 50 -3 15 0 0.24 M M 4.1 14 280 M M 5 13 19 280
6 60 44 52 -1 13 0 0.04 M M 6.9 26 290 M M 6 1 37 280
7 64 35 50 -3 15 0 0.00 M M 6.0 16 280 M M 3 22 280
8 59 40 50 -4 15 0 0.05 M M 1.2 9 240 M M 8 14 240
9 74 47 61 7 4 0 0.09 M M 5.0 16 250 M M 3 1 23 280
10 77 50 64 10 1 0 T M M 8.9 21 250 M M 5 37 260
11 61 49 55 1 10 0 0.18 M M 5.0 21 330 M M 10 1 29 270
12 59 42 51 -3 14 0 0.10 M M 4.9 16 160 M M 6 1 23 160
13 56 41 49 -6 16 0 0.03 M M 9.6 22 280 M M 9 34 300
14 50 41 46 -9 19 0 T M M 14.4 25 240 M M 9 41 280
15 69 43 56 1 9 0 0.00 M M 8.2 18 320 M M 5 25 320
16 84 37 61 5 4 0 0.00 M M 10.5 28 170 M M 0 38 180
17 89 58 74 18 0 9 0.00 M M 17.1 40 180 M M 0 52 160
18 80 51 66 10 0 1 0.00 M M 10.0 35 200 M M 3 47 210
19 62 44 53 -3 12 0 0.23 M M 10.3 22 340 M M 9 13 30 270
20 58 43 51 -5 14 0 0.14 M M 5.9 23 330 M M 8 33 280
21 69 36 53 -4 12 0 0.00 M M 4.1 10 160 M M 2 16 260
22 79 39 59 2 6 0 0.00 M M 5.3 16 230 M M 0 24 280
23 81 42 62 5 3 0 0.00 M M 8.4 28 260 M M 1 8 39 270
24 67 42 55 -3 10 0 0.00 M M 10.0 25 340 M M 2 37 360
25 67 32 50 -8 15 0 0.00 M M 6.1 18 100 M M 0 27 100
26 80 42 61 3 4 0 0.00 M M 5.0 14 330 M M 0 18 340
27 87 40 64 5 1 0 0.00 M M 5.6 22 270 M M 0 41 270
28 86 45 66 7 0 1 0.04 M M 9.1 33 220 M M 1 3 53 220
29 76 45 61 2 4 0 0.00 M M 9.6 24 290 M M 0 34 300
30 77 37 57 -3 8 0 0.00 M M 5.6 14 310 M M 0 20 40
================================================================================
SM 2083 1261 279 11 1.85 M 214.8 M 118
================================================================================
AV 69.4 42.0 7.2 FASTST M M 4 MAX(MPH)
MISC ----> 40 180 53 220
================================================================================
NOTES:
# LAST OF SEVERAL OCCURRENCES
COLUMN 17 PEAK WIND IN M.P.H.
PRELIMINARY LOCAL CLIMATOLOGICAL DATA (WS FORM: F-6) , PAGE 2
STATION: BUTTE MT
MONTH: JUNE
YEAR: 2022
LATITUDE: 45 57 N
LONGITUDE: 112 30 W
[TEMPERATURE DATA] [PRECIPITATION DATA] SYMBOLS USED IN COLUMN 16
AVERAGE MONTHLY: 55.7 TOTAL FOR MONTH: 1.85 1 = FOG OR MIST
DPTR FM NORMAL: 0.2 DPTR FM NORMAL: -0.60 2 = FOG REDUCING VISIBILITY
HIGHEST: 89 ON 17 GRTST 24HR 0.49 ON 4- 5 TO 1/4 MILE OR LESS
LOWEST: 32 ON 25, 1 3 = THUNDER
SNOW, ICE PELLETS, HAIL 4 = ICE PELLETS
TOTAL MONTH: M 5 = HAIL
GRTST 24HR M ON M 6 = FREEZING RAIN OR DRIZZLE
GRTST DEPTH: M ON M 7 = DUSTSTORM OR SANDSTORM:
VSBY 1/2 MILE OR LESS
8 = SMOKE OR HAZE
[NO. OF DAYS WITH] [WEATHER - DAYS WITH] 9 = BLOWING SNOW
X = TORNADO
MAX 32 OR BELOW: 0 0.01 INCH OR MORE: 13
MAX 90 OR ABOVE: 0 0.10 INCH OR MORE: 8
MIN 32 OR BELOW: 2 0.50 INCH OR MORE: 0
MIN 0 OR BELOW: 0 1.00 INCH OR MORE: 0
[HDD (BASE 65) ]
TOTAL THIS MO. 279 CLEAR (SCALE 0-3) 15
DPTR FM NORMAL -11 PTCLDY (SCALE 4-7) 10
TOTAL FM JUL 1 8691 CLOUDY (SCALE 8-10) 5
DPTR FM NORMAL -436
[CDD (BASE 65) ]
TOTAL THIS MO. 11
DPTR FM NORMAL 5 [PRESSURE DATA]
TOTAL FM JAN 1 11 HIGHEST SLP M ON M
DPTR FM NORMAL 5 LOWEST SLP 29.44 ON 17
[REMARKS]
#FINAL-06-22#