000
CXUS55 KMSO 010900
CF6BTM
PRELIMINARY LOCAL CLIMATOLOGICAL DATA (WS FORM: F-6)
STATION: BUTTE MT
MONTH: MAY
YEAR: 2022
LATITUDE: 45 57 N
LONGITUDE: 112 30 W
TEMPERATURE IN F: :PCPN: SNOW: WIND :SUNSHINE: SKY :PK WND
================================================================================
1 2 3 4 5 6A 6B 7 8 9 10 11 12 13 14 15 16 17 18
12Z AVG MX 2MIN
DY MAX MIN AVG DEP HDD CDD WTR SNW DPTH SPD SPD DIR MIN PSBL S-S WX SPD DR
================================================================================
1 47 37 42 -1 23 0 0.00 M M 4.4 16 170 M M 10 20 170
2 58 28 43 0 22 0 T M M 5.9 33 150 M M 4 40 150
3 57 35 46 3 19 0 T M M 7.9 20 20 M M 8 29 40
4 66 28 47 3 18 0 0.00 M M 4.4 15 350 M M 1 22 360
5 66 31 49 5 16 0 T M M 9.4 29 190 M M 1 41 200
6 64 40 52 8 13 0 T M M 9.6 24 210 M M 6 40 220
7 48 32 40 -5 25 0 0.18 M M 8.2 29 280 M M 8 1 44 250
8 42 30 36 -9 29 0 0.03 M M 5.1 16 320 M M 9 128 24 300
9 43 22 33 -12 32 0 0.00 M M 5.8 21 180 M M 2 26 180
10 45 21 33 -13 32 0 0.00 M M 4.7 15 220 M M 2 8 22 200
11 56 20 38 -8 27 0 T M M 4.8 22 290 M M 2 32 290
12 52 29 41 -5 24 0 0.00 M M 7.2 23 280 M M 7 32 290
13 49 29 39 -8 26 0 T M M 10.8 32 290 M M 5 1 54 290
14 54 26 40 -7 25 0 T M M 4.8 22 330 M M 7 31 330
15 71 30 51 3 14 0 T M M 5.6 20 320 M M 2 33 310
16 70 44 57 9 8 0 0.02 M M 8.1 26 290 M M 5 3 37 290
17 67 36 52 4 13 0 0.00 M M 7.9 23 290 M M 1 8 35 300
18 61 30 46 -2 19 0 0.01 M M 8.6 23 250 M M 6 34 220
19 46 31 39 -10 26 0 T M M 16.0 29 330 M M 8 1 42 290
20 47 30 39 -10 26 0 M M M 7.7 22 20 M M 8 18 29 10
21 50 28 39 -10 26 0 0.00 M M 7.9 22 120 M M 8 31 140
22 50 31 41 -9 24 0 T M M 7.0 22 300 M M 7 29 320
23 56 22 39 -11 26 0 0.00 M M 3.8 13 330 M M 7 19 310
24 59 27 43 -7 22 0 0.00 M M 5.8 16 280 M M 4 22 280
25 70 40 55 5 10 0 0.00 M M 9.3 23 300 M M 5 35 280
26 76 33 55 4 10 0 0.00 M M 6.4 30 200 M M 2 43 200
27 66 50 58 7 7 0 0.13 M M 7.2 22 290 M M 7 1 32 240
28 57 43 50 -1 15 0 0.26 M M 6.2 18 280 M M 9 1 25 270
29 47 36 42 -10 23 0 0.81 M M 6.1 17 290 M M 10 1 23 290
30 45 41 43 -9 22 0 0.17 M M 8.5 20 330 M M 10 31 20
31 53 39 46 -6 19 0 T M M 5.5 16 330 M M 9 8 22 20
================================================================================
SM 1738 999 641 0 1.61 M 220.6 M 180
================================================================================
AV 56.1 32.2 7.1 FASTST M M 6 MAX(MPH)
MISC ----> 33 150 54 290
================================================================================
NOTES:
# LAST OF SEVERAL OCCURRENCES
COLUMN 17 PEAK WIND IN M.P.H.
PRELIMINARY LOCAL CLIMATOLOGICAL DATA (WS FORM: F-6) , PAGE 2
STATION: BUTTE MT
MONTH: MAY
YEAR: 2022
LATITUDE: 45 57 N
LONGITUDE: 112 30 W
[TEMPERATURE DATA] [PRECIPITATION DATA] SYMBOLS USED IN COLUMN 16
AVERAGE MONTHLY: 44.1 TOTAL FOR MONTH: 1.61 1 = FOG OR MIST
DPTR FM NORMAL: -3.5 DPTR FM NORMAL: -0.41 2 = FOG REDUCING VISIBILITY
HIGHEST: 76 ON 26 GRTST 24HR 1.04 ON 28-29 TO 1/4 MILE OR LESS
LOWEST: 20 ON 11 3 = THUNDER
SNOW, ICE PELLETS, HAIL 4 = ICE PELLETS
TOTAL MONTH: M 5 = HAIL
GRTST 24HR M ON M 6 = FREEZING RAIN OR DRIZZLE
GRTST DEPTH: M ON M 7 = DUSTSTORM OR SANDSTORM:
VSBY 1/2 MILE OR LESS
8 = SMOKE OR HAZE
[NO. OF DAYS WITH] [WEATHER - DAYS WITH] 9 = BLOWING SNOW
X = TORNADO
MAX 32 OR BELOW: 0 0.01 INCH OR MORE: 8
MAX 90 OR ABOVE: 0 0.10 INCH OR MORE: 5
MIN 32 OR BELOW: 19 0.50 INCH OR MORE: 1
MIN 0 OR BELOW: 0 1.00 INCH OR MORE: 0
[HDD (BASE 65) ]
TOTAL THIS MO. 641 CLEAR (SCALE 0-3) 8
DPTR FM NORMAL 103 PTCLDY (SCALE 4-7) 16
TOTAL FM JUL 1 8412 CLOUDY (SCALE 8-10) 7
DPTR FM NORMAL -425
[CDD (BASE 65) ]
TOTAL THIS MO. 0
DPTR FM NORMAL 0 [PRESSURE DATA]
TOTAL FM JAN 1 0 HIGHEST SLP M ON M
DPTR FM NORMAL 0 LOWEST SLP 29.44 ON 7
[REMARKS]
#FINAL-05-22#