000
CXUS55 KMSO 012050
CF6BTM
PRELIMINARY LOCAL CLIMATOLOGICAL DATA (WS FORM: F-6)
STATION: BUTTE MT
MONTH: FEBRUARY
YEAR: 2022
LATITUDE: 45 57 N
LONGITUDE: 112 30 W
TEMPERATURE IN F: :PCPN: SNOW: WIND :SUNSHINE: SKY :PK WND
================================================================================
1 2 3 4 5 6A 6B 7 8 9 10 11 12 13 14 15 16 17 18
12Z AVG MX 2MIN
DY MAX MIN AVG DEP HDD CDD WTR SNW DPTH SPD SPD DIR MIN PSBL S-S WX SPD DR
================================================================================
1 22 0 11 -9 54 0 T M M 3.6 18 260 M M 8 18 27 260
2 3 -17 -7 -27 72 0 T M M 2.3 10 270 M M 6 8 13 270
3 28 -3 13 -8 52 0 T M M 2.2 10 270 M M 9 8 14 270
4 40 12 26 5 39 0 0.00 M M 4.5 17 240 M M 5 28 230
5 38 28 33 12 32 0 T M M 12.7 24 300 M M 7 36 290
6 42 7 25 4 40 0 0.00 M M 3.1 16 320 M M 1 22 320
7 51 5 28 7 37 0 0.00 M M 6.3 26 310 M M 1 43 310
8 41 19 30 9 35 0 0.00 M M 6.0 22 310 M M 4 30 310
9 44 34 39 18 26 0 0.00 M M 8.0 22 320 M M 10 28 310
10 51 36 44 23 21 0 0.00 M M 9.6 28 300 M M 1 41 290
11 41 12 27 6 38 0 0.00 M M 8.6 24 30 M M 1 33 30
12 45 8 27 6 38 0 0.00 M M 2.7 10 310 M M 0 13 300
13 52 11 32 11 33 0 0.00 M M 1.5 7 150 M M 0 8 120
14 50 20 35 13 30 0 T M M 3.8 16 270 M M 5 1 24 270
15 36 28 32 10 33 0 T M M 7.9 20 330 M M 9 18 25 330
16 29 18 24 2 41 0 T M M 5.3 20 20 M M 10 12 29 310
17 41 13 27 5 38 0 T M M 5.9 21 330 M M 8 25 290
18 45 33 39 17 26 0 0.00 M M 9.2 20 310 M M 6 28 270
19 49 26 38 15 27 0 0.00 M M 8.6 24 260 M M 3 38 240
20 40 21 31 8 34 0 T M M 5.5 21 300 M M 7 12 35 190
21 21 -8 7 -16 58 0 0.02 M M 6.1 18 150 M M 10 18 24 160
22 -1 -17 -9 -33 74 0 T M M 6.2 20 150 M M 5 8 25 150
23 11 -23 -6 -30 71 0 0.00 M M 3.2 10 300 M M 0 13 290
24 16 -9 4 -20 61 0 T M M 2.7 10 300 M M 6 18 14 270
25 25 -15 5 -19 60 0 0.00 M M 3.1 10 300 M M 0 14 300
26 32 -9 12 -13 53 0 0.00 M M 2.1 8 170 M M 0 10 160
27 44 -4 20 -5 45 0 0.00 M M 3.8 12 270 M M 5 18 280
28 48 31 40 14 25 0 T M M 6.9 20 260 M M 9 32 260
================================================================================
SM 984 257 1193 0 0.02 M 151.4 M 136
================================================================================
AV 35.1 9.2 5.4 FASTST M M 5 MAX(MPH)
MISC ----> 28 300 43 310
================================================================================
NOTES:
# LAST OF SEVERAL OCCURRENCES
COLUMN 17 PEAK WIND IN M.P.H.
PRELIMINARY LOCAL CLIMATOLOGICAL DATA (WS FORM: F-6) , PAGE 2
STATION: BUTTE MT
MONTH: FEBRUARY
YEAR: 2022
LATITUDE: 45 57 N
LONGITUDE: 112 30 W
[TEMPERATURE DATA] [PRECIPITATION DATA] SYMBOLS USED IN COLUMN 16
AVERAGE MONTHLY: 22.2 TOTAL FOR MONTH: 0.02 1 = FOG OR MIST
DPTR FM NORMAL: 0.0 DPTR FM NORMAL: -0.41 2 = FOG REDUCING VISIBILITY
HIGHEST: 52 ON 13 GRTST 24HR 0.02 ON 20-21 TO 1/4 MILE OR LESS
LOWEST: -23 ON 23 3 = THUNDER
SNOW, ICE PELLETS, HAIL 4 = ICE PELLETS
TOTAL MONTH: M 5 = HAIL
GRTST 24HR M ON M 6 = FREEZING RAIN OR DRIZZLE
GRTST DEPTH: M ON M 7 = DUSTSTORM OR SANDSTORM:
VSBY 1/2 MILE OR LESS
8 = SMOKE OR HAZE
[NO. OF DAYS WITH] [WEATHER - DAYS WITH] 9 = BLOWING SNOW
X = TORNADO
MAX 32 OR BELOW: 10 0.01 INCH OR MORE: 1
MAX 90 OR ABOVE: 0 0.10 INCH OR MORE: 0
MIN 32 OR BELOW: 25 0.50 INCH OR MORE: 0
MIN 0 OR BELOW: 10 1.00 INCH OR MORE: 0
[HDD (BASE 65) ]
TOTAL THIS MO. 1193 CLEAR (SCALE 0-3) 10
DPTR FM NORMAL -5 PTCLDY (SCALE 4-7) 11
TOTAL FM JUL 1 5878 CLOUDY (SCALE 8-10) 7
DPTR FM NORMAL -595
[CDD (BASE 65) ]
TOTAL THIS MO. 0
DPTR FM NORMAL 0 [PRESSURE DATA]
TOTAL FM JAN 1 0 HIGHEST SLP 30.69 ON 26
DPTR FM NORMAL 0 LOWEST SLP 29.57 ON 20
[REMARKS]
#FINAL-02-22#