000
CXUS55 KMSO 011801
CF6BTM
PRELIMINARY LOCAL CLIMATOLOGICAL DATA (WS FORM: F-6)
STATION: BUTTE MT
MONTH: NOVEMBER
YEAR: 2021
LATITUDE: 45 57 N
LONGITUDE: 112 30 W
TEMPERATURE IN F: :PCPN: SNOW: WIND :SUNSHINE: SKY :PK WND
================================================================================
1 2 3 4 5 6A 6B 7 8 9 10 11 12 13 14 15 16 17 18
12Z AVG MX 2MIN
DY MAX MIN AVG DEP HDD CDD WTR SNW DPTH SPD SPD DIR MIN PSBL S-S WX SPD DR
================================================================================
1 44 20 32 -2 33 0 0.00 M M 4.7 17 170 M M 0 20 160
2 48 22 35 1 30 0 T M M 2.8 16 300 M M 6 21 310
3 58 21 40 7 25 0 0.00 M M 1.9 7 120 M M 4 12 8 180
4 61 27 44 11 21 0 0.19 M M 5.0 25 270 M M 3 18 40 270
5 56 37 47 15 18 0 0.00 M M 7.9 18 170 M M 3 8 23 180
6 50 32 41 9 24 0 T M M 6.8 21 310 M M 6 31 220
7 39 18 29 -2 36 0 T M M 4.8 17 280 M M 5 26 300
8 42 11 27 -4 38 0 0.00 M M 2.8 10 200 M M 0 14 190
9 47 15 31 0 34 0 T M M 4.9 21 320 M M 7 30 320
10 38 19 29 -1 36 0 0.00 M M 8.0 24 260 M M 6 37 250
11 33 12 23 -7 42 0 0.01 M M 2.1 8 320 M M 6 1 9 320
12 55 23 39 10 26 0 T M M 6.2 21 250 M M 10 6 34 270
13 51 36 44 15 21 0 0.00 M M 8.6 24 250 M M 7 39 240
14 60 46 53 25 12 0 T M M 13.4 25 240 M M 4 37 240
15 63 45 54 26 11 0 0.00 M M 10.7 36 240 M M 0 59 230
16 45 21 33 5 32 0 0.01 M M 13.9 30 310 M M 6 45 270
17 31 2 17 -10 48 0 T M M 3.0 8 330 M M 1 18 12 340
18 38 9 24 -3 41 0 0.00 M M 1.6 8 130 M M 3 10 20
19 47 25 36 10 29 0 0.01 M M 4.1 17 230 M M 10 1 28 240
20 38 18 28 2 37 0 T M M 6.8 20 310 M M 3 1 27 290
21 47 14 31 5 34 0 0.00 M M 3.0 12 10 M M 0 15 260
22 54 17 36 11 29 0 0.00 M M 3.5 10 180 M M 1 13 180
23 38 10 24 -1 41 0 T M M 4.1 17 320 M M 6 1 27 310
24 37 19 28 4 37 0 T M M 4.9 18 300 M M 4 26 300
25 51 22 37 13 28 0 0.00 M M 5.8 15 240 M M 6 25 240
26 49 33 41 17 24 0 0.00 M M 6.5 22 260 M M 6 40 230
27 49 30 40 17 25 0 0.00 M M 3.2 13 240 M M 6 21 210
28 60 43 52 29 13 0 0.00 M M 10.0 22 270 M M 2 35 270
29 51 31 41 19 24 0 0.06 M M 5.2 28 330 M M 6 1 33 320
30 50 28 39 17 26 0 0.00 M M 7.0 23 250 M M 4 36 230
================================================================================
SM 1430 706 875 0 0.28 M 173.2 M 131
================================================================================
AV 47.7 23.5 5.8 FASTST M M 4 MAX(MPH)
MISC ----> 36 240 59 230
================================================================================
NOTES:
# LAST OF SEVERAL OCCURRENCES
COLUMN 17 PEAK WIND IN M.P.H.
PRELIMINARY LOCAL CLIMATOLOGICAL DATA (WS FORM: F-6) , PAGE 2
STATION: BUTTE MT
MONTH: NOVEMBER
YEAR: 2021
LATITUDE: 45 57 N
LONGITUDE: 112 30 W
[TEMPERATURE DATA] [PRECIPITATION DATA] SYMBOLS USED IN COLUMN 16
AVERAGE MONTHLY: 35.6 TOTAL FOR MONTH: 0.28 1 = FOG OR MIST
DPTR FM NORMAL: 7.8 DPTR FM NORMAL: -0.32 2 = FOG REDUCING VISIBILITY
HIGHEST: 63 ON 15 GRTST 24HR 0.19 ON 4- 4 TO 1/4 MILE OR LESS
LOWEST: 2 ON 17 3 = THUNDER
SNOW, ICE PELLETS, HAIL 4 = ICE PELLETS
TOTAL MONTH: M 5 = HAIL
GRTST 24HR M ON M 6 = FREEZING RAIN OR DRIZZLE
GRTST DEPTH: M ON M 7 = DUSTSTORM OR SANDSTORM:
VSBY 1/2 MILE OR LESS
8 = SMOKE OR HAZE
[NO. OF DAYS WITH] [WEATHER - DAYS WITH] 9 = BLOWING SNOW
X = TORNADO
MAX 32 OR BELOW: 1 0.01 INCH OR MORE: 5
MAX 90 OR ABOVE: 0 0.10 INCH OR MORE: 1
MIN 32 OR BELOW: 24 0.50 INCH OR MORE: 0
MIN 0 OR BELOW: 0 1.00 INCH OR MORE: 0
[HDD (BASE 65) ]
TOTAL THIS MO. 875 CLEAR (SCALE 0-3) 10
DPTR FM NORMAL -239 PTCLDY (SCALE 4-7) 18
TOTAL FM JUL 1 2026 CLOUDY (SCALE 8-10) 2
DPTR FM NORMAL -430
[CDD (BASE 65) ]
TOTAL THIS MO. 0
DPTR FM NORMAL 0 [PRESSURE DATA]
TOTAL FM JAN 1 190 HIGHEST SLP 30.60 ON 21
DPTR FM NORMAL 107 LOWEST SLP 29.45 ON 15
[REMARKS]
#FINAL-11-21#