000
CXUS55 KMSO 301000
CF6BTM
PRELIMINARY LOCAL CLIMATOLOGICAL DATA (WS FORM: F-6)
STATION: BUTTE MT
MONTH: NOVEMBER
YEAR: 2023
LATITUDE: 45 57 N
LONGITUDE: 112 30 W
TEMPERATURE IN F: :PCPN: SNOW: WIND :SUNSHINE: SKY :PK WND
================================================================================
1 2 3 4 5 6A 6B 7 8 9 10 11 12 13 14 15 16 17 18
12Z AVG MX 2MIN
DY MAX MIN AVG DEP HDD CDD WTR SNW DPTH SPD SPD DIR MIN PSBL S-S WX SPD DR
================================================================================
1 50 14 32 -2 33 0 0.00 M M 2.7 8 340 M M 0 10 10
2 50 31 41 7 24 0 0.04 M M 5.8 15 250 M M 10 1 23 250
3 51 28 40 7 25 0 T M M 4.3 14 240 M M 5 24 240
4 51 23 37 4 28 0 T M M 2.4 10 140 M M 7 17 210
5 49 31 40 8 25 0 0.07 M M 5.3 16 270 M M 8 24 240
6 51 30 41 9 24 0 0.14 M M 3.1 25 190 M M 8 32 200
7 43 29 36 5 29 0 T M M 6.9 18 250 M M 6 1 31 240
8 41 23 32 1 33 0 0.02 M M 6.8 17 320 M M 4 1 25 320
9 45 17 31 0 34 0 0.00 M M 3.0 13 240 M M 0 20 200
10 40 23 32 2 33 0 T M M 3.2 16 320 M M 7 8 23 230
11 49 27 38 8 27 0 0.00 0.0 0 7.2 22 220 M M 6 8 33 220
12 51 29 40 11 25 0 0.00 M M 4.9 15 200 M M 0 23 280
13 54 28 41 12 24 0 0.00 M M 3.6 14 180 M M 0 8 20 210
14 50 22 36 8 29 0 0.00 M M 2.8 13 240 M M 3 18 20 220
15 57 26 42 14 23 0 0.00 M M 7.4 22 260 M M 5 43 230
16 49 26 38 10 27 0 0.00 M M 6.4 20 260 M M 4 28 280
17 52 19 36 9 29 0 0.00 M M 3.2 10 300 M M 0 18 13 300
18 51 15 33 6 32 0 0.00 M M 2.8 8 160 M M 1 13 230
19 39 21 30 4 35 0 0.01 M M 8.1 28 320 M M 6 1 38 320
20 40 20 30 4 35 0 0.00 M M 6.9 15 310 M M 5 8 19 300
21 45 16 31 5 34 0 0.00 M M 2.0 7 180 M M 0 1 8 150
22 45 24 35 10 30 0 0.00 M M 5.7 18 310 M M 6 8 26 320
23 31 22 27 2 38 0 0.01 M M 3.9 16 10 M M 9 1 28 30
24 23 17 20 -4 45 0 T M M 3.8 10 300 M M 10 8 14 30
25 30 4 17 -7 48 0 0.00 M M 1.7 8 160 M M 2 8 11 310
26 37 6 22 -2 43 0 0.00 M M 3.6 10 290 M M 2 18 16 340
27 43 6 25 2 40 0 0.00 M M 2.0 9 330 M M 0 18 12 340
28 45 4 25 2 40 0 0.00 M M 1.4 8 160 M M 0 10 160
29 42 6 24 2 41 0 0.00 M M 2.7 14 340 M M 1 19 350
================================================================================
SM 1304 587 933 0 0.29 0.0 123.6 M 115
================================================================================
AV 45.0 20.2 4.3 FASTST M M 4 MAX(MPH)
MISC ----> 28 320 43 230
================================================================================
NOTES:
# LAST OF SEVERAL OCCURRENCES
COLUMN 17 PEAK WIND IN M.P.H.
PRELIMINARY LOCAL CLIMATOLOGICAL DATA (WS FORM: F-6) , PAGE 2
STATION: BUTTE MT
MONTH: NOVEMBER
YEAR: 2023
LATITUDE: 45 57 N
LONGITUDE: 112 30 W
[TEMPERATURE DATA] [PRECIPITATION DATA] SYMBOLS USED IN COLUMN 16
AVERAGE MONTHLY: 32.6 TOTAL FOR MONTH: 0.29 1 = FOG OR MIST
DPTR FM NORMAL: 4.5 DPTR FM NORMAL: -0.29 2 = FOG REDUCING VISIBILITY
HIGHEST: 57 ON 15 GRTST 24HR 0.14 ON 6- 6 TO 1/4 MILE OR LESS
LOWEST: 4 ON 28,25 3 = THUNDER
SNOW, ICE PELLETS, HAIL 4 = ICE PELLETS
TOTAL MONTH: 0.0 INCH 5 = HAIL
GRTST 24HR 0.0 6 = FREEZING RAIN OR DRIZZLE
GRTST DEPTH: 0 7 = DUSTSTORM OR SANDSTORM:
VSBY 1/2 MILE OR LESS
8 = SMOKE OR HAZE
[NO. OF DAYS WITH] [WEATHER - DAYS WITH] 9 = BLOWING SNOW
X = TORNADO
MAX 32 OR BELOW: 3 0.01 INCH OR MORE: 6
MAX 90 OR ABOVE: 0 0.10 INCH OR MORE: 1
MIN 32 OR BELOW: 29 0.50 INCH OR MORE: 0
MIN 0 OR BELOW: 0 1.00 INCH OR MORE: 0
[HDD (BASE 65) ]
TOTAL THIS MO. 933 CLEAR (SCALE 0-3) 13
DPTR FM NORMAL -139 PTCLDY (SCALE 4-7) 12
TOTAL FM JUL 1 2128 CLOUDY (SCALE 8-10) 4
DPTR FM NORMAL -285
[CDD (BASE 65) ]
TOTAL THIS MO. 0
DPTR FM NORMAL 0 [PRESSURE DATA]
TOTAL FM JAN 1 73 HIGHEST SLP M ON M
DPTR FM NORMAL -10 LOWEST SLP 29.60 ON 6
[REMARKS]