000
CXUS56 KTFX 220802
CF6BZN
PRELIMINARY LOCAL CLIMATOLOGICAL DATA (WS FORM: F-6)
STATION: BOZEMAN/GALLATIN FIELD MT
MONTH: FEBRUARY
YEAR: 2023
LATITUDE: 45 46 N
LONGITUDE: 111 9 W
TEMPERATURE IN F: :PCPN: SNOW: WIND :SUNSHINE: SKY :PK WND
================================================================================
1 2 3 4 5 6A 6B 7 8 9 10 11 12 13 14 15 16 17 18
12Z AVG MX 2MIN
DY MAX MIN AVG DEP HDD CDD WTR SNW DPTH SPD SPD DIR MIN PSBL S-S WX SPD DR
================================================================================
1 33 11 22 0 43 0 0.00 0.0 12 2.3 13 10 M M 8 19 360
2 28 5 17 -5 48 0 0.00 0.0 12 3.2 13 140 M M 1 1 15 130
3 42 3 23 1 42 0 0.00 0.0 12 5.2 15 230 M M 1 21 220
4 43 25 34 12 31 0 0.00 0.0 10 8.6 20 240 M M 7 30 260
5 38 18 28 6 37 0 0.00 0.0 9 4.7 17 240 M M 8 26 240
6 43 31 37 15 28 0 T T 9 6.6 17 260 M M 10 27 250
7 45 26 36 13 29 0 0.00 0.0 9 3.9 18 230 M M 5 28 220
8 39 24 32 9 33 0 0.01 0.5 10 10.1 31 310 M M 8 18 40 300
9 33 7 20 -3 45 0 0.00 0.0 9 4.7 12 20 M M 2 12 20
10 34 5 20 -3 45 0 0.00 0.0 9 3.0 9 140 M M 0 9 170
11 36 9 23 0 42 0 0.00 0.0 7 M M 150 M M 0 M 150
12 35 3 19 -4 46 0 0.00 0.0 6 3.8 10 150 M M 0 12 210
13 45 13 29 6 36 0 0.03 1.0 6 7.1 31 310 M M 3 1 36 300
14 28 5 17 -7 48 0 0.04 2.5 8 10.1 28 360 M M 8 1 34 360
15 16 -12 2 -22 63 0 0.00 0.0 10 2.9 9 150 M M 0 10 140
16 23 -7 8 -16 57 0 0.00 0.0 10 2.6 8 190 M M 0 10 190
17 29 -3 13 -11 52 0 0.00 0.0 10 2.8 9 180 M M 3 10 190
18 36 17 27 3 38 0 T 0.5 9 7.1 23 250 M M 10 18 30 240
19 38 19 29 4 36 0 0.01 T 9 6.8 20 220 M M 10 1 27 240
20 44 33 39 14 26 0 T 0.2 9 9.2 24 230 M M 9 37 220
21 44 7 26 1 39 0 0.07 1.5 6 11.7 30 280 M M 9 128 41 290
22 8 -7 1 -25 64 0 T 0.5 8 10.0 24 70 M M 10 18 34 340
23 -1 -13 -7 -33 72 0 T T 7 4.3 14 150 M M 6 18 16 150
24 4 -16 -6 -32 71 0 T 0.0 7 2.1 10 340 M M 1 12 360
25 42 -4 19 -8 46 0 0.00 0.0 7 4.0 12 140 M M 1 13 140
26 48 12 30 3 35 0 0.00 0.0 6 9.0 35 240 M M 4 43 250
27 35 14 25 -2 40 0 T 0.3 7 6.1 20 150 M M 3 1 26 320
28 36 15 26 -2 39 0 0.00 0.0 6 9.4 24 260 M M 3 36 240
================================================================================
SM 924 240 1231 0 0.16 7.0 161.3 M 130
================================================================================
AV 33.0 8.6 6.0 FASTST M M 5 MAX(MPH)
MISC ----> 35 240 43 250
================================================================================
NOTES:
# LAST OF SEVERAL OCCURRENCES
COLUMN 17 PEAK WIND IN M.P.H.
PRELIMINARY LOCAL CLIMATOLOGICAL DATA (WS FORM: F-6) , PAGE 2
STATION: BOZEMAN/GALLATIN FIELD MT
MONTH: FEBRUARY
YEAR: 2023
LATITUDE: 45 46 N
LONGITUDE: 111 9 W
[TEMPERATURE DATA] [PRECIPITATION DATA] SYMBOLS USED IN COLUMN 16
AVERAGE MONTHLY: 20.8 TOTAL FOR MONTH: 0.16 1 = FOG OR MIST
DPTR FM NORMAL: -3.4 DPTR FM NORMAL: -0.26 2 = FOG REDUCING VISIBILITY
HIGHEST: 48 ON 26 GRTST 24HR 0.07 ON 13-14 TO 1/4 MILE OR LESS
LOWEST: -16 ON 24 3 = THUNDER
SNOW, ICE PELLETS, HAIL 4 = ICE PELLETS
TOTAL MONTH: 7.0 INCHES 5 = HAIL
GRTST 24HR 2.5 ON 14-14 6 = FREEZING RAIN OR DRIZZLE
GRTST DEPTH: 12 ON 3, 2 7 = DUSTSTORM OR SANDSTORM:
VSBY 1/2 MILE OR LESS
8 = SMOKE OR HAZE
[NO. OF DAYS WITH] [WEATHER - DAYS WITH] 9 = BLOWING SNOW
X = TORNADO
MAX 32 OR BELOW: 8 0.01 INCH OR MORE: 5
MAX 90 OR ABOVE: 0 0.10 INCH OR MORE: 0
MIN 32 OR BELOW: 27 0.50 INCH OR MORE: 0
MIN 0 OR BELOW: 7 1.00 INCH OR MORE: 0
[HDD (BASE 65) ]
TOTAL THIS MO. 1231 CLEAR (SCALE 0-3) 12
DPTR FM NORMAL 87 PTCLDY (SCALE 4-7) 9
TOTAL FM JUL 1 6432 CLOUDY (SCALE 8-10) 7
DPTR FM NORMAL 456
[CDD (BASE 65) ]
TOTAL THIS MO. 0
DPTR FM NORMAL 0 [PRESSURE DATA]
TOTAL FM JAN 1 0 HIGHEST SLP 30.68 ON 9
DPTR FM NORMAL 0 LOWEST SLP 29.24 ON 21
[REMARKS]
#FINAL-02-23#